
--
-- Table structure for table `jamf_computers`
--

CREATE TABLE `jamf_computers` (
  `id` bigint unsigned NOT NULL AUTO_INCREMENT,
  `user_id` int DEFAULT NULL,
  `location_id` int DEFAULT NULL,
  `user_name` varchar(191) CHARACTER SET utf8mb4 COLLATE utf8mb4_unicode_ci DEFAULT NULL,
  `asset_id` int DEFAULT NULL,
  `jamf_email` varchar(191) CHARACTER SET utf8mb4 COLLATE utf8mb4_unicode_ci DEFAULT NULL,
  `serial_no` varchar(191) CHARACTER SET utf8mb4 COLLATE utf8mb4_unicode_ci NOT NULL,
  `jamf_device_id` varchar(191) CHARACTER SET utf8mb4 COLLATE utf8mb4_unicode_ci DEFAULT NULL,
  `name` varchar(191) CHARACTER SET utf8mb4 COLLATE utf8mb4_unicode_ci DEFAULT NULL,
  `ip_address` varchar(45) CHARACTER SET utf8mb4 COLLATE utf8mb4_unicode_ci DEFAULT NULL,
  `os_version` varchar(191) CHARACTER SET utf8mb4 COLLATE utf8mb4_unicode_ci DEFAULT NULL,
  `os_buid` varchar(191) CHARACTER SET utf8mb4 COLLATE utf8mb4_unicode_ci DEFAULT NULL,
  `model` varchar(191) CHARACTER SET utf8mb4 COLLATE utf8mb4_unicode_ci DEFAULT NULL,
  `manufacturer` varchar(191) CHARACTER SET utf8mb4 COLLATE utf8mb4_unicode_ci DEFAULT NULL,
  `mac_address` varchar(191) CHARACTER SET utf8mb4 COLLATE utf8mb4_unicode_ci DEFAULT NULL,
  `udid` varchar(191) CHARACTER SET utf8mb4 COLLATE utf8mb4_unicode_ci DEFAULT NULL,
  `checkin_date` datetime DEFAULT NULL,
  `hard_drive` varchar(191) CHARACTER SET utf8mb4 COLLATE utf8mb4_unicode_ci DEFAULT NULL,
  `disk_capacity` varchar(191) CHARACTER SET utf8mb4 COLLATE utf8mb4_unicode_ci DEFAULT NULL,
  `ram` varchar(191) CHARACTER SET utf8mb4 COLLATE utf8mb4_unicode_ci DEFAULT NULL,
  `processor` varchar(191) CHARACTER SET utf8mb4 COLLATE utf8mb4_unicode_ci DEFAULT NULL,
  `processor_speed` varchar(191) CHARACTER SET utf8mb4 COLLATE utf8mb4_unicode_ci DEFAULT NULL,
  `processor_type` varchar(191) CHARACTER SET utf8mb4 COLLATE utf8mb4_unicode_ci DEFAULT NULL,
  `device_building` varchar(191) CHARACTER SET utf8mb4 COLLATE utf8mb4_unicode_ci DEFAULT NULL,
  `device_room` varchar(191) CHARACTER SET utf8mb4 COLLATE utf8mb4_unicode_ci DEFAULT NULL,
  `device_type` varchar(191) CHARACTER SET utf8mb4 COLLATE utf8mb4_unicode_ci DEFAULT NULL,
  `inventory_status` varchar(191) CHARACTER SET utf8mb4 COLLATE utf8mb4_unicode_ci DEFAULT NULL,
  `file_vault_status` tinyint DEFAULT NULL,
  `activation_lock` tinyint DEFAULT NULL,
  `api_type` varchar(191) CHARACTER SET utf8mb4 COLLATE utf8mb4_unicode_ci DEFAULT NULL,
  `recovery_lock_password` varchar(191) CHARACTER SET utf8mb4 COLLATE utf8mb4_unicode_ci DEFAULT NULL,
  `file_vault_recovery_key` varchar(191) CHARACTER SET utf8mb4 COLLATE utf8mb4_unicode_ci DEFAULT NULL,
  `activation_lock_bypass_code` varchar(191) CHARACTER SET utf8mb4 COLLATE utf8mb4_unicode_ci DEFAULT NULL,
  `created_at` timestamp NULL DEFAULT NULL,
  `updated_at` timestamp NULL DEFAULT NULL,
  PRIMARY KEY (`id`)
) ENGINE=InnoDB DEFAULT CHARSET=utf8mb4 COLLATE=utf8mb4_unicode_ci;

--
-- Dumping data for table `jamf_computers`
--


--
-- Table structure for table `jobs`
--

CREATE TABLE `jobs` (
  `id` bigint unsigned NOT NULL AUTO_INCREMENT,
  `queue` varchar(191) CHARACTER SET utf8mb4 COLLATE utf8mb4_unicode_ci NOT NULL,
  `payload` longtext CHARACTER SET utf8mb4 COLLATE utf8mb4_unicode_ci NOT NULL,
  `attempts` tinyint unsigned NOT NULL,
  `reserved_at` int unsigned DEFAULT NULL,
  `available_at` int unsigned NOT NULL,
  `created_at` int unsigned NOT NULL,
  PRIMARY KEY (`id`),
  KEY `jobs_queue_index` (`queue`)
) ENGINE=InnoDB AUTO_INCREMENT=1190 DEFAULT CHARSET=utf8mb4 COLLATE=utf8mb4_unicode_ci;

--
-- Dumping data for table `jobs`
--


--
-- Table structure for table `jump_cloud_devices`
--

CREATE TABLE `jump_cloud_devices` (
  `id` bigint unsigned NOT NULL AUTO_INCREMENT,
  `asset_id` int NOT NULL,
  `user_id` int NOT NULL,
  `serial_no` varchar(191) CHARACTER SET utf8mb4 COLLATE utf8mb4_unicode_ci NOT NULL,
  `user_name` varchar(191) CHARACTER SET utf8mb4 COLLATE utf8mb4_unicode_ci DEFAULT NULL,
  `email` varchar(191) CHARACTER SET utf8mb4 COLLATE utf8mb4_unicode_ci DEFAULT NULL,
  `device_id` varchar(191) CHARACTER SET utf8mb4 COLLATE utf8mb4_unicode_ci NOT NULL,
  `device_name` varchar(191) CHARACTER SET utf8mb4 COLLATE utf8mb4_unicode_ci DEFAULT NULL,
  `model` varchar(191) CHARACTER SET utf8mb4 COLLATE utf8mb4_unicode_ci DEFAULT NULL,
  `manufacturer` varchar(191) CHARACTER SET utf8mb4 COLLATE utf8mb4_unicode_ci DEFAULT NULL,
  `platform` varchar(191) CHARACTER SET utf8mb4 COLLATE utf8mb4_unicode_ci DEFAULT NULL,
  `os` varchar(191) CHARACTER SET utf8mb4 COLLATE utf8mb4_unicode_ci DEFAULT NULL,
  `os_version` varchar(191) CHARACTER SET utf8mb4 COLLATE utf8mb4_unicode_ci DEFAULT NULL,
  `ip_address` varchar(45) CHARACTER SET utf8mb4 COLLATE utf8mb4_unicode_ci DEFAULT NULL,
  `ram` varchar(191) CHARACTER SET utf8mb4 COLLATE utf8mb4_unicode_ci DEFAULT NULL,
  `processor_speed` varchar(191) CHARACTER SET utf8mb4 COLLATE utf8mb4_unicode_ci DEFAULT NULL,
  `hard_drive` varchar(191) CHARACTER SET utf8mb4 COLLATE utf8mb4_unicode_ci DEFAULT NULL,
  `disk_capacity` varchar(191) CHARACTER SET utf8mb4 COLLATE utf8mb4_unicode_ci DEFAULT NULL,
  `host_name` varchar(191) CHARACTER SET utf8mb4 COLLATE utf8mb4_unicode_ci DEFAULT NULL,
  `last_seen` datetime DEFAULT NULL,
  `created_at` timestamp NULL DEFAULT NULL,
  `updated_at` timestamp NULL DEFAULT NULL,
  PRIMARY KEY (`id`),
  KEY `jump_cloud_devices_asset_id_index` (`asset_id`),
  KEY `jump_cloud_devices_user_id_index` (`user_id`),
  KEY `jump_cloud_devices_serial_no_index` (`serial_no`),
  KEY `jump_cloud_devices_device_id_index` (`device_id`)
) ENGINE=InnoDB DEFAULT CHARSET=utf8mb4 COLLATE=utf8mb4_unicode_ci;

--
-- Dumping data for table `jump_cloud_devices`
--


--
-- Table structure for table `kandji_devices`
--

CREATE TABLE `kandji_devices` (
  `id` bigint unsigned NOT NULL AUTO_INCREMENT,
  `asset_id` int NOT NULL,
  `user_id` int NOT NULL,
  `serial_no` varchar(191) CHARACTER SET utf8mb4 COLLATE utf8mb4_unicode_ci NOT NULL,
  `asset_tag` varchar(191) CHARACTER SET utf8mb4 COLLATE utf8mb4_unicode_ci DEFAULT NULL,
  `user_name` varchar(191) CHARACTER SET utf8mb4 COLLATE utf8mb4_unicode_ci DEFAULT NULL,
  `email` varchar(191) CHARACTER SET utf8mb4 COLLATE utf8mb4_unicode_ci DEFAULT NULL,
  `device_id` varchar(191) CHARACTER SET utf8mb4 COLLATE utf8mb4_unicode_ci NOT NULL,
  `device_name` varchar(191) CHARACTER SET utf8mb4 COLLATE utf8mb4_unicode_ci DEFAULT NULL,
  `model` varchar(191) CHARACTER SET utf8mb4 COLLATE utf8mb4_unicode_ci DEFAULT NULL,
  `platform` varchar(191) CHARACTER SET utf8mb4 COLLATE utf8mb4_unicode_ci DEFAULT NULL,
  `os` varchar(191) CHARACTER SET utf8mb4 COLLATE utf8mb4_unicode_ci DEFAULT NULL,
  `os_version` varchar(191) CHARACTER SET utf8mb4 COLLATE utf8mb4_unicode_ci DEFAULT NULL,
  `processor_speed` varchar(191) CHARACTER SET utf8mb4 COLLATE utf8mb4_unicode_ci DEFAULT NULL,
  `ram` varchar(191) CHARACTER SET utf8mb4 COLLATE utf8mb4_unicode_ci DEFAULT NULL,
  `disk_capacity` varchar(191) CHARACTER SET utf8mb4 COLLATE utf8mb4_unicode_ci DEFAULT NULL,
  `activation_lock` tinyint DEFAULT NULL,
  `last_checkin` datetime DEFAULT NULL,
  `first_enrollment` datetime DEFAULT NULL,
  `last_enrollment` datetime DEFAULT NULL,
  `created_at` timestamp NULL DEFAULT NULL,
  `updated_at` timestamp NULL DEFAULT NULL,
  PRIMARY KEY (`id`),
  KEY `kandji_devices_serial_no_index` (`serial_no`),
  KEY `kandji_devices_asset_tag_index` (`asset_tag`),
  KEY `kandji_devices_user_name_index` (`user_name`),
  KEY `kandji_devices_email_index` (`email`),
  KEY `kandji_devices_device_id_index` (`device_id`)
) ENGINE=InnoDB DEFAULT CHARSET=utf8mb4 COLLATE=utf8mb4_unicode_ci;

--
-- Dumping data for table `kandji_devices`
--


--
-- Table structure for table `location_types`
--

CREATE TABLE `location_types` (
  `id` int unsigned NOT NULL AUTO_INCREMENT,
  `location_type_name` text CHARACTER SET utf8mb4 COLLATE utf8mb4_unicode_ci NOT NULL,
  `created_at` timestamp NULL DEFAULT NULL,
  `updated_at` timestamp NULL DEFAULT NULL,
  PRIMARY KEY (`id`)
) ENGINE=InnoDB AUTO_INCREMENT=9 DEFAULT CHARSET=utf8mb4 COLLATE=utf8mb4_unicode_ci;

--
-- Dumping data for table `location_types`
--

INSERT INTO `location_types` VALUES (1,'Storage','2019-03-10 22:15:15','2021-06-07 04:44:24'),(2,'Install','2019-03-10 22:15:15','2023-09-13 04:17:24'),(4,'Office + Storage','2025-05-21 21:28:22','2025-05-21 21:28:22'),(5,'Office','2025-05-21 21:28:22','2025-05-21 21:28:22'),(6,'Datacenter','2025-05-21 21:28:22','2025-05-21 21:28:22'),(7,'Supplier Storage','2025-05-21 21:28:22','2025-05-21 21:28:22'),(8,'Employee Storage','2025-05-21 21:28:23','2025-05-21 21:28:23');

--
-- Table structure for table `locations`
--

CREATE TABLE `locations` (
  `id` int unsigned NOT NULL AUTO_INCREMENT,
  `resource_id` varchar(191) CHARACTER SET utf8mb4 COLLATE utf8mb4_unicode_ci DEFAULT NULL,
  `site_code_id` int DEFAULT NULL,
  `location_type_id` int NOT NULL,
  `room_name` varchar(191) CHARACTER SET utf8mb4 COLLATE utf8mb4_unicode_ci NOT NULL,
  `address` text CHARACTER SET utf8mb4 COLLATE utf8mb4_unicode_ci NOT NULL,
  `building` varchar(191) CHARACTER SET utf8mb4 COLLATE utf8mb4_unicode_ci DEFAULT NULL,
  `floor` text CHARACTER SET utf8mb4 COLLATE utf8mb4_unicode_ci NOT NULL,
  `room_capacity` int DEFAULT NULL,
  `vc` varchar(191) CHARACTER SET utf8mb4 COLLATE utf8mb4_unicode_ci DEFAULT NULL,
  `city` text CHARACTER SET utf8mb4 COLLATE utf8mb4_unicode_ci NOT NULL,
  `state_id` int NOT NULL,
  `zip` text CHARACTER SET utf8mb4 COLLATE utf8mb4_unicode_ci NOT NULL,
  `region_id` int DEFAULT NULL,
  `country_id` int DEFAULT NULL,
  `status` tinyint(1) NOT NULL,
  `manually_created` int NOT NULL DEFAULT '0',
  `location_email` text CHARACTER SET utf8mb4 COLLATE utf8mb4_unicode_ci,
  `is_freeze` tinyint(1) NOT NULL DEFAULT '0',
  `created_at` timestamp NULL DEFAULT NULL,
  `updated_at` timestamp NULL DEFAULT NULL,
  `zoom` varchar(191) COLLATE utf8mb4_unicode_ci DEFAULT NULL,
  PRIMARY KEY (`id`)
) ENGINE=InnoDB AUTO_INCREMENT=114 DEFAULT CHARSET=utf8mb4 COLLATE=utf8mb4_unicode_ci;

--
-- Dumping data for table `locations`
--

INSERT INTO `locations` VALUES (1,NULL,465,4,'Tribes Amsterdam South Axis FOZ','Gustav Mahlerlaan 308, 1082 ME Amsterdam, Netherlands','','3',NULL,NULL,'Amsterdam',0,'',NULL,98,1,1,NULL,0,'2025-05-21 21:28:22','2025-05-21 21:28:22',NULL),(2,NULL,1751,4,'Tripolis Park','Tripolis Park, Burgerweeshuispad 100, 1076 ES Amsterdam, Netherlands','T100','1',NULL,NULL,'Amsterdam',0,'',NULL,98,1,1,NULL,0,'2025-05-21 21:28:22','2025-05-21 21:28:22',NULL),(3,NULL,390,4,'Alon Tower 1','Yigal Alon 94, Tel Aviv-Jaffa, 6789155, Israel','','39',NULL,NULL,'Tel-Aviv',0,'',NULL,38,1,1,NULL,0,'2025-05-21 21:28:22','2025-05-21 21:28:22',NULL),(4,NULL,869,4,'WeWork Prague','Národní 135/14, 110 00, 110 00 Prague, Czechia','','4',NULL,NULL,'Prague',0,'',NULL,225,1,1,NULL,0,'2025-05-21 21:28:22','2025-05-21 21:28:22',NULL),(5,NULL,1752,4,'Palata \"Beograd\"','Masarikova 5, Belgrade 11000, Serbia',NULL,'23',NULL,NULL,'Belgrade',0,'',NULL,226,1,1,NULL,0,'2025-05-21 21:28:22','2025-05-21 21:52:02',NULL),(6,NULL,NULL,5,'Labs','90 High Holborn, London WC1V 6LJ, United Kingdom','','',NULL,NULL,'London',0,'',NULL,82,1,1,NULL,0,'2025-05-21 21:28:22','2025-05-21 21:28:22',NULL),(7,NULL,NULL,5,'WeWork Kurfürstendamm','Kurfürstendamm 11, 10719 Berlin, Germany','','',NULL,NULL,'Beriln',0,'',NULL,104,1,1,NULL,0,'2025-05-21 21:28:22','2025-05-21 21:28:22',NULL),(8,NULL,1753,6,'DC Mantsala','Moreenikatu 6, MÄNTSÄLÄ 04600, Finland','','',NULL,NULL,'Mäntsälä',0,'',NULL,133,1,1,NULL,0,'2025-05-21 21:28:22','2025-05-21 21:28:22',NULL),(9,NULL,1754,6,'DC Paris','114 Rue Ambroise Croizat, 93200 Saint-Denis, France','Data Center Equinix','',NULL,NULL,'Paris',0,'',NULL,92,1,1,NULL,0,'2025-05-21 21:28:22','2025-05-21 21:28:22',NULL),(10,NULL,1755,6,'DC Keflavik','Valhallarbraut 868, 262 Reykjanesbær, Iceland','','',NULL,NULL,'Keflavik',0,'',NULL,122,1,1,NULL,0,'2025-05-21 21:28:22','2025-05-21 21:28:22',NULL),(11,NULL,1756,6,'DC Kansas','1601 McGee St, Kansas City, MO 64108, USA','Patmos Center','',NULL,NULL,'Kansas City',4,'',NULL,222,1,1,NULL,0,'2025-05-21 21:28:22','2025-05-21 21:28:22',NULL),(12,NULL,668,7,'Zones LLC','785 Center Avenue, Carol Stream, IL 60188','','',NULL,NULL,'Carol Stream',5,'',NULL,222,1,1,NULL,0,'2025-05-21 21:28:23','2025-05-21 21:28:23',NULL),(13,NULL,1757,8,'James New Jersey','***','','',NULL,NULL,'Jersey City',6,'',NULL,222,1,1,NULL,0,'2025-05-21 21:28:23','2025-05-21 21:28:23',NULL),(14,NULL,NULL,5,'Common Desk','2001 Ross Ave #700, Dallas, TX 75201, USA','','',NULL,NULL,'Dallas',7,'',NULL,222,1,1,NULL,0,'2025-05-21 21:28:23','2025-05-21 21:28:23',NULL),(15,NULL,NULL,5,'Shack15','Ferry Building, 1, Suite 201, San Francisco, CA 94111, USA','','',NULL,NULL,'San Francisco',8,'',NULL,222,1,1,NULL,0,'2025-05-21 21:28:23','2025-05-21 21:28:23',NULL),(16,'VttUS59WT-ui-6uKMI8RvQ',869,2,'MR-CZ-4FL-Masaryk','','Building1','Floor1',NULL,NULL,'',0,'',NULL,168,1,0,NULL,0,'2025-07-15 07:19:57','2025-07-15 07:19:57','Zoom'),(17,'SsU5DkkaTCqCpQcWRwVOTg',869,2,'MR-CZ-4FL-Radecky','','Building1','Floor1',NULL,NULL,'',0,'',NULL,168,1,0,NULL,0,'2025-07-15 07:20:02','2025-07-15 07:20:02','Zoom'),(18,'ES9WIwYlS86w7etiEvx_qg',752,2,'MR-FI-2FL-Hirvihaara','','Building1','Floor1',NULL,NULL,'',0,'',NULL,133,1,0,NULL,0,'2025-07-15 07:20:08','2025-07-15 07:20:08','Zoom'),(19,'gYg1bFp6R6e6494hTl0LHQ',752,2,'MR-FI-2Fl-Mantsala','','Building1','Floor1',NULL,NULL,'',0,'',NULL,133,1,0,NULL,0,'2025-07-15 07:20:13','2025-07-15 07:20:13','Zoom'),(20,'dfDkQZG1RV-12KS6JMYNXw',NULL,2,'MR-IL-39FL-Andromeda','','Building1','Floor1',NULL,NULL,'',0,'',NULL,38,1,0,NULL,0,'2025-07-15 07:20:19','2025-07-15 07:20:19','Zoom'),(21,'OhFaFsZKSK-ZM3ZIvxQetA',NULL,2,'MR-IL-39FL-Inference','','Building1','Floor1',NULL,NULL,'',0,'',NULL,38,1,0,NULL,0,'2025-07-15 07:20:24','2025-07-15 07:20:24','Zoom'),(22,'RSN8bckcSa-_KpEljVaGhA',NULL,2,'MR-IL-39FL-Orion','','Building1','Floor1',NULL,NULL,'',0,'',NULL,38,1,0,NULL,0,'2025-07-15 07:20:30','2025-07-15 07:20:30','Zoom'),(23,'ZJJAXTChQlevhzMPluIqzg',465,2,'MR-NL-2FL-Bosschaert','','Building1','Floor1',NULL,NULL,'',0,'',NULL,98,1,0,NULL,0,'2025-07-15 07:20:35','2025-07-15 07:20:35','Zoom'),(24,'HE_mdMNuS0OkUCOsjMsHbA',465,2,'MR-NL-2FL-Bruegel','','Building1','Floor1',NULL,NULL,'',0,'',NULL,98,1,0,NULL,0,'2025-07-15 07:20:41','2025-07-15 07:20:41','Zoom'),(25,'vwhEzSQQQBuK8M0LBo1QWQ',465,2,'MR-NL-2FL-Elburcht','','Building1','Floor1',NULL,NULL,'',0,'',NULL,98,1,0,NULL,0,'2025-07-15 07:20:46','2025-07-15 07:20:46','Zoom'),(26,'sSimn34eRRCz9v25Q7Hr1w',465,2,'MR-NL-2FL-Fabritius','','Building1','Floor1',NULL,NULL,'',0,'',NULL,98,1,0,NULL,0,'2025-07-15 07:20:52','2025-07-15 07:20:52','Zoom'),(27,'87fBX8PkSbOV0ItWg9RdOg',465,2,'MR-NL-2FL-Leyster','','Building1','Floor1',NULL,NULL,'',0,'',NULL,98,1,0,NULL,0,'2025-07-15 07:20:58','2025-07-15 07:20:58','Zoom'),(28,'2_T0InYfQPS7n8f2WJNdSA',465,2,'MR-NL-3FL-Van Haarlem','','Building1','Floor1',NULL,NULL,'',0,'',NULL,98,1,0,NULL,0,'2025-07-15 07:21:03','2025-07-15 07:21:03','Zoom'),(29,'hp8Z3kxMTyqss-FH2AC0nw',465,2,'MR-NL-4FL-Bosch','','Building1','Floor1',NULL,NULL,'',0,'',NULL,98,1,0,NULL,0,'2025-07-15 07:21:08','2025-07-15 07:21:08','Zoom'),(30,'vuHtOYNrRd68q-8Wp8Gj1w',465,2,'MR-NL-4FL-De Hooch','','Building1','Floor1',NULL,NULL,'',0,'',NULL,98,1,0,NULL,0,'2025-07-15 07:21:14','2025-07-15 07:21:14','Zoom'),(31,'KIrj3aDjROehH-rckicFbw',465,2,'MR-NL-4FL-Hals','','Building1','Floor1',NULL,NULL,'',0,'',NULL,98,1,0,NULL,0,'2025-07-15 07:21:19','2025-07-15 07:21:19','Zoom'),(32,'1e5B8N7WTfunYo9nsIgXNw',NULL,2,'MR-NL-4FL-Jan-Van-Hemmesen','','','',NULL,NULL,'',0,'',NULL,NULL,1,0,NULL,0,'2025-07-15 07:21:25','2025-07-15 07:21:25','Zoom'),(33,'buMcff8tS6KvJvKeGSEZfg',465,2,'MR-NL-4FL-Rembrandt','','Building1','Floor1',NULL,NULL,'',0,'',NULL,98,1,0,NULL,0,'2025-07-15 07:21:30','2025-07-15 07:21:30','Zoom'),(34,'8EKr_nu6TgaPe0Gn-oLBfw',465,2,'MR-NL-4FL-Van Gogh','','Building1','Floor1',NULL,NULL,'',0,'',NULL,98,1,0,NULL,0,'2025-07-15 07:21:36','2025-07-15 07:21:36','Zoom'),(35,'sboVTIuERPipOlWinAUAsA',465,2,'MR-NL-4FL-Vermeer','','Building1','Floor1',NULL,NULL,'',0,'',NULL,98,1,0,NULL,0,'2025-07-15 07:21:41','2025-07-15 07:21:41','Zoom'),(36,'8ZghVCfASGuMGZpCdwWZMQ',NULL,2,'P-IL-39FL-AV','','Building1','Floor1',NULL,NULL,'',0,'',NULL,38,1,0,NULL,0,'2025-07-15 07:21:47','2025-07-15 07:21:47','Zoom'),(37,'gbjnqSV1S2ea0gjxg9ZXeA',465,2,'P-NL-3FL-Boaz.Tal','','Building1','Floor1',NULL,NULL,'',0,'',NULL,98,1,0,NULL,0,'2025-07-15 07:21:52','2025-07-15 07:21:52','Zoom'),(38,'Nw8OqX46R8SJ-3YdfYXiQw',465,2,'P-NL-3FL-R.Jacobs','','Building1','Floor1',NULL,NULL,'',0,'',NULL,98,1,0,NULL,0,'2025-07-15 07:21:58','2025-07-15 07:21:58','Zoom'),(39,'MSthccR_RluF1FCQc4XBSA',465,2,'P-NL-3FL-S.Boulogne','','Building1','Floor1',NULL,NULL,'',0,'',NULL,98,1,0,NULL,0,'2025-07-15 07:22:03','2025-07-15 07:22:03','Zoom'),(40,'bkOSH8DVRqOJIfP8nYSG4g',465,2,'P-NL-4FL-A.Korolenko','','Building1','Floor1',NULL,NULL,'',0,'',NULL,98,1,0,NULL,0,'2025-07-15 07:22:09','2025-07-15 07:22:09','Zoom'),(41,'AyBlFCIMThOCjyDlRB0RBw',465,2,'P-NL-4FL-AV','','Building1','Floor1',NULL,NULL,'',0,'',NULL,98,1,0,NULL,0,'2025-07-15 07:22:14','2025-07-15 07:22:14','Zoom'),(42,'Qm91MO4BSTaEDzHHXmXJvg',465,2,'P-NL-4FL-D.Shtan','','Building1','Floor1',NULL,NULL,'',0,'',NULL,98,1,0,NULL,0,'2025-07-15 07:22:20','2025-07-15 07:22:20','Zoom'),(43,'rWsi62dfRZGtE-Mh1rzNrg',465,2,'P-NL-PORTABLE','','Building1','Floor1',NULL,NULL,'',0,'',NULL,98,1,0,NULL,0,'2025-07-15 07:22:25','2025-07-15 07:22:25','Zoom'),(44,'Nw8OqX46R8SJ-3YdfYXiQw',465,2,'P-NL-3FL-D.Alonso','','Building1','Floor1',NULL,NULL,'',0,'',NULL,98,1,0,NULL,0,'2025-07-16 04:02:06','2025-07-16 04:02:06','Zoom'),(45,'WvvlGaRsQvq6SqT2T_Sciw',465,2,'P-NL-3FL-N.Harst','','Building1','Floor1',NULL,NULL,'',0,'',NULL,98,1,0,NULL,0,'2025-10-14 04:02:12','2025-10-14 04:02:12','Zoom'),(46,'XexMqcLwTDOcUYEsqAHdjA',752,2,'MR-FI-2FL-Kapina','','Building1','Floor1',NULL,NULL,'',0,'',NULL,133,1,0,NULL,0,'2025-10-17 04:00:23','2025-10-17 04:00:23','Zoom'),(47,'wwr0rdW7Tt6IkHp41bZR5g',752,2,'MR-FI-2FL-Riisto','','Building1','Floor1',NULL,NULL,'',0,'',NULL,133,1,0,NULL,0,'2025-10-17 04:00:34','2025-10-17 04:00:34','Zoom'),(48,'Trgw4Ij0RgOlemhXyXcp3g',465,2,'0A. Ciao','','T100','0',NULL,NULL,'',0,'',NULL,98,1,0,NULL,0,'2025-11-29 04:00:09','2025-11-29 04:00:09','Zoom'),(49,'3laUCKDGSgCquQEGLuS1_w',465,2,'0A. Privet','','T100','0',NULL,NULL,'',0,'',NULL,98,1,0,NULL,0,'2025-11-29 04:00:14','2025-11-29 04:00:14','Zoom'),(50,'4ciZQkGXTfCVRO-IgeTfNQ',465,2,'0A. Terve','','T100','0',NULL,NULL,'',0,'',NULL,98,1,0,NULL,0,'2025-11-29 04:00:19','2025-11-29 04:00:19','Zoom'),(51,'9zNNjhE5RW6WNC62iv40xQ',465,2,'0A. Bonjour','','T100','0',NULL,NULL,'',0,'',NULL,98,1,0,NULL,0,'2025-12-01 04:00:08','2025-12-01 04:00:08','Zoom'),(52,'YJcVJTUIQ72-aprYtp0acg',465,2,'0A. Ola','','T100','0',NULL,NULL,'',0,'',NULL,98,1,0,NULL,0,'2025-12-01 04:00:19','2025-12-01 04:00:19','Zoom'),(53,'InXcMr-_Q1iYSesfGOfcZg',465,2,'0C. Guten Tag','','T100','0',NULL,NULL,'',0,'',NULL,98,1,0,NULL,0,'2025-12-01 04:00:35','2025-12-01 04:00:35','Zoom'),(54,'CSttqFd2RjGY8rrxl8Vn4g',465,2,'0C. Konnichiwa','','T100','0',NULL,NULL,'',0,'',NULL,98,1,0,NULL,0,'2025-12-01 04:00:40','2025-12-01 04:00:40','Zoom'),(55,'PzTxhPEnSsSQc0qtQBMWsg',465,2,'0C. Merhaba','','T100','0',NULL,NULL,'',0,'',NULL,98,1,0,NULL,0,'2025-12-01 04:00:46','2025-12-01 04:00:46','Zoom'),(56,'imOsT-XORLSe4Q7PTaECLQ',465,2,'0C. Namastē','','T100','0',NULL,NULL,'',0,'',NULL,98,1,0,NULL,0,'2025-12-01 04:00:51','2025-12-01 04:00:51','Zoom'),(57,'FvGtPDDTSKWfrk5Rpb8XWQ',465,2,'0C. Nǐ hǎo','','T100','0',NULL,NULL,'',0,'',NULL,98,1,0,NULL,0,'2025-12-01 04:00:56','2025-12-01 04:00:56','Zoom'),(58,'_yOJR2JzT5m1b-Wp1-f3uQ',465,2,'0C. Shalom','','T100','0',NULL,NULL,'',0,'',NULL,98,1,0,NULL,0,'2025-12-01 04:01:02','2025-12-01 04:01:02','Zoom'),(59,'YUWv7J1cQI2bn3hlCulIQw',465,2,'0C. Welkom','','T100','0',NULL,NULL,'',0,'',NULL,98,1,0,NULL,0,'2025-12-01 04:01:08','2025-12-01 04:01:08','Zoom'),(60,'9OiifDhzRI6N5cRsau89EQ',465,2,'0C. Zdraví','','T100','0',NULL,NULL,'',0,'',NULL,98,1,0,NULL,0,'2025-12-01 04:01:13','2025-12-01 04:01:13','Zoom'),(61,'IS4Nt-NUToGInr0jkLO-Dg',465,2,'1A. Abacus','','T100','1st',NULL,NULL,'',0,'',NULL,98,1,0,NULL,0,'2025-12-01 04:01:18','2025-12-01 04:01:18','Zoom'),(62,'UjzMdi-nRFq8pjtHI7OPeA',465,2,'1A. Aqueduct','','T100','1st',NULL,NULL,'',0,'',NULL,98,1,0,NULL,0,'2025-12-01 04:01:24','2025-12-01 04:01:24','Zoom'),(63,'88_N5YTTR_KVPDitZEs4rw',465,2,'1A. Archimedes','','T100','1st',NULL,NULL,'',0,'',NULL,98,1,0,NULL,0,'2025-12-01 04:01:29','2025-12-01 04:01:29','Zoom'),(64,'NY7FrsB0QauRlWLEPDxzAw',465,2,'1A. Hypatia','','T100','1st',NULL,NULL,'',0,'',NULL,98,1,0,NULL,0,'2025-12-01 04:01:34','2025-12-01 04:01:34','Zoom'),(65,'vpYZC3mEQWWC5OowyvR2zg',465,2,'1A. Pythagoras','','T100','1st',NULL,NULL,'',0,'',NULL,98,1,0,NULL,0,'2025-12-01 04:01:40','2025-12-01 04:01:40','Zoom'),(66,'8PLHfExnSxyyGQU0sLwq5g',465,2,'1B. Cai Lun','','T100','1st',NULL,NULL,'',0,'',NULL,98,1,0,NULL,0,'2025-12-01 04:01:45','2025-12-01 04:01:45','Zoom'),(67,'0jorab22TJalNR1WDTqWcQ',465,2,'1B. Compass','','T100','1st',NULL,NULL,'',0,'',NULL,98,1,0,NULL,0,'2025-12-01 04:01:51','2025-12-01 04:01:51','Zoom'),(68,'vEPqjU9oRgGCYWYuLGXVMg',465,2,'1B. Paper','','T100','1st',NULL,NULL,'',0,'',NULL,98,1,0,NULL,0,'2025-12-01 04:01:56','2025-12-01 04:01:56','Zoom'),(69,'9l2a1rfcQSGvVAv_kjYP1w',465,2,'1B. Shen Kuo','','T100','1st',NULL,NULL,'',0,'',NULL,98,1,0,NULL,0,'2025-12-01 04:02:01','2025-12-01 04:02:01','Zoom'),(70,'a88p920gTa6AVgZgBcwT3w',465,2,'1B. Tapputi','','T100','1st',NULL,NULL,'',0,'',NULL,98,1,0,NULL,0,'2025-12-01 04:02:07','2025-12-01 04:02:07','Zoom'),(71,'Ke8if4_fSqukDoHoObm6aw',465,2,'1C. Al-Khwarizmi','','T100','1st',NULL,NULL,'',0,'',NULL,98,1,0,NULL,0,'2025-12-01 04:02:12','2025-12-01 04:02:12','Zoom'),(72,'Zd-5hqcgR364FTOs257Gew',465,2,'1C. Avicenna','','T100','1st',NULL,NULL,'',0,'',NULL,98,1,0,NULL,0,'2025-12-01 04:02:18','2025-12-01 04:02:18','Zoom'),(73,'6xGYxXyOQnaRgn8hE01x6g',465,2,'1C. Wheel','','T100','1st',NULL,NULL,'',0,'',NULL,98,1,0,NULL,0,'2025-12-01 04:02:23','2025-12-01 04:02:23','Zoom'),(74,'E_i7RRQXQCKqiGsNzPdmFA',465,2,'2A. Da Vinci','','T100','2nd',NULL,NULL,'',0,'',NULL,98,1,0,NULL,0,'2025-12-01 04:02:29','2025-12-01 04:02:29','Zoom'),(75,'E92gSn6bRxaK8B-NyhtHag',465,2,'2A. Isabella Cortese','','T100','2nd',NULL,NULL,'',0,'',NULL,98,1,0,NULL,0,'2025-12-01 04:02:34','2025-12-01 04:02:34','Zoom'),(76,'-yk-pQfSSR2_TwlAR9wqAA',465,2,'2A. Microscope','','T100','2nd',NULL,NULL,'',0,'',NULL,98,1,0,NULL,0,'2025-12-01 04:02:39','2025-12-01 04:02:39','Zoom'),(77,'mMaAb36DQRePghyM7E0QEA',465,2,'2A. Paracelsus','','T100','2nd',NULL,NULL,'',0,'',NULL,98,1,0,NULL,0,'2025-12-01 04:02:45','2025-12-01 04:02:45','Zoom'),(78,'WFUz_ODfTYWzGPUBNzenUw',465,2,'2A. Perspective','','T100','2nd',NULL,NULL,'',0,'',NULL,98,1,0,NULL,0,'2025-12-01 04:02:51','2025-12-01 04:02:51','Zoom'),(79,'HC0dwwRpQ9CKJeJic0cHyg',465,2,'2A. Telescope','','T100','2nd',NULL,NULL,'',0,'',NULL,98,1,0,NULL,0,'2025-12-01 04:02:56','2025-12-01 04:02:56','Zoom'),(80,'w8I130-eS_KF550kz3pizQ',465,2,'2B. Galileo','','T100','2nd',NULL,NULL,'',0,'',NULL,98,1,0,NULL,0,'2025-12-01 04:03:01','2025-12-01 04:03:01','Zoom'),(81,'IO8jJ2IPRGeGypWNlizCqg',465,2,'2B. Gutenberg','','T100','2nd',NULL,NULL,'',0,'',NULL,98,1,0,NULL,0,'2025-12-01 04:03:07','2025-12-01 04:03:07','Zoom'),(82,'LCZhnJaRRCe-reUpii00Qw',465,2,'2B. Printing press','','T100','2nd',NULL,NULL,'',0,'',NULL,98,1,0,NULL,0,'2025-12-01 04:03:12','2025-12-01 04:03:12','Zoom'),(83,'rTYpzf2AQK2ADQUFmty33g',465,2,'2B. Thermometer','','T100','2nd',NULL,NULL,'',0,'',NULL,98,1,0,NULL,0,'2025-12-01 04:03:17','2025-12-01 04:03:17','Zoom'),(84,'Sv_b9HBSTuWtllRGd4tlgg',465,2,'2C. Hildegard von Bingen','','T100','2nd',NULL,NULL,'',0,'',NULL,98,1,0,NULL,0,'2025-12-01 04:03:23','2025-12-01 04:03:23','Zoom'),(85,'t0N3Xg88SGK3vcrauLOAbg',465,2,'3A. Edison','','T100','3rd',NULL,NULL,'',0,'',NULL,98,1,0,NULL,0,'2025-12-01 04:03:28','2025-12-01 04:03:28','Zoom'),(86,'5QQhsOEYSY69sWDd9d9b_Q',465,2,'3A. Marie Curie','','T100','3rd',NULL,NULL,'',0,'',NULL,98,1,0,NULL,0,'2025-12-01 04:03:34','2025-12-01 04:03:34','Zoom'),(87,'MZb4W5qbSHW8rNCDBWtwwg',465,2,'3A. Morse','','T100','3rd',NULL,NULL,'',0,'',NULL,98,1,0,NULL,0,'2025-12-01 04:03:39','2025-12-01 04:03:39','Zoom'),(88,'qigo6prjSQeitkhJfb4PDw',465,2,'3A. Zeppelin','','T100','3rd',NULL,NULL,'',0,'',NULL,98,1,0,NULL,0,'2025-12-01 04:03:44','2025-12-01 04:03:44','Zoom'),(89,'jvB7A2vHSR6aWO_kEiMwOw',465,2,'3B. Faraday','','T100','3rd',NULL,NULL,'',0,'',NULL,98,1,0,NULL,0,'2025-12-01 04:03:50','2025-12-01 04:03:50','Zoom'),(90,'M1xCYEynRTqrvKCMmOughg',465,2,'3B. Phonograph','','T100','3rd',NULL,NULL,'',0,'',NULL,98,1,0,NULL,0,'2025-12-01 04:03:55','2025-12-01 04:03:55','Zoom'),(91,'9ezjR4ScT1eXYlXKILUbeQ',465,2,'3B. Radio','','T100','3rd',NULL,NULL,'',0,'',NULL,98,1,0,NULL,0,'2025-12-01 04:04:00','2025-12-01 04:04:00','Zoom'),(92,'5fJGRrfHQ1CERa2aiffEbQ',465,2,'3B. Steam engine','','T100','3rd',NULL,NULL,'',0,'',NULL,98,1,0,NULL,0,'2025-12-01 04:04:06','2025-12-01 04:04:06','Zoom'),(93,'aexGVao1TGKP5uYBIrvvhw',465,2,'3B. Telegraph','','T100','3rd',NULL,NULL,'',0,'',NULL,98,1,0,NULL,0,'2025-12-01 04:04:11','2025-12-01 04:04:11','Zoom'),(94,'5qBAHK7HQBSoowyd9kT5jg',465,2,'3B. Tesla','','T100','3rd',NULL,NULL,'',0,'',NULL,98,1,0,NULL,0,'2025-12-01 04:04:17','2025-12-01 04:04:17','Zoom'),(95,'hGZqzP8uTOiPMZHFOZcmPw',465,2,'3C. Mendeleev','','T100','3rd',NULL,NULL,'',0,'',NULL,98,1,0,NULL,0,'2025-12-01 04:04:22','2025-12-01 04:04:22','Zoom'),(96,'QVOeFOnGTHuORQQjM4spUQ',465,2,'3C. Pasteur','','T100','3rd',NULL,NULL,'',0,'',NULL,98,1,0,NULL,0,'2025-12-01 04:04:27','2025-12-01 04:04:27','Zoom'),(97,'RJi4KS6GRUSoYDOILaJRMw',465,2,'3C. Penicillin','','T100','3rd',NULL,NULL,'',0,'',NULL,98,1,0,NULL,0,'2025-12-01 04:04:33','2025-12-01 04:04:33','Zoom'),(98,'veDddY_LRj6TbBoqOG08pQ',465,2,'3C. X-Ray','','T100','3rd',NULL,NULL,'',0,'',NULL,98,1,0,NULL,0,'2025-12-01 04:04:38','2025-12-01 04:04:38','Zoom'),(99,'jj22oeNzQDKR9wSLrM7lWw',465,2,'4A. GPS','','T100','4th',NULL,NULL,'',0,'',NULL,98,1,0,NULL,0,'2025-12-01 04:04:43','2025-12-01 04:04:43','Zoom'),(100,'b4_ei5ZERSqXSykDoMsAuA',465,2,'4A. Hedy Lamarr','','T100','4th',NULL,NULL,'',0,'',NULL,98,1,0,NULL,0,'2025-12-01 04:04:49','2025-12-01 04:04:49','Zoom'),(101,'oH22QGq3Q2KIDru8cXdfaQ',465,2,'4A. Internet','','T100','4th',NULL,NULL,'',0,'',NULL,98,1,0,NULL,0,'2025-12-01 04:04:54','2025-12-01 04:04:54','Zoom'),(102,'M__aHp8nTHqajiUuTxyi8g',465,2,'4B. Einstein','','T100','4th',NULL,NULL,'',0,'',NULL,98,1,0,NULL,0,'2025-12-01 04:05:00','2025-12-01 04:05:00','Zoom'),(103,'xwtuSfVQSJ-lgycxqQhKgw',465,2,'4B. Hawking','','T100','4th',NULL,NULL,'',0,'',NULL,98,1,0,NULL,0,'2025-12-01 04:05:05','2025-12-01 04:05:05','Zoom'),(104,'xeUhW3UmSGOTRiqp7hs93A',465,2,'4B. Microchip','','T100','4th',NULL,NULL,'',0,'',NULL,98,1,0,NULL,0,'2025-12-01 04:05:11','2025-12-01 04:05:11','Zoom'),(105,'1TdZ4q-zQ2iPMO8ub-WNSA',465,2,'4B. Supercomputer','','T100','4th',NULL,NULL,'',0,'',NULL,98,1,0,NULL,0,'2025-12-01 04:05:16','2025-12-01 04:05:16','Zoom'),(106,'A1o97DkBRRSCh1g6eP2tkw',465,2,'4C. Blockchain','','T100','4th',NULL,NULL,'',0,'',NULL,98,1,0,NULL,0,'2025-12-01 04:05:21','2025-12-01 04:05:21','Zoom'),(107,'ddPkka5JRJSjxaNM4BChmA',465,2,'4C. Smartphone','','T100','4th',NULL,NULL,'',0,'',NULL,98,1,0,NULL,0,'2025-12-01 04:05:27','2025-12-01 04:05:27','Zoom'),(108,'JyPOnMNUQwiZB7DWxqTXdw',465,2,'4C. Torvalds','','T100','4th',NULL,NULL,'',0,'',NULL,98,1,0,NULL,0,'2025-12-01 04:05:33','2025-12-01 04:05:33','Zoom'),(109,'cp9LHTQpRWagu5qsTUg_eg',465,2,'4C. Turing','','T100','4th',NULL,NULL,'',0,'',NULL,98,1,0,NULL,0,'2025-12-01 04:05:38','2025-12-01 04:05:38','Zoom'),(110,'DfxpzZvoTuesYgP4GgbJuA',465,2,'5A. Avatar','','T100','5th',NULL,NULL,'',0,'',NULL,98,1,0,NULL,0,'2025-12-01 04:05:43','2025-12-01 04:05:43','Zoom'),(111,'XzN4iRV_R_6b0-GApif2VQ',465,2,'5A. Droid','','T100','5th',NULL,NULL,'',0,'',NULL,98,1,0,NULL,0,'2025-12-01 04:05:49','2025-12-01 04:05:49','Zoom'),(112,'SI8UFwP8Q4G4Nt9cO7fIWA',465,2,'5A. Teleport','','T100','5th',NULL,NULL,'',0,'',NULL,98,1,0,NULL,0,'2025-12-01 04:05:54','2025-12-01 04:05:54','Zoom'),(113,'60CQ71hbQBKcGLBygI6z0w',465,2,'5A. Time Machine','','T100','5th',NULL,NULL,'',0,'',NULL,98,1,0,NULL,0,'2025-12-01 04:05:59','2025-12-01 04:05:59','Zoom');

--
-- Table structure for table `lock_statuses`
--

CREATE TABLE `lock_statuses` (
  `id` bigint unsigned NOT NULL AUTO_INCREMENT,
  `name` varchar(191) CHARACTER SET utf8mb4 COLLATE utf8mb4_unicode_ci NOT NULL,
  `slug` varchar(191) CHARACTER SET utf8mb4 COLLATE utf8mb4_unicode_ci NOT NULL,
  `status` tinyint NOT NULL DEFAULT '1',
  `created_at` timestamp NULL DEFAULT NULL,
  `updated_at` timestamp NULL DEFAULT NULL,
  PRIMARY KEY (`id`)
) ENGINE=InnoDB DEFAULT CHARSET=utf8mb4 COLLATE=utf8mb4_unicode_ci;

--
-- Dumping data for table `lock_statuses`
--


--
-- Table structure for table `make_and_models`
--

CREATE TABLE `make_and_models` (
  `id` int unsigned NOT NULL AUTO_INCREMENT,
  `manufacturer_id` int unsigned NOT NULL,
  `asset_type_id` int NOT NULL,
  `name` varchar(191) CHARACTER SET utf8mb4 COLLATE utf8mb4_unicode_ci NOT NULL,
  `slug` varchar(191) CHARACTER SET utf8mb4 COLLATE utf8mb4_unicode_ci NOT NULL,
  `status` tinyint(1) NOT NULL DEFAULT '1',
  `created_at` timestamp NULL DEFAULT NULL,
  `updated_at` timestamp NULL DEFAULT NULL,
  PRIMARY KEY (`id`),
  KEY `make_and_models_manufacturer_id_foreign` (`manufacturer_id`),
  CONSTRAINT `make_and_models_manufacturer_id_foreign` FOREIGN KEY (`manufacturer_id`) REFERENCES `manufacturers` (`id`) ON DELETE CASCADE
) ENGINE=InnoDB AUTO_INCREMENT=100 DEFAULT CHARSET=utf8mb4 COLLATE=utf8mb4_unicode_ci;

--
-- Dumping data for table `make_and_models`
--

INSERT INTO `make_and_models` VALUES (1,0,38,'EOL Asset - CODD','eol_asset_codd',1,'2025-03-26 02:10:39','2025-03-26 02:10:39'),(2,1,4,'ThinkVision T27p-30','thinkvision_t27p_30',0,'2025-05-22 08:35:32','2025-05-22 08:35:32'),(3,1,4,'ThinkVision P27u','thinkvision_p27u',0,'2025-05-22 08:35:32','2025-05-22 08:35:32'),(4,2,4,'27UP85NP-W','27up85np_w',0,'2025-05-22 08:35:32','2025-05-22 08:35:32'),(5,3,4,'P2723QE','p2723qe',0,'2025-05-22 08:35:32','2025-05-22 08:35:32'),(6,3,4,'C2422HE (deprecated)','c2422he_deprecated',0,'2025-05-22 08:35:32','2025-05-22 08:35:32'),(7,1,4,'ThinkVision P24h (deprecated)','thinkvision_p24h_deprecated',0,'2025-05-22 08:35:32','2025-05-22 08:35:32'),(8,4,5,'K120 Keyboard','k120_keyboard',0,'2025-05-22 08:35:32','2025-05-22 08:35:32'),(9,4,5,'Signature M650L Mouse','signature_m650l_mouse',0,'2025-05-22 08:35:32','2025-05-22 08:35:32'),(10,5,5,'EarPods Headphones','earpods_headphones',0,'2025-05-22 08:35:32','2025-05-22 08:35:32'),(11,6,5,'Multiport USB-C Adapter','multiport_usb_c_adapter',0,'2025-05-22 08:35:32','2025-05-22 08:35:32'),(12,4,9,'Tap IP Meeting Room Touch Controller','tap_ip_meeting_room_touch_controller',0,'2025-05-22 08:35:32','2025-05-22 08:35:32'),(13,4,9,'Tap Scheduler Scheduling Display','tap_scheduler_scheduling_display',0,'2025-05-22 08:35:32','2025-05-22 08:35:32'),(14,4,10,'Rally Bar','rally_bar',0,'2025-05-22 08:35:32','2025-05-22 08:35:32'),(15,4,10,'Rally Bar Mini','rally_bar_mini',0,'2025-05-22 08:35:32','2025-05-22 08:35:32'),(16,7,7,'IM 3010','im_3010',0,'2025-05-22 08:35:32','2025-05-22 08:35:32'),(17,7,7,'IM C2010','im_c2010',0,'2025-05-22 08:35:32','2025-05-22 08:35:32'),(18,7,7,'IM C2000','im_c2000',0,'2025-05-22 08:35:32','2025-05-22 08:35:32'),(19,0,11,'EOL Asset - CODD','eol_asset_codd',1,'2025-05-23 02:29:03','2025-05-23 02:29:03'),(20,5,12,'Mac14,15','mac1415',1,'2025-05-23 02:29:04','2025-05-23 02:29:04'),(21,5,12,'MacBook Pro','macbook_pro',1,'2025-05-23 02:29:04','2025-05-23 02:29:04'),(22,5,12,'MacBook Air','macbook_air',1,'2025-05-23 02:29:04','2025-05-23 02:29:04'),(23,5,12,'Mac14,2','mac142',1,'2025-05-23 02:29:04','2025-05-23 02:29:04'),(24,5,12,'MacBook Pro (14-inch, Nov 2023)','macbook_pro_14_inch_nov_2023',1,'2025-05-23 02:29:04','2025-05-23 02:29:04'),(25,5,12,'Mac16,8','mac168',1,'2025-05-23 02:29:04','2025-05-23 02:29:04'),(26,1,12,'21KC004UIV','21kc004uiv',1,'2025-05-23 02:29:04','2025-05-23 02:29:04'),(27,5,12,'MacBook Pro (16-inch, Nov 2023)','macbook_pro_16_inch_nov_2023',1,'2025-05-23 02:29:05','2025-05-23 02:29:05'),(28,5,12,'MacBook Pro (14-inch, 2023)','macbook_pro_14_inch_2023',1,'2025-05-23 02:29:05','2025-05-23 02:29:05'),(29,8,12,'Latitude 7430','latitude_7430',1,'2025-05-23 02:29:05','2025-05-23 02:29:05'),(30,5,12,'Mac15,12','mac1512',1,'2025-05-23 02:29:05','2025-05-23 02:29:05'),(31,1,12,'21KC0046US','21kc0046us',1,'2025-05-23 02:29:05','2025-05-23 02:29:05'),(32,5,12,'Mac15,13','mac1513',1,'2025-05-23 02:29:06','2025-05-23 02:29:06'),(33,1,12,'21KC0053MX','21kc0053mx',1,'2025-05-23 02:29:06','2025-05-23 02:29:06'),(34,1,12,'21CB006GPB','21cb006gpb',1,'2025-05-23 02:29:06','2025-05-23 02:29:06'),(35,1,12,'21HMS2WF00','21hms2wf00',1,'2025-05-23 02:29:07','2025-05-23 02:29:07'),(36,1,12,'20XW004NUS','20xw004nus',1,'2025-05-23 02:29:07','2025-05-23 02:29:07'),(37,1,12,'21KC0059IV','21kc0059iv',1,'2025-05-23 02:29:07','2025-05-23 02:29:07'),(38,1,12,'21CB000AUS','21cb000aus',1,'2025-05-23 02:29:07','2025-05-23 02:29:07'),(39,1,12,'21KC0052IV','21kc0052iv',1,'2025-05-23 02:29:07','2025-05-23 02:29:07'),(40,1,12,'20XW005NMX','20xw005nmx',1,'2025-05-23 02:29:08','2025-05-23 02:29:08'),(41,8,12,'Precision 5490','precision_5490',1,'2025-05-23 02:29:08','2025-05-23 02:29:08'),(42,8,12,'Precision 5480','precision_5480',1,'2025-05-23 02:29:08','2025-05-23 02:29:08'),(43,5,12,'MacBook Pro (13-inch, M2, 2022)','macbook_pro_13_inch_m2_2022',1,'2025-05-23 02:29:08','2025-05-23 02:29:08'),(44,1,12,'21HMS2WE00','21hms2we00',1,'2025-05-23 02:29:08','2025-05-23 02:29:08'),(45,8,12,'Latitude 7420','latitude_7420',1,'2025-05-23 02:29:08','2025-05-23 02:29:08'),(46,1,12,'21KC004QMH','21kc004qmh',1,'2025-05-23 02:29:09','2025-05-23 02:29:09'),(47,1,12,'30FM0083GE','30fm0083ge',1,'2025-05-23 02:29:10','2025-05-23 02:29:10'),(48,5,12,'MacBook Pro (16-inch, 2023)','macbook_pro_16_inch_2023',1,'2025-05-23 02:29:10','2025-05-23 02:29:10'),(49,9,12,'HP EliteBook 1040 14 inch G9 Notebook PC','hp_elitebook_1040_14_inch_g9_notebook_pc',1,'2025-05-23 02:29:10','2025-05-23 02:29:10'),(50,1,12,'21HM004HMH','21hm004hmh',1,'2025-05-23 02:29:10','2025-05-23 02:29:10'),(51,1,12,'21HM004HIV','21hm004hiv',1,'2025-05-23 02:29:11','2025-05-23 02:29:11'),(52,1,12,'21CBA002CD','21cba002cd',1,'2025-05-23 02:29:11','2025-05-23 02:29:11'),(53,1,12,'20XW005NIV','20xw005niv',1,'2025-05-23 02:29:11','2025-05-23 02:29:11'),(54,5,12,'Mac16,1','mac161',1,'2025-05-23 02:29:12','2025-05-23 02:29:12'),(55,1,12,'21KC004QMX','21kc004qmx',1,'2025-05-23 02:29:12','2025-05-23 02:29:12'),(56,9,12,'HP EliteBook 840 G8 Notebook PC','hp_elitebook_840_g8_notebook_pc',1,'2025-05-23 02:29:12','2025-05-23 02:29:12'),(57,5,12,'Mac16,12','mac1612',1,'2025-05-23 02:29:13','2025-05-23 02:29:13'),(58,5,12,'Mac16,6','mac166',1,'2025-05-23 02:29:13','2025-05-23 02:29:13'),(59,1,12,'21CB009QMH','21cb009qmh',1,'2025-05-23 02:29:13','2025-05-23 02:29:13'),(60,1,12,'21D20013CK','21d20013ck',1,'2025-05-23 02:29:13','2025-05-23 02:29:13'),(61,1,12,'21KC005XIV','21kc005xiv',1,'2025-05-23 02:29:14','2025-05-23 02:29:14'),(62,1,12,'21KC004QIV','21kc004qiv',1,'2025-05-23 02:29:14','2025-05-23 02:29:14'),(63,9,12,'HP EliteBook 650 15.6 inch G9 Notebook PC','hp_elitebook_650_156_inch_g9_notebook_pc',1,'2025-05-23 02:29:14','2025-05-23 02:29:14'),(64,5,12,'Mac16,13','mac1613',1,'2025-05-23 02:29:15','2025-05-23 02:29:15'),(65,1,12,'21KCS43X00','21kcs43x00',1,'2025-05-23 02:29:15','2025-05-23 02:29:15'),(66,1,12,'21BSS68Y00','21bss68y00',1,'2025-05-23 02:29:15','2025-05-23 02:29:15'),(67,1,12,'20UAS89500','20uas89500',1,'2025-05-23 02:29:16','2025-05-23 02:29:16'),(68,1,12,'21HM004HMZ','21hm004hmz',1,'2025-05-23 02:29:17','2025-05-23 02:29:17'),(69,5,12,'Mac16,7','mac167',1,'2025-05-23 02:29:17','2025-05-23 02:29:17'),(70,8,12,'Latitude 5521','latitude_5521',1,'2025-05-23 02:29:17','2025-05-23 02:29:17'),(71,1,12,'21KC00A3US','21kc00a3us',1,'2025-05-23 02:29:18','2025-05-23 02:29:18'),(72,1,12,'20XWS2PL00','20xws2pl00',1,'2025-05-23 02:29:18','2025-05-23 02:29:18'),(73,5,12,'iPad Air 13-inch (M2)','ipad_air_13_inch_m2',1,'2025-05-23 02:29:21','2025-05-23 02:29:21'),(74,1,12,'21KC000TUS','21kc000tus',1,'2025-05-23 02:29:22','2025-05-23 02:29:22'),(75,1,12,'21HM004KCX','21hm004kcx',1,'2025-05-23 02:29:23','2025-05-23 02:29:23'),(76,1,12,'20XW003NUS','20xw003nus',1,'2025-05-23 02:29:26','2025-05-23 02:29:26'),(77,1,12,'21KC004UUK','21kc004uuk',1,'2025-05-23 02:29:27','2025-05-23 02:29:27'),(78,1,12,'20XW009PIV','20xw009piv',1,'2025-05-23 02:29:31','2025-05-23 02:29:31'),(79,1,12,'21KC00A0US','21kc00a0us',1,'2025-05-23 02:29:32','2025-05-23 02:29:32'),(80,1,12,'21CB001MMH','21cb001mmh',1,'2025-05-23 02:29:33','2025-05-23 02:29:33'),(81,5,12,'Mac14,12','mac1412',1,'2025-05-23 02:29:34','2025-05-23 02:29:34'),(82,8,12,'Precision 3660','precision_3660',1,'2025-05-23 02:29:35','2025-05-23 02:29:35'),(83,1,12,'21KCCTO1WW','21kccto1ww',1,'2025-05-23 02:29:36','2025-05-23 02:29:36'),(84,8,12,'Latitude 7410','latitude_7410',1,'2025-05-23 02:29:37','2025-05-23 02:29:37'),(85,8,12,'Latitude 5420','latitude_5420',1,'2025-05-23 02:29:42','2025-05-23 02:29:42'),(86,5,12,'MacBook Air (M2, 2022)','macbook_air_m2_2022',1,'2025-06-19 02:00:22','2025-06-19 02:00:22'),(87,5,12,'MacBook Air (15-inch, M4, 2025)','macbook_air_15_inch_m4_2025',1,'2025-06-19 02:00:23','2025-06-19 02:00:23'),(88,5,12,'MacBook Air (13-inch, M4, 2025)','macbook_air_13_inch_m4_2025',1,'2025-06-19 02:00:23','2025-06-19 02:00:23'),(89,5,12,'MacBook Air (13-inch, M3, 2024)','macbook_air_13_inch_m3_2024',1,'2025-06-19 02:00:23','2025-06-19 02:00:23'),(90,5,12,'MacBook Pro (14-inch, 2024)','macbook_pro_14_inch_2024',1,'2025-06-19 02:00:23','2025-06-19 02:00:23'),(91,5,12,'MacBook Air (15-inch, M3, 2024)','macbook_air_15_inch_m3_2024',1,'2025-06-19 02:00:23','2025-06-19 02:00:23'),(92,5,12,'MacBook Pro (16-inch, 2024)','macbook_pro_16_inch_2024',1,'2025-06-19 02:00:24','2025-06-19 02:00:24'),(93,5,12,'MacBook Air (15-inch, M2, 2023)','macbook_air_15_inch_m2_2023',1,'2025-06-19 02:00:41','2025-06-19 02:00:41'),(94,4,13,'Tap Scheduler','tap_scheduler',1,'2025-07-15 23:33:24','2025-07-15 23:33:24'),(95,4,14,'Tap IP','tap_ip',1,'2025-07-15 23:33:24','2025-07-15 23:33:24'),(96,4,15,'Rally Bar Mini','rally_bar_mini',1,'2025-07-15 23:33:24','2025-07-15 23:33:24'),(97,4,15,'Rally Bar','rally_bar',1,'2025-07-15 23:33:46','2025-07-15 23:33:46'),(98,10,12,'','',1,'2025-07-16 02:00:14','2025-07-16 02:00:14'),(99,1,12,'20QD0031IV','20qd0031iv',1,'2025-07-29 02:00:22','2025-07-29 02:00:22');

--
-- Table structure for table `manufacturers`
--

CREATE TABLE `manufacturers` (
  `id` int unsigned NOT NULL AUTO_INCREMENT,
  `name` text CHARACTER SET utf8mb4 COLLATE utf8mb4_unicode_ci NOT NULL,
  `slug` text CHARACTER SET utf8mb4 COLLATE utf8mb4_unicode_ci NOT NULL,
  `created_at` timestamp NULL DEFAULT NULL,
  `updated_at` timestamp NULL DEFAULT NULL,
  PRIMARY KEY (`id`)
) ENGINE=InnoDB AUTO_INCREMENT=11 DEFAULT CHARSET=utf8mb4 COLLATE=utf8mb4_unicode_ci;

--
-- Dumping data for table `manufacturers`
--

INSERT INTO `manufacturers` VALUES (1,'Lenovo','lenovo','2025-05-22 08:31:48','2025-05-22 08:31:48'),(2,'LG','lg','2025-05-22 08:31:57','2025-05-22 08:31:57'),(3,'Dell','dell','2025-05-22 08:32:07','2025-05-22 08:32:07'),(4,'Logitech','logitech','2025-05-22 08:32:20','2025-05-22 08:32:20'),(5,'Apple','apple','2025-05-22 08:32:32','2025-05-22 08:32:32'),(6,'Various Brands','various_brands','2025-05-22 08:32:48','2025-05-22 08:32:48'),(7,'Ricoh','ricoh','2025-05-22 08:33:01','2025-05-22 08:33:01'),(8,'Dell Inc.','dell_inc','2025-05-23 02:29:05','2025-05-23 02:29:05'),(9,'HP','hp','2025-05-23 02:29:10','2025-05-23 02:29:10'),(10,'','','2025-07-16 02:00:14','2025-07-16 02:00:14');

--
-- Table structure for table `migrations`
--

CREATE TABLE `migrations` (
  `id` int unsigned NOT NULL AUTO_INCREMENT,
  `migration` varchar(191) CHARACTER SET utf8mb4 COLLATE utf8mb4_unicode_ci NOT NULL,
  `batch` int NOT NULL,
  PRIMARY KEY (`id`)
) ENGINE=InnoDB AUTO_INCREMENT=125 DEFAULT CHARSET=utf8mb4 COLLATE=utf8mb4_unicode_ci;

--
-- Dumping data for table `migrations`
--

INSERT INTO `migrations` VALUES (1,'2014_10_12_000000_create_users_table',1),(2,'2014_10_12_100000_create_password_resets_table',1),(3,'2016_06_01_000001_create_oauth_auth_codes_table',1),(4,'2016_06_01_000002_create_oauth_access_tokens_table',1),(5,'2016_06_01_000003_create_oauth_refresh_tokens_table',1),(6,'2016_06_01_000004_create_oauth_clients_table',1),(7,'2016_06_01_000005_create_oauth_personal_access_clients_table',1),(8,'2017_10_16_061849_create_locations_table',1),(9,'2017_10_16_061920_create_employee_types_table',1),(10,'2017_10_16_062143_create_location_types_table',1),(11,'2017_10_16_062355_create_states_table',1),(12,'2017_10_16_062558_create_regions_table',1),(13,'2017_10_16_062612_create_countries_table',1),(14,'2017_10_16_090641_create_departments_table',1),(15,'2017_10_17_060625_create_employee_positions_table',1),(16,'2017_10_17_101440_create_assets_table',1),(17,'2017_10_17_101807_create_asset_types_table',1),(18,'2017_10_17_105212_create_manufacturers_table',1),(19,'2017_10_17_122041_create_asset_statuses_table',1),(20,'2017_10_18_053358_create_make_and_models_table',1),(21,'2017_10_18_064224_create_technical_specs_table',1),(22,'2017_10_20_080205_create_carriers_table',1),(23,'2017_11_01_065158_create_asset_histories_table',1),(24,'2017_11_06_124544_create_accessories_table',1),(25,'2017_11_20_060129_create_asset_type_attributes_table',1),(26,'2017_11_20_060416_create_asset_type_attribute_values_table',1),(27,'2017_11_20_064440_create_permission_tables',1),(28,'2017_12_20_071946_create_report_history_varience_table',1),(29,'2017_12_20_072327_create_report_history_varience_data_table',1),(30,'2018_01_22_095332_create_notifications_table',1),(31,'2018_01_23_092222_create_api_credentials_table',1),(32,'2018_05_28_001942_create_site_codes_table',1),(33,'2018_06_25_034121_create_asset_tabs_table',1),(34,'2018_06_25_051544_create_asset_tab_asset_type_table',1),(35,'2018_07_25_055614_create_active_admin_users_logs_table',1),(36,'2018_08_08_054048_create_user_backups_table',1),(37,'2018_08_29_043906_create_jobs_table',1),(38,'2018_08_30_055642_create_failed_jobs_table',1),(39,'2018_09_06_033313_create_purchase_orders_table',1),(40,'2018_09_10_054441_create_admin_login_histories_table',1),(41,'2019_02_14_231135_create_failed_ticket_histories_table',1),(42,'2019_09_25_030700_create_purge_asset_histories_table',1),(43,'2020_07_01_033426_create_mobile_irons_table',1),(44,'2020_07_24_031547_create_asset_comments_table',1),(45,'2020_11_03_045511_create_chromebooks_table',1),(46,'2020_12_04_002600_create_variance_scanned_datas_table',1),(47,'2020_12_06_215222_create_air_watches_table',1),(48,'2020_12_06_235251_add_fields_to_oauth_clients_table',1),(49,'2021_05_25_051411_create_intune_computers_table',1),(50,'2021_07_08_023913_create_jamf_computers_table',1),(51,'2021_08_11_221132_create_cron_jobs_table',1),(52,'2021_08_31_233333_create_permission_categories_table',1),(53,'2021_11_15_025704_create_kandji_devices_table',1),(54,'2022_02_16_210859_create_asset_trackings_table',1),(55,'2022_02_16_230157_create_asn_hardware_mappings_table',1),(56,'2022_02_16_230512_create_asn_unwanted_parts_table',1),(57,'2022_02_17_011900_create_asn_accessories_mappings_table',1),(58,'2022_04_06_100237_create_department_hardware_mappings_table',1),(59,'2022_04_27_215931_create_term_assets_comments_table',1),(60,'2022_05_22_232712_create_discovery_tools_hardware_mappings_table',1),(61,'2022_05_23_001938_create_user_jira_mappings_table',1),(62,'2022_05_30_024120_create_payment_methods_table',1),(63,'2022_05_30_024159_create_software_license_categories_table',1),(64,'2022_05_30_024616_create_software_license_manufacturers_table',1),(65,'2022_05_30_025619_create_software_licenses_table',1),(66,'2022_05_30_025630_create_software_license_documents_table',1),(67,'2022_06_06_204232_create_software_license_users_table',1),(68,'2022_06_07_043920_create_software_license_histories_table',1),(69,'2022_07_11_014420_create_operating_system_compliance_settings_table',1),(70,'2022_08_11_220241_create_file_exports_table',1),(71,'2022_09_20_032155_create_software_license_keys_table',1),(72,'2022_09_20_055043_create_vendors_table',1),(73,'2022_09_21_002520_create_software_license_subscriptions_table',1),(74,'2023_01_10_020839_create_saved_searches_table',1),(75,'2023_03_06_061059_create_dropbox_members_list_table',1),(76,'2023_03_23_032824_create_active_users_count_in_months_table',1),(77,'2023_03_23_063217_create_eol_wiped_checking_in_assets_counts_table',1),(78,'2023_03_24_053549_create_lock_statuses_table',1),(79,'2023_06_01_053448_create_zoom_members_table',1),(80,'2023_06_11_020839_create_favourite_reports_table',1),(81,'2023_06_19_040814_create_slack_members_table',1),(82,'2023_07_11_220414_create_divisions_table',1),(83,'2023_07_13_041707_create_cycle_count_scanned_data_table',1),(84,'2023_09_27_004820_create_slack_notification_credentials_table',1),(85,'2023_09_30_075603_create_oauth_scopes_table',1),(86,'2023_09_30_080300_create_oauth_client_scope_table',1),(87,'2023_10_30_035349_add_crowdstrike_id_to_assets_table',2),(88,'2023_10_30_064342_create_asset_vulnerabilities_table',2),(89,'2023_11_08_212126_create_active_vulnerabilities_per_weeks_table',2),(90,'2023_12_05_041410_create_integration_sync_histories_table',3),(91,'2023_12_01_033510_create_zoom_meetings_table',4),(92,'2023_12_04_232325_create_teqtivity_user_histories_table',5),(93,'2023_12_11_235104_rename_table_admin_login_hostories_to_user_login_histories',6),(94,'2023_12_07_022024_create_role_change_histories_table',7),(95,'2023_12_10_214054_create_api_blocked_ips',8),(96,'2023_12_15_025411_create_asset_refresh_replacement_jira_mappings_table',9),(97,'2023_12_27_014611_create_term_assets_collection_details_table',10),(98,'2023_12_07_004203_create_asset_health_asset_types_table',11),(99,'2023_12_07_061842_create_asset_health_histories_table',11),(100,'2023_12_07_215436_create_asset_health_categories_table',11),(101,'2023_12_07_215919_create_asset_health_tests_table',11),(102,'2023_12_07_231359_create_asset_health_reports_table',11),(103,'2023_12_07_231446_create_asset_health_report_details_table',11),(104,'2023_12_11_233815_create_api_request_histories_table',12),(105,'2024_02_03_232452_add_status_to_asset_health_tests_table',13),(106,'2024_01_22_030648_create_system_settings_table',14),(107,'2024_02_07_215613_create_cloud_assets_table',14),(108,'2024_02_28_230845_create_asset_health_report_schedule_table',15),(109,'2024_06_06_005144_create_revivn_assets_table',16),(110,'2024_06_06_011358_create_revivn_pickups_table',16),(111,'2024_06_03_034541_create_retriever_devices_table',17),(112,'2024_06_04_063527_create_retriver_shipment_requests_table',17),(113,'2024_08_13_022655_add_channel_to_slack_notification_credentials_table',18),(114,'2024_10_01_004242_create_jump_cloud_devices_table',19),(115,'2024_11_28_032534_create_vendor_categories_table',20),(116,'2024_12_02_024514_create_vendor_category_vendors_table',20),(117,'2025_04_07_043000_add_column__azure_id_to_users',21),(118,'2025_05_21_063557_make_sitecode_nullable_in_locations_table',22),(119,'2025_05_27_010040_add_new_fields_to_assets_table',23),(120,'2025_06_02_040051_make_ticket_no_nullable_in_assets_table',24),(121,'2019_08_04_231706_add_zoom_to_locations_table',25),(122,'2021_10_27_042538_create_zoom_location_mappings_table',25),(123,'2025_06_24_052106_create_zoom_devices_table',25),(124,'2025_07_15_052128_add_location_related_columns_in_zoom_devices_table',26);

--
-- Table structure for table `mobile_irons`
--

CREATE TABLE `mobile_irons` (
  `id` int unsigned NOT NULL AUTO_INCREMENT,
  `asset_id` int NOT NULL,
  `user_id` int DEFAULT NULL,
  `first_name` varchar(191) CHARACTER SET utf8mb4 COLLATE utf8mb4_unicode_ci DEFAULT NULL,
  `last_name` varchar(191) CHARACTER SET utf8mb4 COLLATE utf8mb4_unicode_ci DEFAULT NULL,
  `email` varchar(191) CHARACTER SET utf8mb4 COLLATE utf8mb4_unicode_ci DEFAULT NULL,
  `display_name` varchar(191) CHARACTER SET utf8mb4 COLLATE utf8mb4_unicode_ci DEFAULT NULL,
  `ownership` varchar(191) CHARACTER SET utf8mb4 COLLATE utf8mb4_unicode_ci DEFAULT NULL,
  `phone_number` varchar(191) CHARACTER SET utf8mb4 COLLATE utf8mb4_unicode_ci DEFAULT NULL,
  `carrier` varchar(191) CHARACTER SET utf8mb4 COLLATE utf8mb4_unicode_ci DEFAULT NULL,
  `carrier_id` int DEFAULT NULL,
  `manufacturer` varchar(191) CHARACTER SET utf8mb4 COLLATE utf8mb4_unicode_ci DEFAULT NULL,
  `totalCapacity` varchar(191) CHARACTER SET utf8mb4 COLLATE utf8mb4_unicode_ci DEFAULT NULL,
  `platform` varchar(191) CHARACTER SET utf8mb4 COLLATE utf8mb4_unicode_ci DEFAULT NULL,
  `serial_no` varchar(191) CHARACTER SET utf8mb4 COLLATE utf8mb4_unicode_ci NOT NULL,
  `model` varchar(191) CHARACTER SET utf8mb4 COLLATE utf8mb4_unicode_ci DEFAULT NULL,
  `imei` varchar(191) CHARACTER SET utf8mb4 COLLATE utf8mb4_unicode_ci DEFAULT NULL,
  `iccid` varchar(191) CHARACTER SET utf8mb4 COLLATE utf8mb4_unicode_ci DEFAULT NULL,
  `mac_address` varchar(191) CHARACTER SET utf8mb4 COLLATE utf8mb4_unicode_ci DEFAULT NULL,
  `last_checkin` datetime DEFAULT NULL,
  `enrolled_date` datetime DEFAULT NULL,
  `os_version` varchar(191) CHARACTER SET utf8mb4 COLLATE utf8mb4_unicode_ci DEFAULT NULL,
  `created_at` timestamp NULL DEFAULT NULL,
  `updated_at` timestamp NULL DEFAULT NULL,
  PRIMARY KEY (`id`),
  KEY `mobile_irons_asset_id_index` (`asset_id`),
  KEY `mobile_irons_imei_index` (`imei`),
  KEY `mobile_irons_serial_no_index` (`serial_no`)
) ENGINE=InnoDB DEFAULT CHARSET=utf8mb4 COLLATE=utf8mb4_unicode_ci;

--
-- Dumping data for table `mobile_irons`
--


--
-- Table structure for table `model_has_permissions`
--

CREATE TABLE `model_has_permissions` (
  `permission_id` int unsigned NOT NULL,
  `model_type` varchar(191) CHARACTER SET utf8mb4 COLLATE utf8mb4_unicode_ci NOT NULL,
  `model_id` bigint unsigned NOT NULL,
  PRIMARY KEY (`permission_id`,`model_id`,`model_type`),
  KEY `model_has_permissions_model_type_model_id_index` (`model_type`,`model_id`),
  CONSTRAINT `model_has_permissions_permission_id_foreign` FOREIGN KEY (`permission_id`) REFERENCES `permissions` (`id`) ON DELETE CASCADE
) ENGINE=InnoDB DEFAULT CHARSET=utf8mb4 COLLATE=utf8mb4_unicode_ci;

--
-- Dumping data for table `model_has_permissions`
--


--
-- Table structure for table `model_has_roles`
--

CREATE TABLE `model_has_roles` (
  `role_id` int unsigned NOT NULL,
  `model_type` varchar(191) CHARACTER SET utf8mb4 COLLATE utf8mb4_unicode_ci NOT NULL,
  `model_id` bigint unsigned NOT NULL,
  PRIMARY KEY (`role_id`,`model_id`,`model_type`),
  KEY `model_has_roles_model_type_model_id_index` (`model_type`,`model_id`),
  CONSTRAINT `model_has_roles_role_id_foreign` FOREIGN KEY (`role_id`) REFERENCES `user_types` (`id`) ON DELETE CASCADE
) ENGINE=InnoDB DEFAULT CHARSET=utf8mb4 COLLATE=utf8mb4_unicode_ci;

--
-- Dumping data for table `model_has_roles`
--

INSERT INTO `model_has_roles` VALUES (5,'App\\User',1),(5,'App\\User',2),(5,'App\\User',3),(5,'App\\User',4),(5,'App\\User',5),(5,'App\\User',6),(5,'App\\User',7),(5,'App\\User',8),(5,'App\\User',9),(1,'App\\User',10),(1,'App\\User',11),(1,'App\\User',12),(4,'App\\User',13),(1,'App\\User',14),(4,'App\\User',15),(4,'App\\User',16),(4,'App\\User',17),(4,'App\\User',18),(4,'App\\User',19),(4,'App\\User',20),(4,'App\\User',21),(4,'App\\User',22),(4,'App\\User',23),(4,'App\\User',24),(4,'App\\User',25),(4,'App\\User',26),(4,'App\\User',27),(4,'App\\User',28),(4,'App\\User',29),(4,'App\\User',30),(4,'App\\User',31),(4,'App\\User',32),(4,'App\\User',33),(4,'App\\User',34),(4,'App\\User',35),(4,'App\\User',36),(4,'App\\User',37),(4,'App\\User',38),(4,'App\\User',39),(4,'App\\User',40),(4,'App\\User',41),(4,'App\\User',42),(4,'App\\User',43),(4,'App\\User',44),(4,'App\\User',45),(4,'App\\User',46),(4,'App\\User',47),(4,'App\\User',48),(4,'App\\User',49),(4,'App\\User',50),(4,'App\\User',51),(4,'App\\User',52),(4,'App\\User',53),(4,'App\\User',54),(4,'App\\User',55),(4,'App\\User',56),(4,'App\\User',57),(4,'App\\User',58),(4,'App\\User',59),(4,'App\\User',60),(4,'App\\User',61),(4,'App\\User',62),(4,'App\\User',63),(4,'App\\User',64),(4,'App\\User',65),(4,'App\\User',66),(4,'App\\User',67),(4,'App\\User',68),(4,'App\\User',69),(4,'App\\User',70),(4,'App\\User',71),(4,'App\\User',72),(4,'App\\User',73),(4,'App\\User',74),(4,'App\\User',75),(4,'App\\User',76),(4,'App\\User',77),(4,'App\\User',78),(4,'App\\User',79),(4,'App\\User',80),(4,'App\\User',81),(4,'App\\User',82),(4,'App\\User',83),(4,'App\\User',84),(4,'App\\User',85),(4,'App\\User',86),(4,'App\\User',87),(4,'App\\User',88),(4,'App\\User',89),(4,'App\\User',90),(4,'App\\User',91),(4,'App\\User',92),(4,'App\\User',93),(4,'App\\User',94),(4,'App\\User',95),(4,'App\\User',96),(4,'App\\User',97),(4,'App\\User',98),(4,'App\\User',99),(4,'App\\User',100),(4,'App\\User',101),(4,'App\\User',102),(4,'App\\User',103),(4,'App\\User',104),(4,'App\\User',105),(4,'App\\User',106),(4,'App\\User',107),(4,'App\\User',108),(4,'App\\User',109),(4,'App\\User',110),(4,'App\\User',111),(4,'App\\User',112),(4,'App\\User',113),(4,'App\\User',114),(4,'App\\User',115),(4,'App\\User',116),(4,'App\\User',117),(4,'App\\User',118),(4,'App\\User',119),(4,'App\\User',120),(4,'App\\User',121),(4,'App\\User',122),(4,'App\\User',123),(4,'App\\User',124),(4,'App\\User',125),(4,'App\\User',126),(4,'App\\User',127),(4,'App\\User',128),(4,'App\\User',129),(4,'App\\User',130),(4,'App\\User',131),(4,'App\\User',132),(4,'App\\User',133),(4,'App\\User',134),(4,'App\\User',135),(4,'App\\User',136),(4,'App\\User',137),(4,'App\\User',138),(4,'App\\User',139),(4,'App\\User',140),(4,'App\\User',141),(4,'App\\User',142),(4,'App\\User',143),(4,'App\\User',144),(4,'App\\User',145),(4,'App\\User',146),(4,'App\\User',147),(4,'App\\User',148),(4,'App\\User',149),(4,'App\\User',150),(4,'App\\User',151),(4,'App\\User',152),(4,'App\\User',153),(4,'App\\User',154),(4,'App\\User',155),(4,'App\\User',156),(4,'App\\User',157),(4,'App\\User',158),(4,'App\\User',159),(4,'App\\User',160),(4,'App\\User',161),(4,'App\\User',162),(4,'App\\User',163),(4,'App\\User',164),(4,'App\\User',165),(4,'App\\User',166),(4,'App\\User',167),(4,'App\\User',168),(4,'App\\User',169),(4,'App\\User',170),(4,'App\\User',171),(4,'App\\User',172),(4,'App\\User',173),(4,'App\\User',174),(4,'App\\User',175),(4,'App\\User',176),(4,'App\\User',177),(4,'App\\User',178),(4,'App\\User',179),(4,'App\\User',180),(4,'App\\User',181),(4,'App\\User',182),(4,'App\\User',183),(4,'App\\User',184),(4,'App\\User',185),(4,'App\\User',186),(4,'App\\User',187),(4,'App\\User',188),(4,'App\\User',189),(4,'App\\User',190),(4,'App\\User',191),(4,'App\\User',192),(4,'App\\User',193),(4,'App\\User',194),(4,'App\\User',195),(4,'App\\User',196),(4,'App\\User',197),(4,'App\\User',198),(4,'App\\User',199),(4,'App\\User',200),(4,'App\\User',201),(4,'App\\User',202),(4,'App\\User',203),(4,'App\\User',204),(4,'App\\User',205),(4,'App\\User',206),(4,'App\\User',207),(4,'App\\User',208),(4,'App\\User',209),(4,'App\\User',210),(4,'App\\User',211),(4,'App\\User',212),(4,'App\\User',213),(4,'App\\User',214),(4,'App\\User',215),(4,'App\\User',216),(4,'App\\User',217),(4,'App\\User',218),(4,'App\\User',219),(4,'App\\User',220),(4,'App\\User',221),(4,'App\\User',222),(4,'App\\User',223),(4,'App\\User',224),(4,'App\\User',225),(4,'App\\User',226),(4,'App\\User',227),(4,'App\\User',228),(4,'App\\User',229),(4,'App\\User',230),(4,'App\\User',231),(4,'App\\User',232),(4,'App\\User',233),(4,'App\\User',234),(4,'App\\User',235),(4,'App\\User',236),(4,'App\\User',237),(4,'App\\User',238),(4,'App\\User',239),(4,'App\\User',240),(4,'App\\User',241),(4,'App\\User',242),(4,'App\\User',243),(4,'App\\User',244),(4,'App\\User',245),(4,'App\\User',246),(4,'App\\User',247),(4,'App\\User',248),(4,'App\\User',249),(4,'App\\User',250),(4,'App\\User',251),(4,'App\\User',252),(4,'App\\User',253),(4,'App\\User',254),(4,'App\\User',255),(4,'App\\User',256),(4,'App\\User',257),(4,'App\\User',258),(4,'App\\User',259),(4,'App\\User',260),(4,'App\\User',261),(4,'App\\User',262),(4,'App\\User',263),(4,'App\\User',264),(4,'App\\User',265),(4,'App\\User',266),(4,'App\\User',267),(4,'App\\User',268),(4,'App\\User',269),(4,'App\\User',270),(4,'App\\User',271),(4,'App\\User',272),(4,'App\\User',273),(4,'App\\User',274),(4,'App\\User',275),(4,'App\\User',276),(4,'App\\User',277),(4,'App\\User',278),(4,'App\\User',279),(4,'App\\User',280),(4,'App\\User',281),(4,'App\\User',282),(4,'App\\User',283),(4,'App\\User',284),(4,'App\\User',285),(4,'App\\User',286),(4,'App\\User',287),(4,'App\\User',288),(4,'App\\User',289),(4,'App\\User',290),(4,'App\\User',291),(4,'App\\User',292),(4,'App\\User',293),(4,'App\\User',294),(4,'App\\User',295),(4,'App\\User',296),(4,'App\\User',297),(4,'App\\User',298),(4,'App\\User',299),(4,'App\\User',300),(4,'App\\User',301),(4,'App\\User',302),(4,'App\\User',303),(4,'App\\User',304),(4,'App\\User',305),(4,'App\\User',306),(4,'App\\User',307),(4,'App\\User',308),(4,'App\\User',309),(4,'App\\User',310),(4,'App\\User',311),(4,'App\\User',312),(4,'App\\User',313),(4,'App\\User',314),(4,'App\\User',315),(4,'App\\User',316),(4,'App\\User',317),(4,'App\\User',318),(4,'App\\User',319),(4,'App\\User',320),(4,'App\\User',321),(4,'App\\User',322),(4,'App\\User',323),(4,'App\\User',324),(4,'App\\User',325),(4,'App\\User',326),(4,'App\\User',327),(4,'App\\User',328),(4,'App\\User',329),(4,'App\\User',330),(4,'App\\User',331),(4,'App\\User',332),(4,'App\\User',333),(4,'App\\User',334),(4,'App\\User',335),(4,'App\\User',336),(4,'App\\User',337),(4,'App\\User',338),(4,'App\\User',339),(4,'App\\User',340),(4,'App\\User',341),(4,'App\\User',342),(4,'App\\User',343),(4,'App\\User',344),(4,'App\\User',345),(4,'App\\User',346),(4,'App\\User',347),(4,'App\\User',348),(4,'App\\User',349),(4,'App\\User',350),(4,'App\\User',351),(4,'App\\User',352),(4,'App\\User',353),(4,'App\\User',354),(4,'App\\User',355),(4,'App\\User',356),(4,'App\\User',357),(4,'App\\User',358),(4,'App\\User',359),(4,'App\\User',360),(4,'App\\User',361),(4,'App\\User',362),(4,'App\\User',363),(4,'App\\User',364),(4,'App\\User',365),(4,'App\\User',366),(4,'App\\User',367),(4,'App\\User',368),(4,'App\\User',369),(4,'App\\User',370),(4,'App\\User',371),(4,'App\\User',372),(4,'App\\User',373),(4,'App\\User',374),(4,'App\\User',375),(4,'App\\User',376),(4,'App\\User',377),(4,'App\\User',378),(4,'App\\User',379),(4,'App\\User',380),(4,'App\\User',381),(4,'App\\User',382),(4,'App\\User',383),(4,'App\\User',384),(4,'App\\User',385),(4,'App\\User',386),(4,'App\\User',387),(4,'App\\User',388),(4,'App\\User',389),(4,'App\\User',390),(4,'App\\User',391),(4,'App\\User',392),(4,'App\\User',393),(4,'App\\User',394),(4,'App\\User',395),(4,'App\\User',396),(4,'App\\User',397),(4,'App\\User',398),(4,'App\\User',399),(4,'App\\User',400),(4,'App\\User',401),(4,'App\\User',402),(4,'App\\User',403),(4,'App\\User',404),(4,'App\\User',405),(4,'App\\User',406),(4,'App\\User',407),(4,'App\\User',408),(4,'App\\User',409),(4,'App\\User',410),(4,'App\\User',411),(4,'App\\User',412),(4,'App\\User',413),(4,'App\\User',414),(4,'App\\User',415),(4,'App\\User',416),(4,'App\\User',417),(4,'App\\User',418),(4,'App\\User',419),(4,'App\\User',420),(4,'App\\User',421),(4,'App\\User',422),(4,'App\\User',423),(4,'App\\User',424),(4,'App\\User',425),(4,'App\\User',426),(4,'App\\User',427),(4,'App\\User',428),(4,'App\\User',429),(4,'App\\User',430),(4,'App\\User',431),(4,'App\\User',432),(4,'App\\User',433),(4,'App\\User',434),(4,'App\\User',435),(4,'App\\User',436),(4,'App\\User',437),(4,'App\\User',438),(4,'App\\User',439),(4,'App\\User',440),(4,'App\\User',441),(4,'App\\User',442),(4,'App\\User',443),(4,'App\\User',444),(4,'App\\User',445),(4,'App\\User',446),(4,'App\\User',447),(4,'App\\User',448),(4,'App\\User',449),(4,'App\\User',450),(4,'App\\User',451),(4,'App\\User',452),(4,'App\\User',453),(4,'App\\User',454),(4,'App\\User',455),(4,'App\\User',456),(4,'App\\User',457),(4,'App\\User',458),(4,'App\\User',459),(4,'App\\User',460),(4,'App\\User',461),(4,'App\\User',462),(4,'App\\User',463),(4,'App\\User',464),(4,'App\\User',465),(4,'App\\User',466),(4,'App\\User',467),(4,'App\\User',468),(4,'App\\User',469),(4,'App\\User',470),(4,'App\\User',471),(4,'App\\User',472),(4,'App\\User',473),(4,'App\\User',474),(4,'App\\User',475),(4,'App\\User',476),(4,'App\\User',477),(4,'App\\User',478),(4,'App\\User',479),(4,'App\\User',480),(4,'App\\User',481),(4,'App\\User',482),(4,'App\\User',483),(4,'App\\User',484),(4,'App\\User',485),(4,'App\\User',486),(4,'App\\User',487),(4,'App\\User',488),(4,'App\\User',489),(4,'App\\User',490),(4,'App\\User',491),(4,'App\\User',492),(4,'App\\User',493),(4,'App\\User',494),(4,'App\\User',495),(4,'App\\User',496),(4,'App\\User',497),(4,'App\\User',498),(4,'App\\User',499),(4,'App\\User',500),(4,'App\\User',501),(4,'App\\User',502),(4,'App\\User',503),(4,'App\\User',504),(4,'App\\User',505),(4,'App\\User',506),(4,'App\\User',507),(4,'App\\User',508),(4,'App\\User',509),(4,'App\\User',510),(4,'App\\User',511),(4,'App\\User',512),(4,'App\\User',513),(4,'App\\User',514),(4,'App\\User',515),(4,'App\\User',516),(4,'App\\User',517),(4,'App\\User',518),(4,'App\\User',519),(4,'App\\User',520),(4,'App\\User',521),(4,'App\\User',522),(4,'App\\User',523),(4,'App\\User',524),(4,'App\\User',525),(4,'App\\User',526),(4,'App\\User',527),(4,'App\\User',528),(4,'App\\User',529),(4,'App\\User',530),(4,'App\\User',531),(4,'App\\User',532),(4,'App\\User',533),(4,'App\\User',534),(4,'App\\User',535),(4,'App\\User',536),(4,'App\\User',537),(4,'App\\User',538),(4,'App\\User',539),(4,'App\\User',540),(4,'App\\User',541),(4,'App\\User',542),(4,'App\\User',543),(4,'App\\User',544),(4,'App\\User',545),(4,'App\\User',546),(4,'App\\User',547),(4,'App\\User',548),(4,'App\\User',549),(4,'App\\User',550),(4,'App\\User',551),(4,'App\\User',552),(4,'App\\User',553),(4,'App\\User',554),(4,'App\\User',555),(4,'App\\User',556),(4,'App\\User',557),(4,'App\\User',558),(4,'App\\User',559),(4,'App\\User',560),(4,'App\\User',561),(4,'App\\User',562),(4,'App\\User',563),(4,'App\\User',564),(4,'App\\User',565),(4,'App\\User',566),(4,'App\\User',567),(4,'App\\User',568),(4,'App\\User',569),(4,'App\\User',570),(4,'App\\User',571),(4,'App\\User',572),(4,'App\\User',573),(4,'App\\User',574),(4,'App\\User',575),(4,'App\\User',576),(4,'App\\User',577),(4,'App\\User',578),(4,'App\\User',579),(4,'App\\User',580),(4,'App\\User',581),(4,'App\\User',582),(4,'App\\User',583),(4,'App\\User',584),(4,'App\\User',585),(4,'App\\User',586),(4,'App\\User',587),(4,'App\\User',588),(4,'App\\User',589),(4,'App\\User',590),(4,'App\\User',591),(4,'App\\User',592),(4,'App\\User',593),(4,'App\\User',594),(4,'App\\User',595),(4,'App\\User',596),(4,'App\\User',597),(4,'App\\User',598),(4,'App\\User',599),(4,'App\\User',600),(4,'App\\User',601),(4,'App\\User',602),(4,'App\\User',603),(4,'App\\User',604),(4,'App\\User',605),(4,'App\\User',606),(4,'App\\User',607),(4,'App\\User',608),(4,'App\\User',609),(4,'App\\User',610),(4,'App\\User',611),(4,'App\\User',612),(4,'App\\User',613),(4,'App\\User',614),(4,'App\\User',615),(4,'App\\User',616),(4,'App\\User',617),(4,'App\\User',618),(4,'App\\User',619),(4,'App\\User',620),(4,'App\\User',621),(4,'App\\User',622),(4,'App\\User',623),(4,'App\\User',624),(4,'App\\User',625),(4,'App\\User',626),(4,'App\\User',627),(4,'App\\User',628),(4,'App\\User',629),(4,'App\\User',630),(4,'App\\User',631),(4,'App\\User',632),(4,'App\\User',633),(4,'App\\User',634),(4,'App\\User',635),(4,'App\\User',636),(4,'App\\User',637),(4,'App\\User',638),(4,'App\\User',639),(4,'App\\User',640),(4,'App\\User',641),(4,'App\\User',642),(4,'App\\User',643),(4,'App\\User',644),(4,'App\\User',645),(4,'App\\User',646),(4,'App\\User',647),(4,'App\\User',648),(4,'App\\User',649),(4,'App\\User',650),(4,'App\\User',651),(4,'App\\User',652),(4,'App\\User',653),(4,'App\\User',654),(4,'App\\User',655),(4,'App\\User',656),(4,'App\\User',657),(4,'App\\User',658),(4,'App\\User',659),(4,'App\\User',660),(4,'App\\User',661),(4,'App\\User',662),(4,'App\\User',663),(4,'App\\User',664),(4,'App\\User',665),(4,'App\\User',666),(4,'App\\User',667),(4,'App\\User',668),(4,'App\\User',669),(4,'App\\User',670),(4,'App\\User',671),(4,'App\\User',672),(4,'App\\User',673),(4,'App\\User',674),(4,'App\\User',675),(4,'App\\User',676),(4,'App\\User',677),(4,'App\\User',678),(4,'App\\User',679),(4,'App\\User',680),(4,'App\\User',681),(4,'App\\User',682),(4,'App\\User',683),(4,'App\\User',684),(4,'App\\User',685),(4,'App\\User',686),(4,'App\\User',687),(4,'App\\User',688),(4,'App\\User',689),(4,'App\\User',690),(4,'App\\User',691),(4,'App\\User',692),(4,'App\\User',693),(4,'App\\User',694),(4,'App\\User',695),(4,'App\\User',696),(4,'App\\User',697),(4,'App\\User',698),(4,'App\\User',699),(4,'App\\User',700),(4,'App\\User',701),(4,'App\\User',702),(4,'App\\User',703),(4,'App\\User',704),(4,'App\\User',705),(4,'App\\User',706),(4,'App\\User',707),(4,'App\\User',708),(4,'App\\User',709),(4,'App\\User',710),(4,'App\\User',711),(4,'App\\User',712),(4,'App\\User',713),(4,'App\\User',714),(4,'App\\User',715),(4,'App\\User',716),(4,'App\\User',717),(4,'App\\User',718),(4,'App\\User',719),(4,'App\\User',720),(4,'App\\User',721),(4,'App\\User',722),(4,'App\\User',723),(4,'App\\User',724),(4,'App\\User',725),(4,'App\\User',726),(4,'App\\User',727),(4,'App\\User',728),(4,'App\\User',729),(4,'App\\User',730),(4,'App\\User',731),(4,'App\\User',732),(4,'App\\User',733),(4,'App\\User',734),(4,'App\\User',735),(4,'App\\User',736),(4,'App\\User',737),(4,'App\\User',738),(4,'App\\User',739),(4,'App\\User',740),(4,'App\\User',741),(4,'App\\User',742),(4,'App\\User',743),(4,'App\\User',744),(4,'App\\User',745),(4,'App\\User',746),(4,'App\\User',747),(4,'App\\User',748),(4,'App\\User',749),(4,'App\\User',750),(4,'App\\User',751),(4,'App\\User',752),(4,'App\\User',753),(4,'App\\User',754),(4,'App\\User',755),(4,'App\\User',756),(4,'App\\User',757),(4,'App\\User',758),(4,'App\\User',759),(4,'App\\User',760),(4,'App\\User',761),(4,'App\\User',762),(4,'App\\User',763),(4,'App\\User',764),(4,'App\\User',765),(4,'App\\User',766),(4,'App\\User',767),(4,'App\\User',768),(4,'App\\User',769),(4,'App\\User',770),(4,'App\\User',771),(4,'App\\User',772),(4,'App\\User',773),(4,'App\\User',774),(4,'App\\User',775),(4,'App\\User',776),(4,'App\\User',777),(4,'App\\User',778),(4,'App\\User',779),(4,'App\\User',780),(4,'App\\User',781),(4,'App\\User',782),(4,'App\\User',783),(4,'App\\User',784),(4,'App\\User',785),(4,'App\\User',786),(4,'App\\User',787),(4,'App\\User',788),(4,'App\\User',789),(4,'App\\User',790),(4,'App\\User',791),(4,'App\\User',792),(4,'App\\User',793),(4,'App\\User',794),(4,'App\\User',795),(4,'App\\User',796),(4,'App\\User',797),(4,'App\\User',798),(4,'App\\User',799),(4,'App\\User',800),(4,'App\\User',801),(4,'App\\User',802),(4,'App\\User',803),(4,'App\\User',804),(4,'App\\User',805),(4,'App\\User',806),(4,'App\\User',807),(4,'App\\User',808),(4,'App\\User',809),(4,'App\\User',810),(4,'App\\User',811),(4,'App\\User',812),(4,'App\\User',813),(4,'App\\User',814),(4,'App\\User',815),(4,'App\\User',816),(4,'App\\User',817),(4,'App\\User',818),(4,'App\\User',819),(4,'App\\User',820),(4,'App\\User',821),(4,'App\\User',822),(4,'App\\User',823),(4,'App\\User',824),(4,'App\\User',825),(4,'App\\User',826),(4,'App\\User',827),(4,'App\\User',828),(4,'App\\User',829),(4,'App\\User',830),(4,'App\\User',831),(4,'App\\User',832),(4,'App\\User',833),(4,'App\\User',834),(4,'App\\User',835),(4,'App\\User',836),(4,'App\\User',837),(4,'App\\User',838),(4,'App\\User',839),(4,'App\\User',840),(4,'App\\User',841),(4,'App\\User',842),(4,'App\\User',843),(4,'App\\User',844),(4,'App\\User',845),(4,'App\\User',846),(4,'App\\User',847),(4,'App\\User',848),(4,'App\\User',849),(4,'App\\User',850),(4,'App\\User',851),(4,'App\\User',852),(4,'App\\User',853),(4,'App\\User',854),(4,'App\\User',855),(4,'App\\User',856),(4,'App\\User',857),(4,'App\\User',858),(4,'App\\User',859),(4,'App\\User',860),(4,'App\\User',861),(4,'App\\User',862),(4,'App\\User',863),(4,'App\\User',864),(4,'App\\User',865),(4,'App\\User',866),(4,'App\\User',867),(4,'App\\User',868),(4,'App\\User',869),(4,'App\\User',870),(4,'App\\User',871),(4,'App\\User',872),(4,'App\\User',873),(4,'App\\User',874),(4,'App\\User',875),(4,'App\\User',876),(4,'App\\User',877),(4,'App\\User',878),(4,'App\\User',879),(4,'App\\User',880),(4,'App\\User',881),(4,'App\\User',882),(4,'App\\User',883),(4,'App\\User',884),(4,'App\\User',885),(4,'App\\User',886),(4,'App\\User',887),(4,'App\\User',888),(4,'App\\User',889),(4,'App\\User',890),(4,'App\\User',891),(4,'App\\User',892),(4,'App\\User',893),(4,'App\\User',894),(4,'App\\User',895),(4,'App\\User',896),(4,'App\\User',897),(4,'App\\User',898),(4,'App\\User',899),(4,'App\\User',900),(4,'App\\User',901),(4,'App\\User',902),(4,'App\\User',903),(4,'App\\User',904),(4,'App\\User',905),(4,'App\\User',906),(4,'App\\User',907),(4,'App\\User',908),(4,'App\\User',909),(4,'App\\User',910),(4,'App\\User',911),(4,'App\\User',912),(4,'App\\User',913),(4,'App\\User',914),(4,'App\\User',915),(4,'App\\User',916),(4,'App\\User',917),(4,'App\\User',918),(4,'App\\User',919),(4,'App\\User',920),(4,'App\\User',921),(4,'App\\User',922),(4,'App\\User',923),(4,'App\\User',924),(4,'App\\User',925),(4,'App\\User',926),(4,'App\\User',927),(4,'App\\User',928),(4,'App\\User',929),(4,'App\\User',930),(4,'App\\User',931),(4,'App\\User',932),(4,'App\\User',933),(4,'App\\User',934),(4,'App\\User',935),(4,'App\\User',936),(4,'App\\User',937),(4,'App\\User',938),(4,'App\\User',939),(4,'App\\User',940),(4,'App\\User',941),(4,'App\\User',942),(4,'App\\User',943),(4,'App\\User',944),(4,'App\\User',945),(4,'App\\User',946),(4,'App\\User',947),(4,'App\\User',948),(4,'App\\User',949),(4,'App\\User',950),(4,'App\\User',951),(4,'App\\User',952),(4,'App\\User',953),(4,'App\\User',954),(4,'App\\User',955),(4,'App\\User',956),(4,'App\\User',957),(4,'App\\User',958),(4,'App\\User',959),(4,'App\\User',960),(4,'App\\User',961),(4,'App\\User',962),(4,'App\\User',963),(4,'App\\User',964),(4,'App\\User',965),(4,'App\\User',966),(4,'App\\User',967),(4,'App\\User',968),(4,'App\\User',969),(4,'App\\User',970),(4,'App\\User',971),(4,'App\\User',972),(4,'App\\User',973),(4,'App\\User',974),(4,'App\\User',975),(4,'App\\User',976),(4,'App\\User',977),(4,'App\\User',978),(4,'App\\User',979),(4,'App\\User',980),(4,'App\\User',981),(4,'App\\User',982),(4,'App\\User',983),(4,'App\\User',984),(4,'App\\User',985),(4,'App\\User',986),(4,'App\\User',987),(4,'App\\User',988),(4,'App\\User',989),(4,'App\\User',990),(4,'App\\User',991),(4,'App\\User',992),(4,'App\\User',993),(4,'App\\User',994),(4,'App\\User',995),(4,'App\\User',996),(4,'App\\User',997),(4,'App\\User',998),(4,'App\\User',999),(4,'App\\User',1000),(4,'App\\User',1001),(4,'App\\User',1002),(4,'App\\User',1003),(4,'App\\User',1004),(4,'App\\User',1005),(4,'App\\User',1006),(4,'App\\User',1007),(4,'App\\User',1008),(4,'App\\User',1009),(4,'App\\User',1010),(4,'App\\User',1011),(4,'App\\User',1012),(4,'App\\User',1013),(4,'App\\User',1014),(4,'App\\User',1015),(4,'App\\User',1016),(4,'App\\User',1017),(4,'App\\User',1018),(4,'App\\User',1019),(4,'App\\User',1020),(4,'App\\User',1021),(4,'App\\User',1022),(4,'App\\User',1023),(4,'App\\User',1024),(4,'App\\User',1025),(4,'App\\User',1026),(4,'App\\User',1027),(4,'App\\User',1028),(4,'App\\User',1029),(4,'App\\User',1030),(4,'App\\User',1031),(4,'App\\User',1032),(4,'App\\User',1033),(4,'App\\User',1034),(4,'App\\User',1035),(4,'App\\User',1036),(4,'App\\User',1037),(4,'App\\User',1038),(4,'App\\User',1039),(4,'App\\User',1040),(4,'App\\User',1041),(4,'App\\User',1042),(4,'App\\User',1043),(4,'App\\User',1044),(4,'App\\User',1045),(4,'App\\User',1046),(4,'App\\User',1047),(4,'App\\User',1048),(4,'App\\User',1049),(4,'App\\User',1050),(4,'App\\User',1051),(4,'App\\User',1052),(4,'App\\User',1053),(4,'App\\User',1054),(4,'App\\User',1055),(4,'App\\User',1056),(4,'App\\User',1057),(4,'App\\User',1058),(4,'App\\User',1059),(4,'App\\User',1060),(4,'App\\User',1061),(4,'App\\User',1062),(4,'App\\User',1063),(4,'App\\User',1064),(4,'App\\User',1065),(4,'App\\User',1066),(4,'App\\User',1067),(4,'App\\User',1068),(4,'App\\User',1069),(4,'App\\User',1070),(4,'App\\User',1071),(4,'App\\User',1072),(4,'App\\User',1073),(4,'App\\User',1074),(4,'App\\User',1075),(4,'App\\User',1076),(4,'App\\User',1077),(4,'App\\User',1078),(4,'App\\User',1079),(4,'App\\User',1080),(4,'App\\User',1081),(4,'App\\User',1082),(4,'App\\User',1083),(4,'App\\User',1084),(4,'App\\User',1085),(4,'App\\User',1086),(4,'App\\User',1087),(4,'App\\User',1088),(4,'App\\User',1089),(4,'App\\User',1090),(4,'App\\User',1091),(4,'App\\User',1092),(4,'App\\User',1093),(4,'App\\User',1094),(4,'App\\User',1095),(4,'App\\User',1096),(4,'App\\User',1097),(4,'App\\User',1098),(4,'App\\User',1099),(4,'App\\User',1100),(4,'App\\User',1101),(4,'App\\User',1102),(4,'App\\User',1103),(4,'App\\User',1104),(4,'App\\User',1105),(4,'App\\User',1106),(4,'App\\User',1107),(4,'App\\User',1108),(4,'App\\User',1109),(4,'App\\User',1110),(4,'App\\User',1111),(4,'App\\User',1112),(4,'App\\User',1113),(4,'App\\User',1114),(4,'App\\User',1115),(4,'App\\User',1116),(4,'App\\User',1117),(4,'App\\User',1118),(4,'App\\User',1119),(4,'App\\User',1120),(4,'App\\User',1121),(4,'App\\User',1122),(4,'App\\User',1123),(4,'App\\User',1124),(4,'App\\User',1125),(4,'App\\User',1126),(4,'App\\User',1127),(4,'App\\User',1128),(4,'App\\User',1129),(4,'App\\User',1130),(4,'App\\User',1131),(4,'App\\User',1132),(4,'App\\User',1133),(4,'App\\User',1134),(4,'App\\User',1135),(4,'App\\User',1136),(4,'App\\User',1137),(4,'App\\User',1138),(4,'App\\User',1139),(4,'App\\User',1140),(4,'App\\User',1141),(4,'App\\User',1142),(4,'App\\User',1143),(4,'App\\User',1144),(4,'App\\User',1145),(4,'App\\User',1146),(4,'App\\User',1147),(4,'App\\User',1148),(4,'App\\User',1149),(4,'App\\User',1150),(4,'App\\User',1151),(4,'App\\User',1152),(4,'App\\User',1153),(4,'App\\User',1154),(4,'App\\User',1155),(4,'App\\User',1156),(4,'App\\User',1157),(4,'App\\User',1158),(4,'App\\User',1159),(4,'App\\User',1160),(4,'App\\User',1161),(4,'App\\User',1162),(4,'App\\User',1163),(4,'App\\User',1164),(4,'App\\User',1165),(4,'App\\User',1166),(4,'App\\User',1167),(4,'App\\User',1168),(4,'App\\User',1169),(4,'App\\User',1170),(4,'App\\User',1171),(4,'App\\User',1172),(4,'App\\User',1173),(4,'App\\User',1174),(4,'App\\User',1175),(4,'App\\User',1176),(4,'App\\User',1177),(4,'App\\User',1178),(4,'App\\User',1179),(4,'App\\User',1180),(4,'App\\User',1181),(4,'App\\User',1182),(4,'App\\User',1183),(4,'App\\User',1184),(4,'App\\User',1185),(4,'App\\User',1186),(4,'App\\User',1187),(4,'App\\User',1188),(4,'App\\User',1189),(4,'App\\User',1190),(4,'App\\User',1191),(4,'App\\User',1192),(4,'App\\User',1193),(4,'App\\User',1194),(4,'App\\User',1195),(4,'App\\User',1196),(4,'App\\User',1197),(4,'App\\User',1198),(4,'App\\User',1199),(4,'App\\User',1200),(4,'App\\User',1201),(4,'App\\User',1202),(4,'App\\User',1203),(4,'App\\User',1204),(4,'App\\User',1205),(4,'App\\User',1206),(4,'App\\User',1207),(4,'App\\User',1208),(4,'App\\User',1209),(4,'App\\User',1210),(4,'App\\User',1211),(4,'App\\User',1212),(4,'App\\User',1213),(4,'App\\User',1214),(4,'App\\User',1215),(4,'App\\User',1216),(4,'App\\User',1217),(4,'App\\User',1218),(4,'App\\User',1219),(4,'App\\User',1220),(4,'App\\User',1221),(4,'App\\User',1222),(4,'App\\User',1223),(4,'App\\User',1224),(4,'App\\User',1225),(4,'App\\User',1226),(4,'App\\User',1227),(4,'App\\User',1228),(4,'App\\User',1229),(4,'App\\User',1230),(4,'App\\User',1231),(4,'App\\User',1232),(4,'App\\User',1233),(4,'App\\User',1234),(4,'App\\User',1235),(4,'App\\User',1236),(4,'App\\User',1237),(4,'App\\User',1238),(4,'App\\User',1239),(4,'App\\User',1240),(4,'App\\User',1241),(4,'App\\User',1242),(4,'App\\User',1243),(4,'App\\User',1244),(4,'App\\User',1245),(4,'App\\User',1246),(4,'App\\User',1247),(4,'App\\User',1248),(4,'App\\User',1249),(4,'App\\User',1250),(4,'App\\User',1251),(4,'App\\User',1252),(4,'App\\User',1253),(4,'App\\User',1254),(4,'App\\User',1255),(4,'App\\User',1256),(4,'App\\User',1257),(4,'App\\User',1258),(4,'App\\User',1259),(4,'App\\User',1260),(4,'App\\User',1261),(4,'App\\User',1262),(4,'App\\User',1263),(4,'App\\User',1264),(4,'App\\User',1265),(4,'App\\User',1266),(4,'App\\User',1267),(4,'App\\User',1268),(4,'App\\User',1269),(4,'App\\User',1270),(4,'App\\User',1271),(4,'App\\User',1272),(4,'App\\User',1273),(4,'App\\User',1274),(4,'App\\User',1275),(4,'App\\User',1276),(4,'App\\User',1277),(4,'App\\User',1278),(4,'App\\User',1279),(4,'App\\User',1280),(4,'App\\User',1281),(4,'App\\User',1282),(4,'App\\User',1283),(4,'App\\User',1284),(4,'App\\User',1285),(4,'App\\User',1286),(4,'App\\User',1287),(4,'App\\User',1288),(4,'App\\User',1289),(4,'App\\User',1290),(4,'App\\User',1291),(4,'App\\User',1292),(4,'App\\User',1293),(4,'App\\User',1294),(4,'App\\User',1295),(4,'App\\User',1296),(4,'App\\User',1297),(4,'App\\User',1298),(4,'App\\User',1299),(4,'App\\User',1300),(4,'App\\User',1301),(4,'App\\User',1302),(4,'App\\User',1303),(4,'App\\User',1304),(4,'App\\User',1305),(4,'App\\User',1306),(4,'App\\User',1307),(4,'App\\User',1308),(4,'App\\User',1309),(4,'App\\User',1310),(4,'App\\User',1311),(4,'App\\User',1312),(4,'App\\User',1313),(4,'App\\User',1314),(4,'App\\User',1315),(4,'App\\User',1316),(4,'App\\User',1317),(4,'App\\User',1318),(4,'App\\User',1319),(4,'App\\User',1320),(4,'App\\User',1321),(4,'App\\User',1322),(4,'App\\User',1323),(4,'App\\User',1324),(4,'App\\User',1325),(4,'App\\User',1326),(4,'App\\User',1327),(4,'App\\User',1328),(4,'App\\User',1329),(4,'App\\User',1330),(4,'App\\User',1331),(4,'App\\User',1332),(4,'App\\User',1333),(4,'App\\User',1334),(4,'App\\User',1335),(4,'App\\User',1336),(4,'App\\User',1337),(4,'App\\User',1338),(4,'App\\User',1339),(4,'App\\User',1340),(4,'App\\User',1341),(4,'App\\User',1342),(4,'App\\User',1343),(4,'App\\User',1344),(4,'App\\User',1345),(4,'App\\User',1346),(4,'App\\User',1347),(4,'App\\User',1348),(4,'App\\User',1349),(4,'App\\User',1350),(4,'App\\User',1351),(4,'App\\User',1352),(4,'App\\User',1353),(4,'App\\User',1354),(4,'App\\User',1355),(4,'App\\User',1356),(4,'App\\User',1357),(4,'App\\User',1358),(4,'App\\User',1359),(4,'App\\User',1360),(4,'App\\User',1361),(4,'App\\User',1362),(4,'App\\User',1363),(4,'App\\User',1364),(4,'App\\User',1365),(4,'App\\User',1366),(4,'App\\User',1367),(4,'App\\User',1368),(4,'App\\User',1369),(4,'App\\User',1370),(4,'App\\User',1371),(4,'App\\User',1372),(4,'App\\User',1373),(4,'App\\User',1374),(4,'App\\User',1375),(4,'App\\User',1376),(4,'App\\User',1377),(4,'App\\User',1378),(4,'App\\User',1379),(4,'App\\User',1380),(4,'App\\User',1381),(4,'App\\User',1382),(4,'App\\User',1383),(4,'App\\User',1384),(4,'App\\User',1385),(4,'App\\User',1386),(4,'App\\User',1387),(4,'App\\User',1388),(4,'App\\User',1389),(4,'App\\User',1390),(4,'App\\User',1391),(4,'App\\User',1392),(4,'App\\User',1393),(4,'App\\User',1394),(4,'App\\User',1395),(4,'App\\User',1396),(4,'App\\User',1397),(4,'App\\User',1398),(4,'App\\User',1399),(4,'App\\User',1400),(4,'App\\User',1401),(4,'App\\User',1402),(4,'App\\User',1403),(4,'App\\User',1404),(4,'App\\User',1405),(4,'App\\User',1406),(4,'App\\User',1407),(4,'App\\User',1408),(4,'App\\User',1409),(4,'App\\User',1410),(4,'App\\User',1411),(4,'App\\User',1412),(4,'App\\User',1413),(4,'App\\User',1414),(4,'App\\User',1415),(4,'App\\User',1416),(4,'App\\User',1417),(4,'App\\User',1418),(4,'App\\User',1419),(4,'App\\User',1420),(4,'App\\User',1421),(4,'App\\User',1422),(4,'App\\User',1423),(4,'App\\User',1424),(4,'App\\User',1425),(4,'App\\User',1426),(4,'App\\User',1427),(4,'App\\User',1428),(4,'App\\User',1429),(4,'App\\User',1430),(4,'App\\User',1431),(4,'App\\User',1432),(4,'App\\User',1433),(4,'App\\User',1434),(4,'App\\User',1435),(4,'App\\User',1436),(4,'App\\User',1437),(4,'App\\User',1438),(4,'App\\User',1439),(4,'App\\User',1440),(4,'App\\User',1441),(4,'App\\User',1442),(4,'App\\User',1443),(4,'App\\User',1444),(4,'App\\User',1445),(4,'App\\User',1446),(4,'App\\User',1447),(4,'App\\User',1448),(4,'App\\User',1449),(4,'App\\User',1450),(4,'App\\User',1451),(4,'App\\User',1452),(4,'App\\User',1453),(4,'App\\User',1454),(4,'App\\User',1455),(4,'App\\User',1456),(4,'App\\User',1457),(4,'App\\User',1458),(4,'App\\User',1459),(4,'App\\User',1460),(4,'App\\User',1461),(4,'App\\User',1462),(4,'App\\User',1463),(4,'App\\User',1464),(4,'App\\User',1465),(4,'App\\User',1466),(4,'App\\User',1467),(4,'App\\User',1468),(4,'App\\User',1469),(4,'App\\User',1470),(4,'App\\User',1471),(4,'App\\User',1472),(4,'App\\User',1473),(4,'App\\User',1474),(4,'App\\User',1475),(4,'App\\User',1476),(4,'App\\User',1477),(4,'App\\User',1478),(4,'App\\User',1479),(4,'App\\User',1480),(4,'App\\User',1481),(4,'App\\User',1482),(4,'App\\User',1483),(4,'App\\User',1484),(4,'App\\User',1485),(4,'App\\User',1486),(4,'App\\User',1487),(4,'App\\User',1488),(4,'App\\User',1489),(4,'App\\User',1490),(4,'App\\User',1491),(4,'App\\User',1492),(4,'App\\User',1493),(4,'App\\User',1494),(4,'App\\User',1495),(4,'App\\User',1496),(4,'App\\User',1497),(4,'App\\User',1498),(4,'App\\User',1499),(4,'App\\User',1500),(4,'App\\User',1501),(4,'App\\User',1502),(4,'App\\User',1503),(4,'App\\User',1504),(4,'App\\User',1505),(4,'App\\User',1506),(4,'App\\User',1507),(4,'App\\User',1508),(4,'App\\User',1509),(4,'App\\User',1510),(4,'App\\User',1511),(4,'App\\User',1512),(4,'App\\User',1513),(4,'App\\User',1514),(4,'App\\User',1515),(4,'App\\User',1516),(4,'App\\User',1517),(4,'App\\User',1518),(4,'App\\User',1519),(4,'App\\User',1520),(4,'App\\User',1521),(4,'App\\User',1522),(4,'App\\User',1523),(4,'App\\User',1524),(4,'App\\User',1525),(4,'App\\User',1526),(4,'App\\User',1527),(4,'App\\User',1528),(4,'App\\User',1529),(4,'App\\User',1530),(4,'App\\User',1531),(4,'App\\User',1532),(4,'App\\User',1533),(4,'App\\User',1534),(4,'App\\User',1535),(4,'App\\User',1536),(4,'App\\User',1537),(4,'App\\User',1538),(4,'App\\User',1539),(4,'App\\User',1540),(4,'App\\User',1541),(4,'App\\User',1542),(4,'App\\User',1543),(4,'App\\User',1544),(4,'App\\User',1545),(4,'App\\User',1546),(4,'App\\User',1547),(4,'App\\User',1548),(4,'App\\User',1549),(4,'App\\User',1550),(4,'App\\User',1551),(4,'App\\User',1552),(4,'App\\User',1553),(4,'App\\User',1554),(4,'App\\User',1555),(4,'App\\User',1556),(4,'App\\User',1557),(4,'App\\User',1558),(4,'App\\User',1559),(4,'App\\User',1560),(4,'App\\User',1561),(4,'App\\User',1562),(4,'App\\User',1563),(4,'App\\User',1564),(4,'App\\User',1565),(4,'App\\User',1566),(4,'App\\User',1567),(4,'App\\User',1568),(4,'App\\User',1569),(4,'App\\User',1570),(4,'App\\User',1571),(4,'App\\User',1572),(4,'App\\User',1573),(4,'App\\User',1574),(4,'App\\User',1575),(4,'App\\User',1576),(4,'App\\User',1577),(4,'App\\User',1578),(4,'App\\User',1579),(4,'App\\User',1580),(4,'App\\User',1581),(4,'App\\User',1582),(4,'App\\User',1583),(4,'App\\User',1584),(4,'App\\User',1585),(4,'App\\User',1586),(4,'App\\User',1587),(4,'App\\User',1588),(4,'App\\User',1589),(4,'App\\User',1590),(4,'App\\User',1591),(4,'App\\User',1592),(4,'App\\User',1593),(4,'App\\User',1594),(4,'App\\User',1595),(4,'App\\User',1596),(4,'App\\User',1597),(4,'App\\User',1598),(4,'App\\User',1599),(4,'App\\User',1600),(4,'App\\User',1601),(4,'App\\User',1602),(4,'App\\User',1603),(4,'App\\User',1604),(4,'App\\User',1605),(4,'App\\User',1606),(4,'App\\User',1607),(4,'App\\User',1608),(4,'App\\User',1609),(4,'App\\User',1610),(4,'App\\User',1611),(4,'App\\User',1612),(4,'App\\User',1613),(4,'App\\User',1614),(4,'App\\User',1615),(4,'App\\User',1616),(4,'App\\User',1617),(4,'App\\User',1618),(4,'App\\User',1619),(4,'App\\User',1620),(4,'App\\User',1621),(4,'App\\User',1622),(4,'App\\User',1623),(4,'App\\User',1624),(4,'App\\User',1625),(4,'App\\User',1626),(4,'App\\User',1627),(4,'App\\User',1628),(4,'App\\User',1629),(4,'App\\User',1630),(4,'App\\User',1631),(4,'App\\User',1632),(4,'App\\User',1633),(4,'App\\User',1634),(4,'App\\User',1635),(4,'App\\User',1636),(4,'App\\User',1637),(4,'App\\User',1638),(4,'App\\User',1639),(4,'App\\User',1640),(4,'App\\User',1641),(4,'App\\User',1642),(4,'App\\User',1643),(4,'App\\User',1644),(4,'App\\User',1645),(4,'App\\User',1646),(4,'App\\User',1647),(4,'App\\User',1648),(4,'App\\User',1649),(4,'App\\User',1650),(4,'App\\User',1651),(4,'App\\User',1652),(4,'App\\User',1653),(4,'App\\User',1654),(4,'App\\User',1655),(4,'App\\User',1656),(4,'App\\User',1657),(4,'App\\User',1658),(4,'App\\User',1659),(4,'App\\User',1660),(4,'App\\User',1661),(4,'App\\User',1662),(4,'App\\User',1663),(4,'App\\User',1664),(4,'App\\User',1665),(4,'App\\User',1666),(4,'App\\User',1667),(4,'App\\User',1668),(4,'App\\User',1669),(4,'App\\User',1670),(4,'App\\User',1671),(4,'App\\User',1672),(4,'App\\User',1673),(4,'App\\User',1674),(4,'App\\User',1675),(4,'App\\User',1676),(4,'App\\User',1677),(4,'App\\User',1678),(4,'App\\User',1679),(4,'App\\User',1680),(4,'App\\User',1681),(4,'App\\User',1682),(4,'App\\User',1683),(4,'App\\User',1684),(4,'App\\User',1685),(4,'App\\User',1686),(4,'App\\User',1687),(4,'App\\User',1688),(4,'App\\User',1689),(4,'App\\User',1690),(4,'App\\User',1691),(4,'App\\User',1692),(4,'App\\User',1693),(4,'App\\User',1694),(4,'App\\User',1695),(4,'App\\User',1696),(4,'App\\User',1697),(4,'App\\User',1698),(4,'App\\User',1699),(4,'App\\User',1700),(4,'App\\User',1701),(4,'App\\User',1702),(4,'App\\User',1703),(4,'App\\User',1704),(4,'App\\User',1705),(4,'App\\User',1706),(4,'App\\User',1707),(4,'App\\User',1708),(4,'App\\User',1709),(4,'App\\User',1710),(4,'App\\User',1711),(4,'App\\User',1712),(4,'App\\User',1713),(4,'App\\User',1714),(4,'App\\User',1715),(4,'App\\User',1716),(4,'App\\User',1717),(4,'App\\User',1718),(4,'App\\User',1719),(4,'App\\User',1720),(4,'App\\User',1721),(4,'App\\User',1722),(4,'App\\User',1723),(4,'App\\User',1724),(4,'App\\User',1725),(4,'App\\User',1726),(4,'App\\User',1727),(4,'App\\User',1728),(4,'App\\User',1729),(4,'App\\User',1730),(4,'App\\User',1731),(4,'App\\User',1732),(4,'App\\User',1733),(4,'App\\User',1734),(4,'App\\User',1735),(4,'App\\User',1736),(4,'App\\User',1737),(4,'App\\User',1738),(4,'App\\User',1739),(4,'App\\User',1740),(4,'App\\User',1741),(4,'App\\User',1742),(4,'App\\User',1743),(4,'App\\User',1744),(4,'App\\User',1745),(4,'App\\User',1746),(4,'App\\User',1747),(4,'App\\User',1748),(4,'App\\User',1749),(4,'App\\User',1750),(4,'App\\User',1751),(4,'App\\User',1752),(4,'App\\User',1753),(4,'App\\User',1754),(4,'App\\User',1755),(4,'App\\User',1756),(4,'App\\User',1757),(4,'App\\User',1758),(4,'App\\User',1759),(4,'App\\User',1760),(4,'App\\User',1761),(4,'App\\User',1762),(4,'App\\User',1763),(4,'App\\User',1764),(4,'App\\User',1765),(4,'App\\User',1766),(4,'App\\User',1767),(4,'App\\User',1768),(4,'App\\User',1769),(4,'App\\User',1770),(4,'App\\User',1771),(4,'App\\User',1772),(4,'App\\User',1773),(4,'App\\User',1774),(4,'App\\User',1775),(4,'App\\User',1776),(4,'App\\User',1777),(4,'App\\User',1778),(4,'App\\User',1779),(4,'App\\User',1780),(4,'App\\User',1781),(4,'App\\User',1782),(4,'App\\User',1783),(4,'App\\User',1784),(4,'App\\User',1785),(4,'App\\User',1786),(4,'App\\User',1787),(4,'App\\User',1788),(4,'App\\User',1789),(4,'App\\User',1790),(4,'App\\User',1791),(4,'App\\User',1792),(4,'App\\User',1793),(4,'App\\User',1794),(4,'App\\User',1795),(4,'App\\User',1796),(4,'App\\User',1797),(4,'App\\User',1798),(4,'App\\User',1799),(4,'App\\User',1800),(4,'App\\User',1801),(4,'App\\User',1802),(4,'App\\User',1803),(4,'App\\User',1804),(4,'App\\User',1805),(4,'App\\User',1806),(4,'App\\User',1807),(4,'App\\User',1808),(4,'App\\User',1809),(4,'App\\User',1810),(4,'App\\User',1811),(4,'App\\User',1812),(4,'App\\User',1813),(4,'App\\User',1814),(4,'App\\User',1815),(4,'App\\User',1816),(4,'App\\User',1817),(4,'App\\User',1818),(4,'App\\User',1819),(4,'App\\User',1820),(4,'App\\User',1821),(4,'App\\User',1822),(4,'App\\User',1823),(4,'App\\User',1824),(4,'App\\User',1825),(4,'App\\User',1826),(4,'App\\User',1827),(4,'App\\User',1828),(4,'App\\User',1829),(4,'App\\User',1830),(4,'App\\User',1831),(4,'App\\User',1832),(4,'App\\User',1833),(4,'App\\User',1834),(4,'App\\User',1835),(4,'App\\User',1836),(4,'App\\User',1837),(4,'App\\User',1838),(4,'App\\User',1839),(4,'App\\User',1840),(4,'App\\User',1841),(4,'App\\User',1842),(4,'App\\User',1843),(4,'App\\User',1844),(4,'App\\User',1845),(4,'App\\User',1846),(4,'App\\User',1847),(4,'App\\User',1848),(4,'App\\User',1849),(4,'App\\User',1850),(4,'App\\User',1851),(4,'App\\User',1852),(4,'App\\User',1853),(4,'App\\User',1854),(4,'App\\User',1855),(4,'App\\User',1856),(4,'App\\User',1857),(4,'App\\User',1858),(4,'App\\User',1859),(4,'App\\User',1860),(4,'App\\User',1861),(4,'App\\User',1862),(4,'App\\User',1863),(4,'App\\User',1864),(4,'App\\User',1865),(4,'App\\User',1866),(4,'App\\User',1867),(4,'App\\User',1868),(4,'App\\User',1869),(4,'App\\User',1870),(4,'App\\User',1871),(4,'App\\User',1872),(4,'App\\User',1873),(4,'App\\User',1874),(4,'App\\User',1875),(4,'App\\User',1876),(4,'App\\User',1877),(4,'App\\User',1878),(4,'App\\User',1879),(4,'App\\User',1880),(4,'App\\User',1881),(4,'App\\User',1882),(4,'App\\User',1883),(4,'App\\User',1884),(4,'App\\User',1885),(4,'App\\User',1886),(4,'App\\User',1887),(4,'App\\User',1888),(4,'App\\User',1889),(4,'App\\User',1890),(4,'App\\User',1891),(4,'App\\User',1892),(4,'App\\User',1893),(4,'App\\User',1894),(4,'App\\User',1895),(4,'App\\User',1896),(4,'App\\User',1897),(4,'App\\User',1898),(4,'App\\User',1899),(4,'App\\User',1900),(4,'App\\User',1901),(4,'App\\User',1902),(4,'App\\User',1903),(4,'App\\User',1904),(4,'App\\User',1905),(4,'App\\User',1906),(4,'App\\User',1907),(4,'App\\User',1908),(4,'App\\User',1909),(4,'App\\User',1910),(4,'App\\User',1911),(4,'App\\User',1912),(4,'App\\User',1913),(4,'App\\User',1914),(4,'App\\User',1915),(4,'App\\User',1916),(4,'App\\User',1917),(4,'App\\User',1918),(4,'App\\User',1919),(4,'App\\User',1920),(4,'App\\User',1921),(4,'App\\User',1922),(4,'App\\User',1923),(4,'App\\User',1924),(4,'App\\User',1925),(4,'App\\User',1926),(4,'App\\User',1927),(4,'App\\User',1928),(4,'App\\User',1929),(4,'App\\User',1930),(4,'App\\User',1931),(4,'App\\User',1932),(4,'App\\User',1933),(4,'App\\User',1934),(4,'App\\User',1935),(4,'App\\User',1936),(4,'App\\User',1937),(4,'App\\User',1938),(4,'App\\User',1939),(4,'App\\User',1940),(4,'App\\User',1941),(4,'App\\User',1942),(4,'App\\User',1943),(4,'App\\User',1944),(4,'App\\User',1945),(4,'App\\User',1946),(4,'App\\User',1947),(4,'App\\User',1948),(4,'App\\User',1949),(4,'App\\User',1950),(4,'App\\User',1951),(4,'App\\User',1952),(4,'App\\User',1953),(4,'App\\User',1954),(4,'App\\User',1955),(4,'App\\User',1956),(4,'App\\User',1957),(4,'App\\User',1958),(4,'App\\User',1959),(4,'App\\User',1960),(4,'App\\User',1961),(4,'App\\User',1962),(4,'App\\User',1963),(4,'App\\User',1964),(4,'App\\User',1965),(4,'App\\User',1966),(4,'App\\User',1967),(4,'App\\User',1968),(4,'App\\User',1969),(4,'App\\User',1970),(4,'App\\User',1971),(4,'App\\User',1972),(4,'App\\User',1973),(4,'App\\User',1974),(4,'App\\User',1975),(4,'App\\User',1976),(4,'App\\User',1977),(4,'App\\User',1978),(4,'App\\User',1979),(4,'App\\User',1980),(4,'App\\User',1981),(4,'App\\User',1982),(4,'App\\User',1983),(4,'App\\User',1984),(4,'App\\User',1985),(4,'App\\User',1986),(4,'App\\User',1987),(4,'App\\User',1988),(4,'App\\User',1989),(4,'App\\User',1990),(4,'App\\User',1991),(4,'App\\User',1992),(4,'App\\User',1993),(4,'App\\User',1994),(4,'App\\User',1995),(4,'App\\User',1996),(4,'App\\User',1997),(4,'App\\User',1998),(4,'App\\User',1999),(4,'App\\User',2000),(4,'App\\User',2001),(4,'App\\User',2002),(4,'App\\User',2003),(4,'App\\User',2004),(4,'App\\User',2005),(4,'App\\User',2006),(4,'App\\User',2007),(4,'App\\User',2008),(4,'App\\User',2009),(4,'App\\User',2010),(4,'App\\User',2011),(4,'App\\User',2012),(4,'App\\User',2013),(4,'App\\User',2014),(4,'App\\User',2015),(4,'App\\User',2016),(4,'App\\User',2017),(4,'App\\User',2018),(4,'App\\User',2019),(4,'App\\User',2020),(4,'App\\User',2021),(4,'App\\User',2022),(4,'App\\User',2023),(4,'App\\User',2024),(4,'App\\User',2025),(4,'App\\User',2026),(4,'App\\User',2027),(4,'App\\User',2028),(4,'App\\User',2029),(4,'App\\User',2030),(4,'App\\User',2031),(4,'App\\User',2032),(4,'App\\User',2033),(4,'App\\User',2034),(4,'App\\User',2035),(4,'App\\User',2036),(4,'App\\User',2037),(4,'App\\User',2038),(4,'App\\User',2039),(4,'App\\User',2040),(4,'App\\User',2041),(4,'App\\User',2042),(4,'App\\User',2043),(4,'App\\User',2044),(4,'App\\User',2045),(4,'App\\User',2046),(4,'App\\User',2047),(4,'App\\User',2048),(4,'App\\User',2049),(4,'App\\User',2050),(4,'App\\User',2051),(4,'App\\User',2052),(4,'App\\User',2053),(4,'App\\User',2054),(4,'App\\User',2055),(4,'App\\User',2056),(4,'App\\User',2057),(4,'App\\User',2058),(4,'App\\User',2059),(4,'App\\User',2060),(4,'App\\User',2061),(4,'App\\User',2062),(4,'App\\User',2063),(4,'App\\User',2064),(4,'App\\User',2065),(4,'App\\User',2066),(4,'App\\User',2067),(4,'App\\User',2068),(4,'App\\User',2069),(4,'App\\User',2070),(4,'App\\User',2071),(4,'App\\User',2072),(4,'App\\User',2073),(4,'App\\User',2074),(4,'App\\User',2075),(4,'App\\User',2076),(4,'App\\User',2077),(4,'App\\User',2078),(4,'App\\User',2079),(4,'App\\User',2080),(4,'App\\User',2081),(4,'App\\User',2082),(4,'App\\User',2083),(4,'App\\User',2084),(4,'App\\User',2085),(4,'App\\User',2086),(4,'App\\User',2087),(4,'App\\User',2088),(4,'App\\User',2089),(4,'App\\User',2090),(4,'App\\User',2091),(4,'App\\User',2092),(4,'App\\User',2093),(4,'App\\User',2094),(4,'App\\User',2095),(4,'App\\User',2096),(4,'App\\User',2097),(4,'App\\User',2098),(4,'App\\User',2099),(4,'App\\User',2100),(4,'App\\User',2101),(4,'App\\User',2102),(4,'App\\User',2103),(4,'App\\User',2104),(4,'App\\User',2105),(4,'App\\User',2106),(4,'App\\User',2107),(4,'App\\User',2108),(4,'App\\User',2109),(4,'App\\User',2110),(4,'App\\User',2111),(4,'App\\User',2112),(4,'App\\User',2113),(4,'App\\User',2114),(4,'App\\User',2115),(4,'App\\User',2116),(4,'App\\User',2117),(4,'App\\User',2118),(4,'App\\User',2119),(4,'App\\User',2120),(4,'App\\User',2121),(4,'App\\User',2122),(4,'App\\User',2123),(4,'App\\User',2124),(4,'App\\User',2125),(4,'App\\User',2126),(4,'App\\User',2127),(4,'App\\User',2128),(4,'App\\User',2129),(4,'App\\User',2130),(4,'App\\User',2131),(4,'App\\User',2132),(4,'App\\User',2133),(4,'App\\User',2134),(4,'App\\User',2135),(4,'App\\User',2136),(4,'App\\User',2137),(4,'App\\User',2138),(4,'App\\User',2139),(4,'App\\User',2140),(4,'App\\User',2141),(4,'App\\User',2142),(4,'App\\User',2143),(4,'App\\User',2144),(4,'App\\User',2145),(4,'App\\User',2146),(4,'App\\User',2147),(4,'App\\User',2148),(4,'App\\User',2149),(4,'App\\User',2150),(4,'App\\User',2151),(4,'App\\User',2152),(4,'App\\User',2153),(4,'App\\User',2154),(4,'App\\User',2155),(4,'App\\User',2156),(4,'App\\User',2157),(4,'App\\User',2158),(4,'App\\User',2159),(4,'App\\User',2160),(4,'App\\User',2161),(4,'App\\User',2162),(4,'App\\User',2163),(4,'App\\User',2164),(4,'App\\User',2165),(4,'App\\User',2166),(4,'App\\User',2167),(4,'App\\User',2168),(4,'App\\User',2169),(4,'App\\User',2170),(4,'App\\User',2171),(4,'App\\User',2172),(4,'App\\User',2173),(4,'App\\User',2174),(4,'App\\User',2175),(4,'App\\User',2176),(4,'App\\User',2177),(4,'App\\User',2178),(4,'App\\User',2179),(4,'App\\User',2180),(4,'App\\User',2181),(4,'App\\User',2182),(4,'App\\User',2183),(4,'App\\User',2184),(4,'App\\User',2185),(4,'App\\User',2186),(4,'App\\User',2187),(4,'App\\User',2188),(4,'App\\User',2189),(4,'App\\User',2190),(4,'App\\User',2191),(4,'App\\User',2192),(4,'App\\User',2193),(4,'App\\User',2194),(4,'App\\User',2195),(4,'App\\User',2196),(4,'App\\User',2197),(4,'App\\User',2198),(4,'App\\User',2199),(4,'App\\User',2200),(4,'App\\User',2201),(4,'App\\User',2202),(4,'App\\User',2203),(4,'App\\User',2204),(4,'App\\User',2205),(4,'App\\User',2206),(4,'App\\User',2207),(4,'App\\User',2208),(4,'App\\User',2209),(4,'App\\User',2210),(4,'App\\User',2211),(4,'App\\User',2212),(4,'App\\User',2213),(4,'App\\User',2214),(4,'App\\User',2215),(4,'App\\User',2216),(4,'App\\User',2217),(4,'App\\User',2218),(4,'App\\User',2219),(4,'App\\User',2220),(4,'App\\User',2221),(4,'App\\User',2222),(4,'App\\User',2223),(4,'App\\User',2224),(4,'App\\User',2225),(4,'App\\User',2226),(4,'App\\User',2227),(4,'App\\User',2228),(4,'App\\User',2229),(4,'App\\User',2230),(4,'App\\User',2231),(4,'App\\User',2232),(4,'App\\User',2233),(4,'App\\User',2234),(4,'App\\User',2235),(4,'App\\User',2236),(4,'App\\User',2237),(4,'App\\User',2238),(4,'App\\User',2239),(4,'App\\User',2240),(4,'App\\User',2241),(4,'App\\User',2242),(4,'App\\User',2243),(4,'App\\User',2244),(4,'App\\User',2245),(4,'App\\User',2246),(4,'App\\User',2247),(4,'App\\User',2248),(4,'App\\User',2249),(4,'App\\User',2250),(4,'App\\User',2251),(4,'App\\User',2252),(4,'App\\User',2253),(4,'App\\User',2254),(4,'App\\User',2255),(4,'App\\User',2256),(4,'App\\User',2257),(4,'App\\User',2258),(4,'App\\User',2259),(4,'App\\User',2260),(4,'App\\User',2261),(4,'App\\User',2262),(4,'App\\User',2263),(4,'App\\User',2264),(4,'App\\User',2265),(4,'App\\User',2266),(4,'App\\User',2267),(4,'App\\User',2268),(4,'App\\User',2269),(4,'App\\User',2270),(4,'App\\User',2271),(4,'App\\User',2272),(4,'App\\User',2273),(4,'App\\User',2274),(4,'App\\User',2275),(4,'App\\User',2276),(4,'App\\User',2277),(4,'App\\User',2278),(4,'App\\User',2279),(4,'App\\User',2280),(4,'App\\User',2281),(4,'App\\User',2282),(4,'App\\User',2283),(4,'App\\User',2284),(4,'App\\User',2285),(4,'App\\User',2286),(4,'App\\User',2287),(4,'App\\User',2288),(4,'App\\User',2289),(4,'App\\User',2290),(4,'App\\User',2291),(4,'App\\User',2292),(4,'App\\User',2293),(4,'App\\User',2294),(4,'App\\User',2295),(4,'App\\User',2296),(4,'App\\User',2297),(4,'App\\User',2298),(4,'App\\User',2299),(4,'App\\User',2300),(4,'App\\User',2301),(4,'App\\User',2302),(4,'App\\User',2303),(4,'App\\User',2304),(4,'App\\User',2305),(4,'App\\User',2306),(4,'App\\User',2307),(4,'App\\User',2308),(4,'App\\User',2309),(4,'App\\User',2310),(4,'App\\User',2311),(4,'App\\User',2312),(4,'App\\User',2313),(4,'App\\User',2314),(4,'App\\User',2315),(4,'App\\User',2316),(4,'App\\User',2317),(4,'App\\User',2318),(4,'App\\User',2319),(4,'App\\User',2320),(4,'App\\User',2321),(4,'App\\User',2322),(4,'App\\User',2323),(4,'App\\User',2324),(4,'App\\User',2325),(4,'App\\User',2326),(4,'App\\User',2327),(4,'App\\User',2328),(4,'App\\User',2329),(4,'App\\User',2330),(4,'App\\User',2331),(4,'App\\User',2332),(4,'App\\User',2333),(4,'App\\User',2334),(4,'App\\User',2335),(4,'App\\User',2336),(4,'App\\User',2337),(4,'App\\User',2338),(4,'App\\User',2339),(4,'App\\User',2340),(4,'App\\User',2341),(4,'App\\User',2342),(4,'App\\User',2343),(4,'App\\User',2344),(4,'App\\User',2345),(4,'App\\User',2346),(4,'App\\User',2347),(4,'App\\User',2348),(4,'App\\User',2349),(4,'App\\User',2350),(4,'App\\User',2351),(4,'App\\User',2352),(4,'App\\User',2353),(4,'App\\User',2354),(4,'App\\User',2355),(4,'App\\User',2356),(4,'App\\User',2357),(4,'App\\User',2358),(4,'App\\User',2359),(4,'App\\User',2360),(4,'App\\User',2361),(4,'App\\User',2362),(4,'App\\User',2363),(4,'App\\User',2364),(4,'App\\User',2365),(4,'App\\User',2366),(4,'App\\User',2367),(4,'App\\User',2368),(4,'App\\User',2369),(4,'App\\User',2370),(4,'App\\User',2371),(4,'App\\User',2372),(4,'App\\User',2373),(4,'App\\User',2374),(4,'App\\User',2375),(4,'App\\User',2376),(4,'App\\User',2377),(4,'App\\User',2378),(4,'App\\User',2379),(4,'App\\User',2380),(4,'App\\User',2381),(4,'App\\User',2382),(4,'App\\User',2383),(4,'App\\User',2384),(4,'App\\User',2385),(4,'App\\User',2386),(4,'App\\User',2387),(4,'App\\User',2388),(4,'App\\User',2389),(4,'App\\User',2390),(4,'App\\User',2391),(4,'App\\User',2392),(4,'App\\User',2393),(4,'App\\User',2394),(4,'App\\User',2395),(4,'App\\User',2396),(4,'App\\User',2397),(4,'App\\User',2398),(4,'App\\User',2399),(4,'App\\User',2400),(4,'App\\User',2401),(4,'App\\User',2402),(4,'App\\User',2403),(4,'App\\User',2404),(4,'App\\User',2405),(4,'App\\User',2406),(4,'App\\User',2407),(4,'App\\User',2408),(4,'App\\User',2409),(4,'App\\User',2410),(4,'App\\User',2411),(4,'App\\User',2412),(4,'App\\User',2413),(4,'App\\User',2414),(4,'App\\User',2415),(4,'App\\User',2416),(4,'App\\User',2417),(4,'App\\User',2418),(4,'App\\User',2419),(4,'App\\User',2420),(4,'App\\User',2421),(4,'App\\User',2422),(4,'App\\User',2423),(4,'App\\User',2424),(4,'App\\User',2425),(4,'App\\User',2426),(4,'App\\User',2427),(4,'App\\User',2428),(4,'App\\User',2429),(4,'App\\User',2430),(4,'App\\User',2431),(4,'App\\User',2432),(4,'App\\User',2433),(4,'App\\User',2434),(4,'App\\User',2435),(4,'App\\User',2436),(4,'App\\User',2437),(4,'App\\User',2438),(4,'App\\User',2439),(4,'App\\User',2440),(4,'App\\User',2441),(4,'App\\User',2442),(4,'App\\User',2443),(4,'App\\User',2444),(4,'App\\User',2445),(4,'App\\User',2446),(4,'App\\User',2447),(4,'App\\User',2448),(4,'App\\User',2449),(4,'App\\User',2450),(4,'App\\User',2451),(4,'App\\User',2452),(4,'App\\User',2453),(4,'App\\User',2454),(4,'App\\User',2455),(4,'App\\User',2456),(4,'App\\User',2457),(4,'App\\User',2458),(4,'App\\User',2459),(4,'App\\User',2460),(4,'App\\User',2461),(4,'App\\User',2462),(4,'App\\User',2463),(4,'App\\User',2464),(4,'App\\User',2465),(4,'App\\User',2466),(4,'App\\User',2467),(4,'App\\User',2468),(4,'App\\User',2469),(4,'App\\User',2470),(4,'App\\User',2471),(4,'App\\User',2472),(4,'App\\User',2473),(4,'App\\User',2474),(4,'App\\User',2475),(4,'App\\User',2476),(4,'App\\User',2477),(4,'App\\User',2478),(4,'App\\User',2479),(4,'App\\User',2480),(4,'App\\User',2481),(4,'App\\User',2482),(4,'App\\User',2483),(4,'App\\User',2484),(4,'App\\User',2485),(4,'App\\User',2486),(4,'App\\User',2487),(4,'App\\User',2488),(4,'App\\User',2489),(4,'App\\User',2490),(4,'App\\User',2491),(4,'App\\User',2492),(4,'App\\User',2493),(4,'App\\User',2494),(4,'App\\User',2495),(4,'App\\User',2496),(4,'App\\User',2497),(4,'App\\User',2498),(4,'App\\User',2499),(4,'App\\User',2500),(4,'App\\User',2501),(4,'App\\User',2502),(4,'App\\User',2503),(4,'App\\User',2504),(4,'App\\User',2505),(4,'App\\User',2506),(4,'App\\User',2507),(4,'App\\User',2508),(4,'App\\User',2509),(4,'App\\User',2510),(4,'App\\User',2511),(4,'App\\User',2512),(4,'App\\User',2513),(4,'App\\User',2514),(4,'App\\User',2515),(4,'App\\User',2516),(4,'App\\User',2517),(4,'App\\User',2518),(4,'App\\User',2519),(4,'App\\User',2520),(4,'App\\User',2521),(4,'App\\User',2522),(4,'App\\User',2523),(4,'App\\User',2524),(4,'App\\User',2525),(4,'App\\User',2526),(4,'App\\User',2527),(4,'App\\User',2528),(4,'App\\User',2529),(4,'App\\User',2530),(4,'App\\User',2531),(4,'App\\User',2532),(4,'App\\User',2533),(4,'App\\User',2534),(4,'App\\User',2535),(4,'App\\User',2536),(4,'App\\User',2537),(4,'App\\User',2538),(4,'App\\User',2539),(4,'App\\User',2540),(4,'App\\User',2541),(4,'App\\User',2542),(4,'App\\User',2543),(4,'App\\User',2544),(4,'App\\User',2545),(4,'App\\User',2546),(4,'App\\User',2547),(4,'App\\User',2548),(4,'App\\User',2549),(4,'App\\User',2550),(4,'App\\User',2551),(4,'App\\User',2552),(4,'App\\User',2553),(4,'App\\User',2554),(4,'App\\User',2555),(4,'App\\User',2556),(4,'App\\User',2557),(4,'App\\User',2558),(4,'App\\User',2559),(4,'App\\User',2560),(4,'App\\User',2561),(4,'App\\User',2562),(4,'App\\User',2563),(4,'App\\User',2564),(4,'App\\User',2565),(4,'App\\User',2566),(4,'App\\User',2567),(4,'App\\User',2568),(4,'App\\User',2569),(4,'App\\User',2570),(4,'App\\User',2571),(4,'App\\User',2572),(4,'App\\User',2573),(4,'App\\User',2574),(4,'App\\User',2575),(4,'App\\User',2576),(4,'App\\User',2577),(4,'App\\User',2578),(4,'App\\User',2579),(4,'App\\User',2580),(4,'App\\User',2581),(4,'App\\User',2582),(4,'App\\User',2583),(4,'App\\User',2584),(4,'App\\User',2585),(4,'App\\User',2586),(4,'App\\User',2587),(4,'App\\User',2588),(4,'App\\User',2589),(4,'App\\User',2590),(4,'App\\User',2591),(4,'App\\User',2592),(4,'App\\User',2593),(4,'App\\User',2594),(4,'App\\User',2595),(4,'App\\User',2596),(4,'App\\User',2597),(4,'App\\User',2598),(4,'App\\User',2599),(4,'App\\User',2600),(4,'App\\User',2601),(4,'App\\User',2602),(4,'App\\User',2603),(4,'App\\User',2604),(4,'App\\User',2605),(4,'App\\User',2606),(4,'App\\User',2607),(4,'App\\User',2608),(4,'App\\User',2609),(4,'App\\User',2610),(4,'App\\User',2611),(4,'App\\User',2612),(4,'App\\User',2613),(4,'App\\User',2614),(4,'App\\User',2615),(4,'App\\User',2616),(4,'App\\User',2617),(4,'App\\User',2618),(4,'App\\User',2619),(4,'App\\User',2620),(4,'App\\User',2621),(4,'App\\User',2622),(4,'App\\User',2623),(4,'App\\User',2624),(4,'App\\User',2625),(4,'App\\User',2626),(4,'App\\User',2627),(4,'App\\User',2628),(4,'App\\User',2629),(4,'App\\User',2630),(4,'App\\User',2631),(4,'App\\User',2632),(4,'App\\User',2633),(4,'App\\User',2634),(4,'App\\User',2635),(4,'App\\User',2636),(4,'App\\User',2637),(4,'App\\User',2638),(4,'App\\User',2639),(4,'App\\User',2640),(4,'App\\User',2641),(4,'App\\User',2642),(4,'App\\User',2643),(4,'App\\User',2644),(4,'App\\User',2645),(4,'App\\User',2646),(4,'App\\User',2647),(4,'App\\User',2648),(4,'App\\User',2649),(4,'App\\User',2650),(4,'App\\User',2651),(4,'App\\User',2652),(4,'App\\User',2653),(4,'App\\User',2654),(4,'App\\User',2655),(4,'App\\User',2656),(4,'App\\User',2657),(4,'App\\User',2658),(4,'App\\User',2659),(4,'App\\User',2660),(4,'App\\User',2661),(4,'App\\User',2662),(4,'App\\User',2663),(4,'App\\User',2664),(4,'App\\User',2665),(4,'App\\User',2666),(4,'App\\User',2667),(4,'App\\User',2668),(4,'App\\User',2669),(4,'App\\User',2670),(4,'App\\User',2671),(4,'App\\User',2672),(4,'App\\User',2673),(4,'App\\User',2674),(4,'App\\User',2675),(4,'App\\User',2676),(4,'App\\User',2677),(4,'App\\User',2678),(4,'App\\User',2679),(4,'App\\User',2680),(4,'App\\User',2681),(4,'App\\User',2682),(4,'App\\User',2683),(4,'App\\User',2684),(4,'App\\User',2685),(4,'App\\User',2686),(4,'App\\User',2687),(4,'App\\User',2688),(4,'App\\User',2689),(4,'App\\User',2690),(4,'App\\User',2691),(4,'App\\User',2692),(4,'App\\User',2693),(4,'App\\User',2694),(4,'App\\User',2695),(4,'App\\User',2696),(4,'App\\User',2697),(4,'App\\User',2698),(5,'App\\User',2699),(5,'App\\User',2700),(4,'App\\User',2701),(4,'App\\User',2702),(4,'App\\User',2703),(4,'App\\User',2704),(4,'App\\User',2705),(4,'App\\User',2706),(4,'App\\User',2707),(4,'App\\User',2708),(4,'App\\User',2709),(4,'App\\User',2710),(4,'App\\User',2711),(4,'App\\User',2712),(4,'App\\User',2713),(4,'App\\User',2714),(4,'App\\User',2715),(4,'App\\User',2716),(4,'App\\User',2717),(4,'App\\User',2718),(4,'App\\User',2719),(4,'App\\User',2720),(4,'App\\User',2721),(4,'App\\User',2722),(4,'App\\User',2723),(4,'App\\User',2724),(4,'App\\User',2725),(4,'App\\User',2726),(4,'App\\User',2727),(4,'App\\User',2728),(4,'App\\User',2729),(4,'App\\User',2730),(4,'App\\User',2731),(4,'App\\User',2732),(4,'App\\User',2733),(4,'App\\User',2734),(4,'App\\User',2735),(4,'App\\User',2736),(4,'App\\User',2737),(4,'App\\User',2738),(4,'App\\User',2739),(4,'App\\User',2740),(4,'App\\User',2741),(4,'App\\User',2742),(4,'App\\User',2743),(4,'App\\User',2744),(4,'App\\User',2745),(4,'App\\User',2746),(4,'App\\User',2747),(4,'App\\User',2748),(4,'App\\User',2749),(4,'App\\User',2750),(4,'App\\User',2751),(4,'App\\User',2752),(4,'App\\User',2753),(4,'App\\User',2754),(4,'App\\User',2755),(4,'App\\User',2756),(4,'App\\User',2757),(4,'App\\User',2758),(4,'App\\User',2759),(4,'App\\User',2760),(4,'App\\User',2761),(4,'App\\User',2762),(4,'App\\User',2763),(4,'App\\User',2764),(4,'App\\User',2765),(4,'App\\User',2766),(4,'App\\User',2767),(4,'App\\User',2768),(4,'App\\User',2769),(4,'App\\User',2770),(4,'App\\User',2771),(4,'App\\User',2772),(4,'App\\User',2773),(4,'App\\User',2774),(4,'App\\User',2775),(4,'App\\User',2776),(4,'App\\User',2777),(4,'App\\User',2778),(4,'App\\User',2779),(4,'App\\User',2780),(4,'App\\User',2781),(4,'App\\User',2782),(4,'App\\User',2783),(4,'App\\User',2784),(4,'App\\User',2785),(4,'App\\User',2786),(4,'App\\User',2787),(4,'App\\User',2788),(4,'App\\User',2789),(4,'App\\User',2790),(4,'App\\User',2791),(4,'App\\User',2792),(4,'App\\User',2793),(4,'App\\User',2794),(4,'App\\User',2795),(4,'App\\User',2796),(4,'App\\User',2797),(4,'App\\User',2798),(4,'App\\User',2799),(4,'App\\User',2800),(4,'App\\User',2801),(4,'App\\User',2802),(4,'App\\User',2803),(4,'App\\User',2804),(4,'App\\User',2805),(4,'App\\User',2806),(4,'App\\User',2807),(4,'App\\User',2808),(4,'App\\User',2809),(4,'App\\User',2810),(4,'App\\User',2811),(4,'App\\User',2812),(4,'App\\User',2813),(4,'App\\User',2814),(4,'App\\User',2815),(4,'App\\User',2816),(4,'App\\User',2817),(4,'App\\User',2818),(4,'App\\User',2819),(4,'App\\User',2820),(4,'App\\User',2821),(4,'App\\User',2822),(4,'App\\User',2823),(4,'App\\User',2824),(4,'App\\User',2825),(4,'App\\User',2826),(4,'App\\User',2827),(4,'App\\User',2828),(4,'App\\User',2829),(4,'App\\User',2830),(4,'App\\User',2831),(4,'App\\User',2832),(4,'App\\User',2833),(4,'App\\User',2834),(4,'App\\User',2835),(4,'App\\User',2836),(4,'App\\User',2837),(4,'App\\User',2838),(4,'App\\User',2839),(4,'App\\User',2840),(4,'App\\User',2841),(4,'App\\User',2842),(4,'App\\User',2843),(4,'App\\User',2844),(4,'App\\User',2845),(4,'App\\User',2846),(4,'App\\User',2847),(4,'App\\User',2848),(4,'App\\User',2849),(4,'App\\User',2850),(4,'App\\User',2851),(5,'App\\User',2852),(4,'App\\User',2853),(4,'App\\User',2854),(5,'App\\User',2855),(4,'App\\User',2856),(4,'App\\User',2857),(4,'App\\User',2858),(4,'App\\User',2859),(4,'App\\User',2860),(4,'App\\User',2861),(4,'App\\User',2862),(4,'App\\User',2863),(4,'App\\User',2864),(4,'App\\User',2865),(4,'App\\User',2866),(4,'App\\User',2867),(4,'App\\User',2868),(4,'App\\User',2869),(4,'App\\User',2870),(4,'App\\User',2871),(4,'App\\User',2872),(4,'App\\User',2873),(4,'App\\User',2874),(4,'App\\User',2875),(4,'App\\User',2876),(4,'App\\User',2877),(4,'App\\User',2878),(4,'App\\User',2879),(4,'App\\User',2880),(4,'App\\User',2881),(5,'App\\User',2882),(4,'App\\User',2883),(4,'App\\User',2884),(4,'App\\User',2885),(4,'App\\User',2886),(4,'App\\User',2887),(4,'App\\User',2888),(4,'App\\User',2889),(4,'App\\User',2890),(4,'App\\User',2891),(4,'App\\User',2892),(4,'App\\User',2893),(4,'App\\User',2894),(4,'App\\User',2895),(4,'App\\User',2896),(4,'App\\User',2897),(4,'App\\User',2898),(4,'App\\User',2899),(4,'App\\User',2900),(4,'App\\User',2901),(4,'App\\User',2902),(4,'App\\User',2903),(4,'App\\User',2904),(4,'App\\User',2905),(4,'App\\User',2906),(4,'App\\User',2907),(4,'App\\User',2908),(4,'App\\User',2909),(4,'App\\User',2910),(4,'App\\User',2911),(4,'App\\User',2912),(4,'App\\User',2913),(4,'App\\User',2914),(4,'App\\User',2915),(4,'App\\User',2916),(4,'App\\User',2917),(4,'App\\User',2918),(4,'App\\User',2919),(4,'App\\User',2920),(4,'App\\User',2921),(4,'App\\User',2922),(4,'App\\User',2923),(4,'App\\User',2924),(4,'App\\User',2925),(4,'App\\User',2926),(4,'App\\User',2927),(4,'App\\User',2928),(4,'App\\User',2929),(4,'App\\User',2930),(4,'App\\User',2931),(4,'App\\User',2932),(4,'App\\User',2933),(4,'App\\User',2934),(4,'App\\User',2935),(4,'App\\User',2936),(4,'App\\User',2937),(4,'App\\User',2938),(4,'App\\User',2939),(4,'App\\User',2940),(4,'App\\User',2941),(4,'App\\User',2942),(4,'App\\User',2943),(4,'App\\User',2944),(4,'App\\User',2945),(4,'App\\User',2946),(4,'App\\User',2947),(5,'App\\User',2948),(4,'App\\User',2949),(4,'App\\User',2950),(4,'App\\User',2951),(4,'App\\User',2952),(4,'App\\User',2953),(4,'App\\User',2954),(4,'App\\User',2955),(4,'App\\User',2956),(4,'App\\User',2957),(4,'App\\User',2958),(4,'App\\User',2959),(4,'App\\User',2960),(4,'App\\User',2961),(4,'App\\User',2962),(4,'App\\User',2963),(4,'App\\User',2964),(4,'App\\User',2965),(4,'App\\User',2966),(4,'App\\User',2967),(4,'App\\User',2968),(4,'App\\User',2969),(4,'App\\User',2970),(4,'App\\User',2971),(4,'App\\User',2972),(4,'App\\User',2973),(4,'App\\User',2974),(4,'App\\User',2975),(4,'App\\User',2976),(4,'App\\User',2977),(4,'App\\User',2978),(4,'App\\User',2979),(4,'App\\User',2980),(4,'App\\User',2981),(4,'App\\User',2982),(4,'App\\User',2983),(4,'App\\User',2984),(4,'App\\User',2985),(4,'App\\User',2986),(4,'App\\User',2987),(4,'App\\User',2988),(4,'App\\User',2989),(4,'App\\User',2990),(4,'App\\User',2991),(4,'App\\User',2992),(4,'App\\User',2993),(4,'App\\User',2994),(4,'App\\User',2995),(4,'App\\User',2996),(4,'App\\User',2997),(4,'App\\User',2998),(4,'App\\User',2999),(4,'App\\User',3000),(4,'App\\User',3001),(4,'App\\User',3002),(4,'App\\User',3003),(4,'App\\User',3004),(4,'App\\User',3005),(4,'App\\User',3006),(4,'App\\User',3007),(4,'App\\User',3008),(4,'App\\User',3009),(4,'App\\User',3010),(4,'App\\User',3011),(4,'App\\User',3012),(4,'App\\User',3013),(4,'App\\User',3014),(4,'App\\User',3015),(4,'App\\User',3016),(4,'App\\User',3017),(4,'App\\User',3018),(4,'App\\User',3019),(4,'App\\User',3020),(4,'App\\User',3021),(4,'App\\User',3022),(4,'App\\User',3023),(4,'App\\User',3024),(4,'App\\User',3025),(4,'App\\User',3026),(4,'App\\User',3027),(4,'App\\User',3028),(4,'App\\User',3029),(4,'App\\User',3030),(4,'App\\User',3031),(4,'App\\User',3032),(4,'App\\User',3033),(4,'App\\User',3034),(4,'App\\User',3035),(4,'App\\User',3036),(4,'App\\User',3037),(4,'App\\User',3038),(4,'App\\User',3039),(4,'App\\User',3040),(4,'App\\User',3041),(4,'App\\User',3042),(4,'App\\User',3043),(4,'App\\User',3044),(4,'App\\User',3045),(4,'App\\User',3046),(4,'App\\User',3047),(4,'App\\User',3048),(4,'App\\User',3049),(4,'App\\User',3050),(4,'App\\User',3051),(4,'App\\User',3052),(4,'App\\User',3053),(4,'App\\User',3054),(4,'App\\User',3055),(4,'App\\User',3056),(4,'App\\User',3057),(4,'App\\User',3058),(4,'App\\User',3059),(4,'App\\User',3060),(4,'App\\User',3061),(4,'App\\User',3062),(4,'App\\User',3063),(4,'App\\User',3064),(4,'App\\User',3065),(4,'App\\User',3066),(4,'App\\User',3067),(4,'App\\User',3068),(4,'App\\User',3069),(4,'App\\User',3070),(4,'App\\User',3071),(4,'App\\User',3072),(4,'App\\User',3073),(4,'App\\User',3074),(4,'App\\User',3075),(4,'App\\User',3076),(4,'App\\User',3077),(4,'App\\User',3078),(4,'App\\User',3079),(4,'App\\User',3080),(4,'App\\User',3081),(4,'App\\User',3082),(4,'App\\User',3083),(4,'App\\User',3084),(4,'App\\User',3085),(4,'App\\User',3086),(4,'App\\User',3087),(4,'App\\User',3088),(4,'App\\User',3089),(4,'App\\User',3090),(4,'App\\User',3091),(4,'App\\User',3092),(4,'App\\User',3093),(4,'App\\User',3094),(4,'App\\User',3095),(4,'App\\User',3096),(4,'App\\User',3097),(4,'App\\User',3098),(4,'App\\User',3099),(4,'App\\User',3100),(4,'App\\User',3101),(4,'App\\User',3102),(4,'App\\User',3103),(4,'App\\User',3104),(4,'App\\User',3105),(4,'App\\User',3106),(4,'App\\User',3107),(4,'App\\User',3108),(4,'App\\User',3109),(4,'App\\User',3110),(4,'App\\User',3111),(4,'App\\User',3112),(4,'App\\User',3113),(4,'App\\User',3114),(4,'App\\User',3115),(4,'App\\User',3116),(4,'App\\User',3117),(4,'App\\User',3118),(4,'App\\User',3119),(4,'App\\User',3120),(4,'App\\User',3121),(4,'App\\User',3122),(4,'App\\User',3123),(4,'App\\User',3124),(4,'App\\User',3125),(4,'App\\User',3126),(4,'App\\User',3127),(4,'App\\User',3128),(4,'App\\User',3129),(4,'App\\User',3130),(4,'App\\User',3131),(4,'App\\User',3132),(4,'App\\User',3133),(4,'App\\User',3134),(4,'App\\User',3135),(4,'App\\User',3136),(4,'App\\User',3137),(4,'App\\User',3138),(4,'App\\User',3139),(4,'App\\User',3140),(4,'App\\User',3141),(4,'App\\User',3142),(4,'App\\User',3143),(4,'App\\User',3144),(4,'App\\User',3145),(4,'App\\User',3146),(4,'App\\User',3147),(4,'App\\User',3148),(4,'App\\User',3149),(4,'App\\User',3150),(4,'App\\User',3151),(4,'App\\User',3152),(4,'App\\User',3153),(4,'App\\User',3154),(4,'App\\User',3155),(4,'App\\User',3156),(4,'App\\User',3157),(4,'App\\User',3158),(4,'App\\User',3159),(4,'App\\User',3160),(4,'App\\User',3161),(4,'App\\User',3162),(4,'App\\User',3163),(4,'App\\User',3164),(4,'App\\User',3165),(4,'App\\User',3166),(4,'App\\User',3167),(4,'App\\User',3168),(4,'App\\User',3169),(4,'App\\User',3170),(4,'App\\User',3171),(4,'App\\User',3172),(4,'App\\User',3173),(4,'App\\User',3174),(4,'App\\User',3175),(4,'App\\User',3176),(4,'App\\User',3177),(4,'App\\User',3178),(4,'App\\User',3179),(4,'App\\User',3180),(4,'App\\User',3181),(4,'App\\User',3182),(4,'App\\User',3183),(4,'App\\User',3184),(4,'App\\User',3185),(4,'App\\User',3186),(4,'App\\User',3187),(4,'App\\User',3188),(4,'App\\User',3189),(4,'App\\User',3190),(4,'App\\User',3191),(4,'App\\User',3192),(4,'App\\User',3193),(4,'App\\User',3194),(4,'App\\User',3195),(4,'App\\User',3196),(4,'App\\User',3197),(4,'App\\User',3198),(4,'App\\User',3199),(4,'App\\User',3200),(4,'App\\User',3201),(4,'App\\User',3202),(4,'App\\User',3203),(4,'App\\User',3204),(4,'App\\User',3205),(4,'App\\User',3206),(4,'App\\User',3207),(4,'App\\User',3208),(4,'App\\User',3209),(4,'App\\User',3210),(4,'App\\User',3211),(4,'App\\User',3212),(5,'App\\User',3213),(4,'App\\User',3214),(4,'App\\User',3215),(4,'App\\User',3216),(4,'App\\User',3217),(4,'App\\User',3218),(4,'App\\User',3219),(4,'App\\User',3220),(4,'App\\User',3221),(4,'App\\User',3222),(4,'App\\User',3223),(4,'App\\User',3224),(4,'App\\User',3225),(4,'App\\User',3226);

--
-- Table structure for table `notifications`
--

CREATE TABLE `notifications` (
  `id` char(36) CHARACTER SET utf8mb4 COLLATE utf8mb4_unicode_ci NOT NULL,
  `type` varchar(191) CHARACTER SET utf8mb4 COLLATE utf8mb4_unicode_ci NOT NULL,
  `notifiable_type` varchar(191) CHARACTER SET utf8mb4 COLLATE utf8mb4_unicode_ci NOT NULL,
  `notifiable_id` bigint unsigned NOT NULL,
  `data` text CHARACTER SET utf8mb4 COLLATE utf8mb4_unicode_ci NOT NULL,
  `read_at` timestamp NULL DEFAULT NULL,
  `created_at` timestamp NULL DEFAULT NULL,
  `updated_at` timestamp NULL DEFAULT NULL,
  PRIMARY KEY (`id`),
  KEY `notifications_notifiable_type_notifiable_id_index` (`notifiable_type`,`notifiable_id`)
) ENGINE=InnoDB DEFAULT CHARSET=utf8mb4 COLLATE=utf8mb4_unicode_ci;

--
-- Dumping data for table `notifications`
--


--
-- Table structure for table `oauth_access_tokens`
--

CREATE TABLE `oauth_access_tokens` (
  `id` varchar(100) CHARACTER SET utf8mb4 COLLATE utf8mb4_unicode_ci NOT NULL,
  `user_id` bigint unsigned DEFAULT NULL,
  `client_id` bigint unsigned NOT NULL,
  `name` varchar(191) CHARACTER SET utf8mb4 COLLATE utf8mb4_unicode_ci DEFAULT NULL,
  `scopes` text CHARACTER SET utf8mb4 COLLATE utf8mb4_unicode_ci,
  `revoked` tinyint(1) NOT NULL,
  `created_at` timestamp NULL DEFAULT NULL,
  `updated_at` timestamp NULL DEFAULT NULL,
  `expires_at` datetime DEFAULT NULL,
  PRIMARY KEY (`id`),
  KEY `oauth_access_tokens_user_id_index` (`user_id`)
) ENGINE=InnoDB DEFAULT CHARSET=utf8mb4 COLLATE=utf8mb4_unicode_ci;

--
-- Dumping data for table `oauth_access_tokens`
--

INSERT INTO `oauth_access_tokens` VALUES ('03b5f276d9bac2284f4b2667abd3e3a75bcbb215654a8ef43e0ed69be1bf2f1955f61b13b9d8d9db',NULL,1,NULL,'[\"view-assets\",\"update-asset\"]',0,'2025-04-15 09:19:50','2025-04-15 09:19:50','2030-04-15 09:19:50'),('1905464d9a06c0d82785f7ee57715ef2d0445a7b19fa6914dedfea54be0e072ba623b425c87d3d97',NULL,2,NULL,'[\"view-assets\",\"update-asset\"]',0,'2025-05-22 03:59:33','2025-05-22 03:59:33','2026-05-22 03:59:33'),('2d5b634dcb3f19ce6ddb24765ba5642b269088bd8b719086a48992fbec1ab480cee2b32ebc6fa092',NULL,2,NULL,'[\"view-assets\",\"update-asset\"]',1,'2025-05-22 03:59:10','2025-05-22 03:59:33','2030-05-22 03:59:10'),('c17ec2d8a0f15908330eda47acbe0a50fbc7a03d522ac02bbb09bd7cc3e55fd44378f06b5e01e1fd',NULL,3,NULL,'[\"view-assets\",\"update-asset\"]',0,'2025-05-28 05:33:13','2025-05-28 05:33:13','2030-05-28 05:33:13');

--
-- Table structure for table `oauth_auth_codes`
--

CREATE TABLE `oauth_auth_codes` (
  `id` varchar(100) CHARACTER SET utf8mb4 COLLATE utf8mb4_unicode_ci NOT NULL,
  `user_id` bigint unsigned NOT NULL,
  `client_id` bigint unsigned NOT NULL,
  `scopes` text CHARACTER SET utf8mb4 COLLATE utf8mb4_unicode_ci,
  `revoked` tinyint(1) NOT NULL,
  `expires_at` datetime DEFAULT NULL,
  PRIMARY KEY (`id`),
  KEY `oauth_auth_codes_user_id_index` (`user_id`)
) ENGINE=InnoDB DEFAULT CHARSET=utf8mb4 COLLATE=utf8mb4_unicode_ci;

--
-- Dumping data for table `oauth_auth_codes`
--


--
-- Table structure for table `oauth_client_scope`
--

CREATE TABLE `oauth_client_scope` (
  `id` bigint unsigned NOT NULL AUTO_INCREMENT,
  `client_id` bigint unsigned NOT NULL,
  `scope_id` bigint unsigned NOT NULL,
  `created_at` timestamp NULL DEFAULT NULL,
  `updated_at` timestamp NULL DEFAULT NULL,
  PRIMARY KEY (`id`),
  KEY `oauth_client_scope_client_id_foreign` (`client_id`),
  KEY `oauth_client_scope_scope_id_foreign` (`scope_id`),
  CONSTRAINT `oauth_client_scope_client_id_foreign` FOREIGN KEY (`client_id`) REFERENCES `oauth_clients` (`id`) ON DELETE CASCADE,
  CONSTRAINT `oauth_client_scope_scope_id_foreign` FOREIGN KEY (`scope_id`) REFERENCES `oauth_scopes` (`id`) ON DELETE CASCADE
) ENGINE=InnoDB AUTO_INCREMENT=75 DEFAULT CHARSET=utf8mb4 COLLATE=utf8mb4_unicode_ci;

--
-- Dumping data for table `oauth_client_scope`
--

INSERT INTO `oauth_client_scope` VALUES (69,1,1,NULL,NULL),(70,1,3,NULL,NULL),(71,2,1,NULL,NULL),(72,2,3,NULL,NULL),(73,3,1,NULL,NULL),(74,3,3,NULL,NULL);

--
-- Table structure for table `oauth_clients`
--

CREATE TABLE `oauth_clients` (
  `id` bigint unsigned NOT NULL AUTO_INCREMENT,
  `uuid` char(36) CHARACTER SET utf8mb4 COLLATE utf8mb4_unicode_ci DEFAULT NULL,
  `user_id` bigint unsigned DEFAULT NULL,
  `name` varchar(191) CHARACTER SET utf8mb4 COLLATE utf8mb4_unicode_ci NOT NULL,
  `secret` varchar(100) CHARACTER SET utf8mb4 COLLATE utf8mb4_unicode_ci DEFAULT NULL,
  `provider` varchar(191) CHARACTER SET utf8mb4 COLLATE utf8mb4_unicode_ci DEFAULT NULL,
  `redirect` text CHARACTER SET utf8mb4 COLLATE utf8mb4_unicode_ci NOT NULL,
  `personal_access_client` tinyint(1) NOT NULL,
  `password_client` tinyint(1) NOT NULL,
  `revoked` tinyint(1) NOT NULL,
  `created_at` timestamp NULL DEFAULT NULL,
  `updated_at` timestamp NULL DEFAULT NULL,
  `notes` text CHARACTER SET utf8mb4 COLLATE utf8mb4_unicode_ci,
  `added_by` int NOT NULL,
  `validity` varchar(191) CHARACTER SET utf8mb4 COLLATE utf8mb4_unicode_ci NOT NULL DEFAULT '1 years',
  PRIMARY KEY (`id`),
  KEY `oauth_clients_user_id_index` (`user_id`)
) ENGINE=InnoDB AUTO_INCREMENT=4 DEFAULT CHARSET=utf8mb4 COLLATE=utf8mb4_unicode_ci;

--
-- Dumping data for table `oauth_clients`
--

INSERT INTO `oauth_clients` VALUES (1,'565edd44-f5c9-4a68-b58e-c5e792f4cbe3',NULL,'Deveoper','X7rfBUTn1yEcQK6NvlR3ot8L50hbo2wO2trUPDqj',NULL,'',5,0,0,'2025-04-15 09:19:49','2025-04-15 09:19:49','Sid',2,'1 years'),(2,'afaa9741-2b6e-42c6-8016-d6c985283e68',NULL,'Slack Teqtivity Bot','5120IdSJD7TGFZz1RzyXoecMKDzJLpO4reolrbEe',NULL,'',5,0,0,'2025-05-22 03:59:09','2025-05-22 03:59:09',NULL,14,'1 years'),(3,'f7b8d6cd-27b8-42f6-bdee-db64d8331ac1',NULL,'Plugin for Jira (NEBIT)','2sNKHte98akTlTcVkKE2M224CzT3rcc43NlxDQpJ',NULL,'',5,0,0,'2025-05-28 05:33:12','2025-05-28 05:33:12',NULL,14,'1 years');

--
-- Table structure for table `oauth_personal_access_clients`
--

CREATE TABLE `oauth_personal_access_clients` (
  `id` bigint unsigned NOT NULL AUTO_INCREMENT,
  `client_id` bigint unsigned NOT NULL,
  `created_at` timestamp NULL DEFAULT NULL,
  `updated_at` timestamp NULL DEFAULT NULL,
  PRIMARY KEY (`id`)
) ENGINE=InnoDB DEFAULT CHARSET=utf8mb4 COLLATE=utf8mb4_unicode_ci;

--
-- Dumping data for table `oauth_personal_access_clients`
--


--
-- Table structure for table `oauth_refresh_tokens`
--

CREATE TABLE `oauth_refresh_tokens` (
  `id` varchar(100) CHARACTER SET utf8mb4 COLLATE utf8mb4_unicode_ci NOT NULL,
  `access_token_id` varchar(100) CHARACTER SET utf8mb4 COLLATE utf8mb4_unicode_ci NOT NULL,
  `revoked` tinyint(1) NOT NULL,
  `expires_at` datetime DEFAULT NULL,
  PRIMARY KEY (`id`),
  KEY `oauth_refresh_tokens_access_token_id_index` (`access_token_id`)
) ENGINE=InnoDB DEFAULT CHARSET=utf8mb4 COLLATE=utf8mb4_unicode_ci;

--
-- Dumping data for table `oauth_refresh_tokens`
--


--
-- Table structure for table `oauth_scopes`
--

CREATE TABLE `oauth_scopes` (
  `id` bigint unsigned NOT NULL AUTO_INCREMENT,
  `name` varchar(191) CHARACTER SET utf8mb4 COLLATE utf8mb4_unicode_ci NOT NULL,
  `slug` varchar(191) CHARACTER SET utf8mb4 COLLATE utf8mb4_unicode_ci NOT NULL,
  `description` varchar(191) CHARACTER SET utf8mb4 COLLATE utf8mb4_unicode_ci DEFAULT NULL,
  `created_at` timestamp NULL DEFAULT NULL,
  `updated_at` timestamp NULL DEFAULT NULL,
  PRIMARY KEY (`id`),
  UNIQUE KEY `oauth_scopes_name_unique` (`name`),
  UNIQUE KEY `oauth_scopes_slug_unique` (`slug`)
) ENGINE=InnoDB AUTO_INCREMENT=9 DEFAULT CHARSET=utf8mb4 COLLATE=utf8mb4_unicode_ci;

--
-- Dumping data for table `oauth_scopes`
--

INSERT INTO `oauth_scopes` VALUES (1,'View Assets','view-assets','View Assets',NULL,NULL),(2,'Create Asset','create-asset','Create New Asset',NULL,NULL),(3,'Update Asset','update-asset','Update Asset',NULL,NULL),(4,'Create User','create-user','Create New User',NULL,NULL),(5,'Update User','update-user','Update User',NULL,NULL),(6,'Create Location','create-location','Create New Location',NULL,NULL);

--
-- Table structure for table `operating_system_compliance_settings`
--

CREATE TABLE `operating_system_compliance_settings` (
  `id` bigint unsigned NOT NULL AUTO_INCREMENT,
  `device_type` varchar(191) CHARACTER SET utf8mb4 COLLATE utf8mb4_unicode_ci NOT NULL,
  `os_version` varchar(191) CHARACTER SET utf8mb4 COLLATE utf8mb4_unicode_ci DEFAULT NULL,
  `os_platform` varchar(191) CHARACTER SET utf8mb4 COLLATE utf8mb4_unicode_ci DEFAULT NULL,
  `created_at` timestamp NULL DEFAULT NULL,
  `updated_at` timestamp NULL DEFAULT NULL,
  PRIMARY KEY (`id`)
) ENGINE=InnoDB AUTO_INCREMENT=6 DEFAULT CHARSET=utf8mb4 COLLATE=utf8mb4_unicode_ci;

--
-- Dumping data for table `operating_system_compliance_settings`
--

INSERT INTO `operating_system_compliance_settings` VALUES (1,'apple','10','MAC','2023-06-20 00:44:55','2023-06-20 22:49:39'),(2,'windows','10.0.22000.776','Windows','2023-06-20 00:44:55','2023-06-20 22:48:04'),(3,'chrome','102.0.5005.75','14695.85.0 (Official Build) stable-channel hatch','2023-06-20 00:44:55','2023-06-20 00:44:55'),(4,'android',NULL,NULL,'2023-06-20 00:44:55','2023-06-20 00:44:55'),(5,'apple_mobile',NULL,NULL,'2023-06-20 00:44:55','2023-06-20 00:44:55');

--
-- Table structure for table `password_resets`
--

CREATE TABLE `password_resets` (
  `email` varchar(191) CHARACTER SET utf8mb4 COLLATE utf8mb4_unicode_ci NOT NULL,
  `token` varchar(191) CHARACTER SET utf8mb4 COLLATE utf8mb4_unicode_ci NOT NULL,
  `created_at` timestamp NULL DEFAULT NULL,
  KEY `password_resets_email_index` (`email`)
) ENGINE=InnoDB DEFAULT CHARSET=utf8mb4 COLLATE=utf8mb4_unicode_ci;

--
-- Dumping data for table `password_resets`
--


--
-- Table structure for table `payment_methods`
--

CREATE TABLE `payment_methods` (
  `id` bigint unsigned NOT NULL AUTO_INCREMENT,
  `code` varchar(191) CHARACTER SET utf8mb4 COLLATE utf8mb4_unicode_ci NOT NULL,
  `name` varchar(191) CHARACTER SET utf8mb4 COLLATE utf8mb4_unicode_ci NOT NULL,
  `status` tinyint(1) NOT NULL DEFAULT '1',
  `deleted_at` timestamp NULL DEFAULT NULL,
  `created_at` timestamp NULL DEFAULT NULL,
  `updated_at` timestamp NULL DEFAULT NULL,
  PRIMARY KEY (`id`)
) ENGINE=InnoDB AUTO_INCREMENT=6 DEFAULT CHARSET=utf8mb4 COLLATE=utf8mb4_unicode_ci;

--
-- Dumping data for table `payment_methods`
--

INSERT INTO `payment_methods` VALUES (1,'credit-card','Credit card',1,NULL,NULL,NULL),(2,'ach','ACH',1,NULL,NULL,NULL),(3,'wire','Wire',1,NULL,NULL,NULL),(4,'paypal','Paypal',1,NULL,NULL,NULL),(5,'other','Other',1,NULL,NULL,NULL);

--
-- Table structure for table `permission_categories`
--

CREATE TABLE `permission_categories` (
  `id` bigint unsigned NOT NULL AUTO_INCREMENT,
  `name` varchar(191) CHARACTER SET utf8mb4 COLLATE utf8mb4_unicode_ci NOT NULL,
  `description` text CHARACTER SET utf8mb4 COLLATE utf8mb4_unicode_ci,
  `order` int NOT NULL,
  `created_at` timestamp NULL DEFAULT NULL,
  `updated_at` timestamp NULL DEFAULT NULL,
  PRIMARY KEY (`id`)
) ENGINE=InnoDB AUTO_INCREMENT=20 DEFAULT CHARSET=utf8mb4 COLLATE=utf8mb4_unicode_ci;

--
-- Dumping data for table `permission_categories`
--

INSERT INTO `permission_categories` VALUES (1,'Dashboard',NULL,0,'2022-03-30 04:10:25','2022-03-30 04:10:25'),(2,'Asset Management',NULL,1,'2022-03-30 04:10:25','2022-03-30 04:10:25'),(3,'Accessories',NULL,2,'2022-03-30 04:10:25','2022-03-30 04:10:25'),(4,'Locations',NULL,3,'2022-03-30 04:10:25','2022-03-30 04:10:25'),(5,'Users',NULL,4,'2022-03-30 04:10:25','2022-03-30 04:10:25'),(6,'Team Report',NULL,5,'2022-03-30 04:10:25','2022-03-30 04:10:25'),(7,'Reports',NULL,6,'2022-03-30 04:10:25','2022-03-30 04:10:25'),(8,'Report Generator',NULL,7,'2022-03-30 04:10:25','2022-03-30 04:10:25'),(9,'Notifications',NULL,8,'2022-03-30 04:10:25','2022-03-30 04:10:25'),(10,'Settings',NULL,9,'2022-03-30 04:10:25','2022-03-30 04:10:25'),(11,'Third Party Integrations',NULL,10,'2022-03-30 04:10:25','2022-03-30 04:10:25'),(12,'Access Roles',NULL,11,'2022-03-30 04:10:25','2022-03-30 04:10:25'),(13,'Asset Settings',NULL,12,'2022-03-30 04:10:25','2022-03-30 04:10:25'),(14,'Location Settings',NULL,13,'2022-03-30 04:10:25','2022-03-30 04:10:25'),(15,'Logs',NULL,14,'2022-03-30 04:10:25','2022-03-30 04:10:25'),(16,'Toolbox',NULL,15,'2022-03-30 04:10:25','2022-03-30 04:10:25'),(17,'Termination Tools',NULL,16,'2022-03-30 04:10:25','2022-03-30 04:10:25'),(18,'Misc',NULL,17,'2022-03-30 04:10:25','2022-03-30 04:10:25'),(19,'Security',NULL,0,'2023-12-06 23:49:05','2023-12-06 23:49:05');

--
-- Table structure for table `permissions`
--

CREATE TABLE `permissions` (
  `id` int unsigned NOT NULL AUTO_INCREMENT,
  `name` varchar(191) CHARACTER SET utf8mb4 COLLATE utf8mb4_unicode_ci NOT NULL,
  `guard_name` varchar(191) CHARACTER SET utf8mb4 COLLATE utf8mb4_unicode_ci NOT NULL,
  `order` int NOT NULL,
  `permission_category_id` int NOT NULL,
  `created_at` timestamp NULL DEFAULT NULL,
  `updated_at` timestamp NULL DEFAULT NULL,
  PRIMARY KEY (`id`)
) ENGINE=InnoDB AUTO_INCREMENT=108 DEFAULT CHARSET=utf8mb4 COLLATE=utf8mb4_unicode_ci;

--
-- Dumping data for table `permissions`
--

INSERT INTO `permissions` VALUES (1,'Dashboard View','web',0,1,'2022-05-19 23:26:53','2022-05-19 23:26:53'),(2,'Bulk Upload','web',0,2,'2022-05-19 23:26:53','2022-05-19 23:26:53'),(3,'IT Assets Create','web',1,2,'2022-05-19 23:26:53','2022-05-19 23:26:53'),(4,'IT Assets Edit','web',2,2,'2022-05-19 23:26:53','2022-05-19 23:26:53'),(5,'Mobile Assets View','web',3,2,'2022-05-19 23:26:53','2022-05-19 23:26:53'),(6,'Mobile Assets Create','web',4,2,'2022-05-19 23:26:53','2022-05-19 23:26:53'),(7,'Mobile Assets Edit','web',5,2,'2022-05-19 23:26:53','2022-05-19 23:26:53'),(8,'IT Assets View','web',6,2,'2022-05-19 23:26:53','2022-05-19 23:26:53'),(9,'Inventory Control View','web',7,2,'2022-05-19 23:26:53','2022-05-19 23:26:53'),(10,'ASN - Cdw','web',8,2,'2022-05-19 23:26:53','2022-05-19 23:26:53'),(11,'Cdw Mapping','web',9,2,'2022-05-19 23:26:53','2022-05-19 23:26:53'),(12,'Accessories View','web',0,3,'2022-05-19 23:26:53','2022-05-19 23:26:53'),(13,'Accessories Edit','web',1,3,'2022-05-19 23:26:53','2022-05-19 23:26:53'),(14,'Locations View','web',0,4,'2022-05-19 23:26:53','2022-05-19 23:26:53'),(15,'Locations Edit','web',1,4,'2022-05-19 23:26:53','2022-05-19 23:26:53'),(16,'People View','web',0,5,'2022-05-19 23:26:53','2022-05-19 23:26:53'),(17,'People Edit','web',1,5,'2022-05-19 23:26:53','2022-05-19 23:26:53'),(18,'Employee Landing Page','web',0,6,'2022-05-19 23:26:53','2022-05-19 23:26:53'),(19,'Team Report','web',1,6,'2022-05-19 23:26:53','2022-05-19 23:26:53'),(20,'Reports View','web',0,7,'2022-05-19 23:26:53','2022-05-19 23:26:53'),(21,'Reports Edit','web',1,7,'2022-05-19 23:26:53','2022-05-19 23:26:53'),(22,'Report Generator View','web',0,8,'2022-05-19 23:26:53','2022-05-19 23:26:53'),(23,'Report Generator Edit','web',1,8,'2022-05-19 23:26:53','2022-05-19 23:26:53'),(24,'Notifications View','web',0,9,'2022-05-19 23:26:53','2022-05-19 23:26:53'),(25,'Settings View','web',0,10,'2022-05-19 23:26:53','2022-05-19 23:26:53'),(26,'API Users View','web',1,10,'2022-05-19 23:26:53','2022-05-19 23:26:53'),(27,'API Users Manage','web',2,10,'2022-05-19 23:26:53','2022-05-19 23:26:53'),(28,'API Credentials View','web',0,11,'2022-05-19 23:26:53','2022-05-19 23:26:53'),(29,'API Credentials Edit','web',1,11,'2022-05-19 23:26:53','2022-05-19 23:26:53'),(30,'Access Levels View','web',0,12,'2022-05-19 23:26:53','2022-05-19 23:26:53'),(31,'Access Levels Edit','web',1,12,'2022-05-19 23:26:53','2022-05-19 23:26:53'),(32,'Asset Type View','web',0,13,'2022-05-19 23:26:53','2022-05-19 23:26:53'),(33,'Asset Type Edit','web',1,13,'2022-05-19 23:26:53','2022-05-19 23:26:53'),(34,'Asset Tab View','web',2,13,'2022-05-19 23:26:53','2022-05-19 23:26:53'),(35,'Asset Tab Edit','web',3,13,'2022-05-19 23:26:53','2022-05-19 23:26:53'),(36,'EOL Certificates Upload','web',4,13,'2022-05-19 23:26:53','2022-05-19 23:26:53'),(37,'Attributes View','web',5,13,'2022-05-19 23:26:53','2022-05-19 23:26:53'),(38,'Attributes Edit','web',6,13,'2022-05-19 23:26:53','2022-05-19 23:26:53'),(39,'Hardware Standards & Technical Specs View','web',7,13,'2022-05-19 23:26:54','2022-05-19 23:26:54'),(40,'Hardware Standards & Technical Specs Edit','web',8,13,'2022-05-19 23:26:54','2022-05-19 23:26:54'),(41,'Mobile Carrier View','web',9,13,'2022-05-19 23:26:54','2022-05-19 23:26:54'),(42,'Mobile Carrier Edit','web',10,13,'2022-05-19 23:26:54','2022-05-19 23:26:54'),(43,'Site Code View','web',0,14,'2022-05-19 23:26:54','2022-05-19 23:26:54'),(44,'Site Code Edit','web',1,14,'2022-05-19 23:26:54','2022-05-19 23:26:54'),(45,'Locations Create','web',2,14,'2022-05-19 23:26:54','2022-05-19 23:26:54'),(46,'Region Edit','web',3,14,'2022-05-19 23:26:54','2022-05-19 23:26:54'),(47,'State View','web',4,14,'2022-05-19 23:26:54','2022-05-19 23:26:54'),(48,'State Edit','web',5,14,'2022-05-19 23:26:54','2022-05-19 23:26:54'),(49,'Location Type View','web',6,14,'2022-05-19 23:26:54','2022-05-19 23:26:54'),(50,'Location Type Edit','web',7,14,'2022-05-19 23:26:54','2022-05-19 23:26:54'),(51,'Region View','web',8,14,'2022-05-19 23:26:54','2022-05-19 23:26:54'),(52,'Failed Ticket Logs View','web',0,15,'2022-05-19 23:26:54','2022-05-19 23:26:54'),(53,'Bulk Assign','web',0,16,'2022-05-19 23:26:54','2022-05-19 23:26:54'),(54,'Bulk Install','web',1,16,'2022-05-19 23:26:54','2022-05-19 23:26:54'),(55,'Bulk Loans','web',2,16,'2022-05-19 23:26:54','2022-05-19 23:26:54'),(56,'Bulk Hold','web',3,16,'2022-05-19 23:26:54','2022-05-19 23:26:54'),(57,'Bulk Asset Attribute Update','web',4,16,'2022-05-19 23:26:54','2022-05-19 23:26:54'),(58,'On Hand Statuses','web',5,16,'2022-05-19 23:26:54','2022-05-19 23:26:54'),(59,'Toolbox View','web',6,16,'2022-05-19 23:26:54','2022-05-19 23:26:54'),(60,'Bulk Lost Stolen','web',7,16,'2022-05-19 23:26:54','2022-05-19 23:26:54'),(61,'Bulk Move','web',8,16,'2022-05-19 23:26:54','2022-05-19 23:26:54'),(62,'Bulk Return','web',9,16,'2022-05-19 23:26:54','2022-05-19 23:26:54'),(63,'Bulk Link','web',10,16,'2022-05-19 23:26:54','2022-05-19 23:26:54'),(64,'Bulk Create Link Mobile','web',11,16,'2022-05-19 23:26:54','2022-05-19 23:26:54'),(65,'Purge Assets','web',12,16,'2022-05-19 23:26:54','2022-05-19 23:26:54'),(66,'Terminations','web',0,17,'2022-05-19 23:26:54','2022-05-19 23:26:54'),(67,'Change Created Date','web',0,18,'2022-05-19 23:26:54','2022-05-19 23:26:54'),(68,'Discovery Tools','web',1,18,'2022-05-19 23:26:54','2022-05-19 23:26:54'),(69,'Administrators View','web',2,18,'2022-05-19 23:26:54','2022-05-19 23:26:54'),(70,'Administrators Edit','web',3,18,'2022-05-19 23:26:54','2022-05-19 23:26:54'),(71,'New Hire','web',4,18,'2022-05-19 23:26:54','2022-05-19 23:26:54'),(72,'Bulk Status Update','web',14,16,'2022-06-03 00:36:18','2022-06-03 00:36:18'),(73,'Software License Category View','web',4,10,'2022-06-10 02:09:22','2022-06-10 02:09:22'),(74,'Software License Category Manage','web',5,10,'2022-06-10 02:09:50','2022-06-10 02:09:50'),(75,'Software License Vendor View','web',6,10,'2022-06-10 02:10:30','2022-06-10 02:10:30'),(76,'Software License Vendor Manage','web',7,10,'2022-06-10 02:11:28','2022-06-10 02:11:28'),(77,'Software License View','web',8,10,'2022-06-10 02:12:03','2022-06-10 02:12:03'),(78,'Software License Manage','web',9,10,'2022-06-10 02:12:43','2022-06-10 02:12:43'),(79,'ASN History','web',10,18,'2022-06-13 00:45:02','2022-06-13 00:45:02'),(80,'Software Assets Category View','web',10,10,'2022-06-13 06:00:20','2022-06-13 06:00:20'),(81,'Software Assets Category Edit','web',11,10,'2022-06-13 06:01:00','2022-06-13 06:01:00'),(82,'Software Assets Category Manage','web',12,0,'2022-06-13 06:01:43','2022-06-13 06:01:43'),(83,'Software Assets Vendor View','web',13,10,'2022-06-13 06:02:13','2022-06-13 06:02:13'),(84,'Software Assets Vendor Manage','web',14,0,'2022-06-13 06:02:45','2022-06-13 06:02:45'),(85,'Software Assets View','web',15,10,'2022-06-13 06:06:52','2022-06-13 06:06:52'),(86,'Software Assets Manage','web',16,10,'2022-06-13 06:07:33','2022-06-13 06:07:33'),(87,'Vendor Manage','web',12,13,'2022-10-13 07:16:06','2022-10-13 07:16:06'),(88,'Software Assets Subscription Manage','web',8,10,'2022-10-18 02:37:29','2022-10-18 02:37:29'),(89,'Software Assets Manufacturer Manage','web',16,10,'2022-10-18 23:26:34','2022-10-18 23:26:34'),(90,'ASN - Assets View','web',11,2,'2023-02-02 00:05:20','2023-02-02 00:05:20'),(91,'ASN Hardware Mapping','web',12,2,'2023-02-02 00:05:52','2023-02-02 00:05:52'),(92,'ASN Accessories Mapping','web',13,2,'2023-02-02 00:06:16','2023-02-02 00:06:16'),(93,'ASN Unwanted Parts Mapping','web',14,2,'2023-02-02 00:06:43','2023-02-02 00:06:43'),(94,'Hardware Kits View','web',13,13,'2023-04-28 02:07:42','2023-04-28 02:07:42'),(95,'Bulk Create Hardware and Specs','web',20,16,'2023-11-10 06:21:20','2023-11-10 06:21:20'),(96,'Security Tools View','web',1,0,'2023-12-06 23:50:32','2023-12-06 23:50:32'),(97,'Crowdstrike Reports View','web',2,19,'2023-12-06 23:53:16','2023-12-06 23:53:16'),(98,'User Login History','web',0,10,'2023-12-12 05:19:36','2023-12-12 05:19:36'),(102,'Consumption Reports','web',5,7,'2024-01-02 22:55:37','2024-01-02 22:55:37'),(103,'HR Collections Report','web',0,17,'2024-01-05 06:09:34','2024-01-05 06:09:34'),(104,'Assets Health View','web',0,18,'2024-01-05 06:09:34','2024-01-05 06:09:34'),(105,'Support Page View','web',10,18,'2024-03-18 00:17:55','2024-03-18 00:17:55'),(106,'Slackbot Admin Tools','web',11,18,'2024-04-05 01:47:02','2024-04-05 01:47:02'),(107,'Retriever Report','web',1,17,'2024-06-13 00:43:33','2024-06-13 00:43:33');

--
-- Table structure for table `purchase_orders`
--

CREATE TABLE `purchase_orders` (
  `id` int unsigned NOT NULL AUTO_INCREMENT,
  `number` varchar(191) CHARACTER SET utf8mb4 COLLATE utf8mb4_unicode_ci NOT NULL,
  `status` int NOT NULL DEFAULT '1',
  `vendor_id` int DEFAULT NULL,
  `created_at` timestamp NULL DEFAULT NULL,
  `updated_at` timestamp NULL DEFAULT NULL,
  `deleted_at` timestamp NULL DEFAULT NULL,
  PRIMARY KEY (`id`),
  KEY `purchase_orders_vendor_id_index` (`vendor_id`)
) ENGINE=InnoDB DEFAULT CHARSET=utf8mb4 COLLATE=utf8mb4_unicode_ci;

--
-- Dumping data for table `purchase_orders`
--


--
-- Table structure for table `purge_asset_histories`
--

CREATE TABLE `purge_asset_histories` (
  `id` bigint unsigned NOT NULL AUTO_INCREMENT,
  `user_id` int NOT NULL,
  `asset_type_id` int DEFAULT NULL,
  `make_and_model_id` int DEFAULT NULL,
  `technical_spec_id` int DEFAULT NULL,
  `asset_tag` varchar(191) CHARACTER SET utf8mb4 COLLATE utf8mb4_unicode_ci DEFAULT NULL,
  `serial_no` varchar(191) CHARACTER SET utf8mb4 COLLATE utf8mb4_unicode_ci NOT NULL,
  `created_at` timestamp NULL DEFAULT NULL,
  `updated_at` timestamp NULL DEFAULT NULL,
  PRIMARY KEY (`id`)
) ENGINE=InnoDB DEFAULT CHARSET=utf8mb4 COLLATE=utf8mb4_unicode_ci;

--
-- Dumping data for table `purge_asset_histories`
--


--
-- Table structure for table `regions`
--

CREATE TABLE `regions` (
  `id` int unsigned NOT NULL AUTO_INCREMENT,
  `name` text CHARACTER SET utf8mb4 COLLATE utf8mb4_unicode_ci NOT NULL,
  `created_at` timestamp NULL DEFAULT NULL,
  `updated_at` timestamp NULL DEFAULT NULL,
  PRIMARY KEY (`id`)
) ENGINE=InnoDB AUTO_INCREMENT=10 DEFAULT CHARSET=utf8mb4 COLLATE=utf8mb4_unicode_ci;

--
-- Dumping data for table `regions`
--

INSERT INTO `regions` VALUES (1,'APAC','2018-05-30 21:01:25','2018-05-31 16:24:24'),(2,'EMEA','2018-05-30 21:01:31','2018-05-30 21:01:31'),(3,'LATAM','2018-05-30 21:01:38','2018-05-30 21:01:38'),(4,'NORAM','2018-05-30 21:01:39','2018-05-30 21:01:39'),(5,'USA','2018-05-30 21:01:41','2018-05-30 21:01:41'),(6,'ERFV','2022-12-02 03:01:47','2022-12-02 03:01:47');

--
-- Table structure for table `report_history_varience_datas`
--

CREATE TABLE `report_history_varience_datas` (
  `id` int unsigned NOT NULL AUTO_INCREMENT,
  `report_history_varience_id` int NOT NULL,
  `scanned_asset_tag` varchar(191) CHARACTER SET utf8mb4 COLLATE utf8mb4_unicode_ci DEFAULT NULL,
  `hardware_standard` varchar(191) CHARACTER SET utf8mb4 COLLATE utf8mb4_unicode_ci DEFAULT NULL,
  `tech_spec` varchar(191) CHARACTER SET utf8mb4 COLLATE utf8mb4_unicode_ci DEFAULT NULL,
  `serial_number` varchar(191) CHARACTER SET utf8mb4 COLLATE utf8mb4_unicode_ci DEFAULT NULL,
  `status` varchar(191) CHARACTER SET utf8mb4 COLLATE utf8mb4_unicode_ci DEFAULT NULL,
  `asset_location` varchar(191) CHARACTER SET utf8mb4 COLLATE utf8mb4_unicode_ci DEFAULT NULL,
  `match_at_location` varchar(191) CHARACTER SET utf8mb4 COLLATE utf8mb4_unicode_ci DEFAULT NULL,
  `discrepancy` varchar(191) CHARACTER SET utf8mb4 COLLATE utf8mb4_unicode_ci DEFAULT NULL,
  `created_at` timestamp NULL DEFAULT NULL,
  `updated_at` timestamp NULL DEFAULT NULL,
  PRIMARY KEY (`id`)
) ENGINE=InnoDB DEFAULT CHARSET=utf8mb4 COLLATE=utf8mb4_unicode_ci;

--
-- Dumping data for table `report_history_varience_datas`
--


--
-- Table structure for table `report_history_variences`
--

CREATE TABLE `report_history_variences` (
  `id` int unsigned NOT NULL AUTO_INCREMENT,
  `date` date DEFAULT NULL,
  `name` varchar(191) CHARACTER SET utf8mb4 COLLATE utf8mb4_unicode_ci DEFAULT NULL,
  `user_id` int DEFAULT NULL,
  `scanned_by` varchar(191) CHARACTER SET utf8mb4 COLLATE utf8mb4_unicode_ci DEFAULT NULL,
  `match_n` int DEFAULT NULL,
  `match_y` int DEFAULT NULL,
  `total_assets` int DEFAULT NULL,
  `total_assets_scanned` int DEFAULT NULL,
  `assets_not_in_db` int DEFAULT NULL,
  `assets_not_scanned` int DEFAULT NULL,
  `positive_variance` int DEFAULT NULL,
  `location_id` int DEFAULT NULL,
  `asset_type_ids` varchar(191) CHARACTER SET utf8mb4 COLLATE utf8mb4_unicode_ci DEFAULT NULL,
  `location_name` varchar(191) CHARACTER SET utf8mb4 COLLATE utf8mb4_unicode_ci DEFAULT NULL,
  `accuracy` double(8,2) DEFAULT NULL,
  `variance` double DEFAULT NULL,
  `report_csv` varchar(191) CHARACTER SET utf8mb4 COLLATE utf8mb4_unicode_ci DEFAULT NULL,
  `created_at` timestamp NULL DEFAULT NULL,
  `updated_at` timestamp NULL DEFAULT NULL,
  PRIMARY KEY (`id`)
) ENGINE=InnoDB DEFAULT CHARSET=utf8mb4 COLLATE=utf8mb4_unicode_ci;

--
-- Dumping data for table `report_history_variences`
--


--
-- Table structure for table `retriever_devices`
--

CREATE TABLE `retriever_devices` (
  `id` bigint unsigned NOT NULL AUTO_INCREMENT,
  `user_id` int DEFAULT NULL,
  `asset_id` int DEFAULT NULL,
  `user_email` varchar(191) CHARACTER SET utf8mb4 COLLATE utf8mb4_unicode_ci DEFAULT NULL,
  `user_name` varchar(191) CHARACTER SET utf8mb4 COLLATE utf8mb4_unicode_ci DEFAULT NULL,
  `city` varchar(191) CHARACTER SET utf8mb4 COLLATE utf8mb4_unicode_ci DEFAULT NULL,
  `serial_no` varchar(191) CHARACTER SET utf8mb4 COLLATE utf8mb4_unicode_ci NOT NULL,
  `shipment_status` varchar(191) CHARACTER SET utf8mb4 COLLATE utf8mb4_unicode_ci DEFAULT NULL,
  `deactivated_reason` text CHARACTER SET utf8mb4 COLLATE utf8mb4_unicode_ci,
  `device_type` varchar(191) CHARACTER SET utf8mb4 COLLATE utf8mb4_unicode_ci DEFAULT NULL,
  `request_charger` tinyint(1) DEFAULT NULL,
  `outbound_tracking` varchar(191) CHARACTER SET utf8mb4 COLLATE utf8mb4_unicode_ci DEFAULT NULL,
  `outbound_carrier` varchar(191) CHARACTER SET utf8mb4 COLLATE utf8mb4_unicode_ci DEFAULT NULL,
  `return_tracking` varchar(191) CHARACTER SET utf8mb4 COLLATE utf8mb4_unicode_ci DEFAULT NULL,
  `return_carrier` varchar(191) CHARACTER SET utf8mb4 COLLATE utf8mb4_unicode_ci DEFAULT NULL,
  `box_shipped_at` datetime DEFAULT NULL,
  `box_delivered_at` datetime DEFAULT NULL,
  `device_shipped_at` datetime DEFAULT NULL,
  `device_delivered_at` datetime DEFAULT NULL,
  `created_at` timestamp NULL DEFAULT NULL,
  `updated_at` timestamp NULL DEFAULT NULL,
  PRIMARY KEY (`id`)
) ENGINE=InnoDB DEFAULT CHARSET=utf8mb4 COLLATE=utf8mb4_unicode_ci;

--
-- Dumping data for table `retriever_devices`
--


--
-- Table structure for table `retriver_shipment_requests`
--

CREATE TABLE `retriver_shipment_requests` (
  `id` bigint unsigned NOT NULL AUTO_INCREMENT,
  `requester_id` int DEFAULT NULL,
  `request_status` tinyint DEFAULT NULL,
  `device` varchar(191) CHARACTER SET utf8mb4 COLLATE utf8mb4_unicode_ci DEFAULT NULL,
  `request_disposal` tinyint(1) DEFAULT NULL,
  `name` varchar(191) CHARACTER SET utf8mb4 COLLATE utf8mb4_unicode_ci DEFAULT NULL,
  `email` varchar(191) CHARACTER SET utf8mb4 COLLATE utf8mb4_unicode_ci DEFAULT NULL,
  `address_line_1` varchar(191) CHARACTER SET utf8mb4 COLLATE utf8mb4_unicode_ci DEFAULT NULL,
  `address_line_2` varchar(191) CHARACTER SET utf8mb4 COLLATE utf8mb4_unicode_ci DEFAULT NULL,
  `address_city` varchar(191) CHARACTER SET utf8mb4 COLLATE utf8mb4_unicode_ci DEFAULT NULL,
  `address_state` varchar(191) CHARACTER SET utf8mb4 COLLATE utf8mb4_unicode_ci DEFAULT NULL,
  `address_country` varchar(191) CHARACTER SET utf8mb4 COLLATE utf8mb4_unicode_ci DEFAULT NULL,
  `address_zip` varchar(191) CHARACTER SET utf8mb4 COLLATE utf8mb4_unicode_ci DEFAULT NULL,
  `location` int DEFAULT NULL,
  `return_recipient_name` varchar(191) CHARACTER SET utf8mb4 COLLATE utf8mb4_unicode_ci DEFAULT NULL,
  `return_address_company` varchar(191) CHARACTER SET utf8mb4 COLLATE utf8mb4_unicode_ci DEFAULT NULL,
  `return_address_line_1` varchar(191) CHARACTER SET utf8mb4 COLLATE utf8mb4_unicode_ci DEFAULT NULL,
  `return_address_line_2` varchar(191) CHARACTER SET utf8mb4 COLLATE utf8mb4_unicode_ci DEFAULT NULL,
  `return_address_city` varchar(191) CHARACTER SET utf8mb4 COLLATE utf8mb4_unicode_ci DEFAULT NULL,
  `return_address_state` varchar(191) CHARACTER SET utf8mb4 COLLATE utf8mb4_unicode_ci DEFAULT NULL,
  `return_address_country` varchar(191) CHARACTER SET utf8mb4 COLLATE utf8mb4_unicode_ci DEFAULT NULL,
  `return_address_zip` varchar(191) CHARACTER SET utf8mb4 COLLATE utf8mb4_unicode_ci DEFAULT NULL,
  `display_name` varchar(191) CHARACTER SET utf8mb4 COLLATE utf8mb4_unicode_ci DEFAULT NULL,
  `notification_email` varchar(191) CHARACTER SET utf8mb4 COLLATE utf8mb4_unicode_ci DEFAULT NULL,
  `return_charger` tinyint(1) DEFAULT NULL,
  `return_phone` tinyint(1) DEFAULT NULL,
  `created_at` timestamp NULL DEFAULT NULL,
  `updated_at` timestamp NULL DEFAULT NULL,
  PRIMARY KEY (`id`)
) ENGINE=InnoDB DEFAULT CHARSET=utf8mb4 COLLATE=utf8mb4_unicode_ci;

--
-- Dumping data for table `retriver_shipment_requests`
--


--
-- Table structure for table `revivn_assets`
--

CREATE TABLE `revivn_assets` (
  `id` bigint unsigned NOT NULL AUTO_INCREMENT,
  `asset_id` int DEFAULT NULL,
  `serial_no` varchar(191) CHARACTER SET utf8mb4 COLLATE utf8mb4_unicode_ci DEFAULT NULL,
  `asset_tag` varchar(191) CHARACTER SET utf8mb4 COLLATE utf8mb4_unicode_ci DEFAULT NULL,
  `revivn_id` varchar(191) CHARACTER SET utf8mb4 COLLATE utf8mb4_unicode_ci DEFAULT NULL,
  `revivn_pickup_id` int DEFAULT NULL,
  `model` varchar(191) CHARACTER SET utf8mb4 COLLATE utf8mb4_unicode_ci DEFAULT NULL,
  `device_type` varchar(191) CHARACTER SET utf8mb4 COLLATE utf8mb4_unicode_ci DEFAULT NULL,
  `manufacturer` varchar(191) CHARACTER SET utf8mb4 COLLATE utf8mb4_unicode_ci DEFAULT NULL,
  `hard_drive` varchar(191) CHARACTER SET utf8mb4 COLLATE utf8mb4_unicode_ci DEFAULT NULL,
  `cpu` varchar(191) CHARACTER SET utf8mb4 COLLATE utf8mb4_unicode_ci DEFAULT NULL,
  `ram` varchar(191) CHARACTER SET utf8mb4 COLLATE utf8mb4_unicode_ci DEFAULT NULL,
  `year` varchar(191) CHARACTER SET utf8mb4 COLLATE utf8mb4_unicode_ci DEFAULT NULL,
  `hdd` varchar(191) CHARACTER SET utf8mb4 COLLATE utf8mb4_unicode_ci DEFAULT NULL,
  `lock_codes` varchar(191) CHARACTER SET utf8mb4 COLLATE utf8mb4_unicode_ci DEFAULT NULL,
  `cod_url` varchar(191) CHARACTER SET utf8mb4 COLLATE utf8mb4_unicode_ci DEFAULT NULL,
  `end_of_life_condition` varchar(191) CHARACTER SET utf8mb4 COLLATE utf8mb4_unicode_ci DEFAULT NULL,
  `status` varchar(191) CHARACTER SET utf8mb4 COLLATE utf8mb4_unicode_ci DEFAULT NULL,
  `created_at` timestamp NULL DEFAULT NULL,
  `updated_at` timestamp NULL DEFAULT NULL,
  PRIMARY KEY (`id`),
  KEY `asset_id` (`asset_id`)
) ENGINE=InnoDB DEFAULT CHARSET=utf8mb4 COLLATE=utf8mb4_unicode_ci;

--
-- Dumping data for table `revivn_assets`
--


--
-- Table structure for table `revivn_pickups`
--

CREATE TABLE `revivn_pickups` (
  `id` bigint unsigned NOT NULL AUTO_INCREMENT,
  `pickup_id` varchar(191) CHARACTER SET utf8mb4 COLLATE utf8mb4_unicode_ci DEFAULT NULL,
  `state` varchar(191) CHARACTER SET utf8mb4 COLLATE utf8mb4_unicode_ci DEFAULT NULL,
  `order_number` varchar(191) CHARACTER SET utf8mb4 COLLATE utf8mb4_unicode_ci DEFAULT NULL,
  `comments` varchar(191) CHARACTER SET utf8mb4 COLLATE utf8mb4_unicode_ci DEFAULT NULL,
  `confirmed_time` varchar(191) CHARACTER SET utf8mb4 COLLATE utf8mb4_unicode_ci DEFAULT NULL,
  `scheduled_date` varchar(191) CHARACTER SET utf8mb4 COLLATE utf8mb4_unicode_ci DEFAULT NULL,
  `created_at` timestamp NULL DEFAULT NULL,
  `updated_at` timestamp NULL DEFAULT NULL,
  PRIMARY KEY (`id`)
) ENGINE=InnoDB DEFAULT CHARSET=utf8mb4 COLLATE=utf8mb4_unicode_ci;

--
-- Dumping data for table `revivn_pickups`
--


--
-- Table structure for table `role_change_histories`
--

CREATE TABLE `role_change_histories` (
  `id` bigint unsigned NOT NULL AUTO_INCREMENT,
  `user_id` int NOT NULL,
  `changed_by_user_id` int DEFAULT NULL,
  `changed_by` varchar(191) CHARACTER SET utf8mb4 COLLATE utf8mb4_unicode_ci DEFAULT NULL,
  `from_user_type_id` int NOT NULL,
  `to_user_type_id` int NOT NULL,
  `created_at` timestamp NULL DEFAULT NULL,
  `updated_at` timestamp NULL DEFAULT NULL,
  PRIMARY KEY (`id`)
) ENGINE=InnoDB AUTO_INCREMENT=4 DEFAULT CHARSET=utf8mb4 COLLATE=utf8mb4_unicode_ci;

--
-- Dumping data for table `role_change_histories`
--

INSERT INTO `role_change_histories` VALUES (1,10,2,NULL,5,1,'2025-05-26 06:02:01','2025-05-26 06:02:01'),(2,11,2,NULL,5,1,'2025-05-26 06:03:02','2025-05-26 06:03:02'),(3,13,0,'Teqtivity Automation',1,4,'2025-08-10 18:00:16','2025-08-10 18:00:16');

--
-- Table structure for table `role_has_permissions`
--

CREATE TABLE `role_has_permissions` (
  `permission_id` int unsigned NOT NULL,
  `role_id` int unsigned NOT NULL,
  PRIMARY KEY (`permission_id`,`role_id`),
  KEY `role_has_permissions_role_id_foreign` (`role_id`),
  CONSTRAINT `role_has_permissions_permission_id_foreign` FOREIGN KEY (`permission_id`) REFERENCES `permissions` (`id`) ON DELETE CASCADE,
  CONSTRAINT `role_has_permissions_role_id_foreign` FOREIGN KEY (`role_id`) REFERENCES `user_types` (`id`) ON DELETE CASCADE
) ENGINE=InnoDB DEFAULT CHARSET=utf8mb4 COLLATE=utf8mb4_unicode_ci;

--
-- Dumping data for table `role_has_permissions`
--

INSERT INTO `role_has_permissions` VALUES (1,1),(2,1),(3,1),(4,1),(5,1),(6,1),(7,1),(8,1),(9,1),(10,1),(11,1),(12,1),(13,1),(14,1),(15,1),(16,1),(17,1),(18,1),(19,1),(20,1),(21,1),(22,1),(23,1),(24,1),(25,1),(26,1),(27,1),(28,1),(29,1),(30,1),(31,1),(32,1),(33,1),(34,1),(35,1),(36,1),(37,1),(38,1),(39,1),(40,1),(41,1),(42,1),(43,1),(44,1),(45,1),(46,1),(47,1),(48,1),(49,1),(50,1),(51,1),(52,1),(53,1),(54,1),(55,1),(56,1),(57,1),(58,1),(59,1),(60,1),(61,1),(62,1),(63,1),(64,1),(65,1),(66,1),(67,1),(68,1),(69,1),(70,1),(71,1),(72,1),(73,1),(74,1),(75,1),(76,1),(77,1),(78,1),(79,1),(80,1),(81,1),(82,1),(83,1),(84,1),(85,1),(86,1),(87,1),(88,1),(89,1),(90,1),(91,1),(92,1),(93,1),(94,1),(95,1),(96,1),(97,1),(98,1),(102,1),(103,1),(104,1),(105,1),(106,1),(107,1),(1,2),(2,2),(3,2),(4,2),(5,2),(6,2),(7,2),(8,2),(12,2),(13,2),(14,2),(15,2),(16,2),(17,2),(20,2),(21,2),(22,2),(23,2),(24,2),(25,2),(28,2),(29,2),(30,2),(31,2),(32,2),(33,2),(34,2),(35,2),(37,2),(38,2),(39,2),(40,2),(41,2),(42,2),(43,2),(44,2),(45,2),(46,2),(49,2),(50,2),(51,2),(52,2),(53,2),(54,2),(55,2),(56,2),(57,2),(58,2),(67,2),(69,2),(70,2),(5,3),(8,3),(12,3),(14,3),(16,3),(20,3),(22,3),(37,3),(39,3),(69,3),(1,4),(8,4),(1,5),(2,5),(3,5),(4,5),(5,5),(6,5),(7,5),(8,5),(9,5),(10,5),(11,5),(12,5),(13,5),(14,5),(15,5),(16,5),(17,5),(18,5),(19,5),(20,5),(21,5),(22,5),(23,5),(24,5),(25,5),(26,5),(27,5),(28,5),(29,5),(30,5),(31,5),(32,5),(33,5),(34,5),(35,5),(36,5),(37,5),(38,5),(39,5),(40,5),(41,5),(42,5),(43,5),(44,5),(45,5),(46,5),(47,5),(48,5),(49,5),(50,5),(51,5),(52,5),(53,5),(54,5),(55,5),(56,5),(57,5),(58,5),(59,5),(60,5),(61,5),(62,5),(63,5),(64,5),(65,5),(66,5),(67,5),(68,5),(69,5),(70,5),(71,5),(72,5),(73,5),(74,5),(75,5),(76,5),(77,5),(78,5),(79,5),(80,5),(81,5),(82,5),(83,5),(84,5),(85,5),(86,5),(87,5),(88,5),(89,5),(90,5),(91,5),(92,5),(93,5),(94,5),(95,5),(96,5),(97,5),(98,5),(102,5),(103,5),(104,5),(105,5),(106,5),(107,5),(1,6),(2,6),(3,6),(4,6),(5,6),(6,6),(7,6),(8,6),(9,6),(10,6),(11,6),(12,6),(13,6),(14,6),(15,6),(16,6),(17,6),(18,6),(19,6),(20,6),(21,6),(22,6),(23,6),(24,6),(25,6),(26,6),(27,6),(28,6),(29,6),(30,6),(31,6),(32,6),(33,6),(34,6),(35,6),(36,6),(37,6),(38,6),(39,6),(40,6),(41,6),(42,6),(43,6),(44,6),(45,6),(46,6),(47,6),(48,6),(49,6),(50,6),(51,6),(52,6),(53,6),(54,6),(55,6),(56,6),(57,6),(58,6),(59,6),(60,6),(61,6),(62,6),(63,6),(64,6),(65,6),(66,6),(67,6),(68,6),(69,6),(70,6),(71,6),(72,6),(73,6),(74,6),(75,6),(76,6),(77,6),(78,6),(79,6),(80,6),(81,6),(82,6),(83,6),(84,6),(85,6),(86,6),(87,6),(88,6),(89,6),(90,6),(91,6),(92,6),(93,6),(94,6),(95,6),(96,6),(97,6),(98,6),(105,6);

--
-- Table structure for table `saved_searches`
--

CREATE TABLE `saved_searches` (
  `id` bigint unsigned NOT NULL AUTO_INCREMENT,
  `report_name` varchar(191) CHARACTER SET utf8mb4 COLLATE utf8mb4_unicode_ci NOT NULL,
  `user_id` int NOT NULL,
  `view_all` int DEFAULT NULL,
  `name` varchar(191) CHARACTER SET utf8mb4 COLLATE utf8mb4_unicode_ci NOT NULL,
  `parameters` text CHARACTER SET utf8mb4 COLLATE utf8mb4_unicode_ci NOT NULL,
  `created_at` timestamp NULL DEFAULT NULL,
  `updated_at` timestamp NULL DEFAULT NULL,
  PRIMARY KEY (`id`)
) ENGINE=InnoDB DEFAULT CHARSET=utf8mb4 COLLATE=utf8mb4_unicode_ci;

--
-- Dumping data for table `saved_searches`
--


--
-- Table structure for table `site_codes`
--

CREATE TABLE `site_codes` (
  `id` int unsigned NOT NULL AUTO_INCREMENT,
  `code` varchar(191) CHARACTER SET utf8mb4 COLLATE utf8mb4_unicode_ci NOT NULL,
  `country_id` int DEFAULT NULL,
  `region_id` int DEFAULT NULL,
  `created_at` timestamp NULL DEFAULT NULL,
  `updated_at` timestamp NULL DEFAULT NULL,
  PRIMARY KEY (`id`)
) ENGINE=InnoDB AUTO_INCREMENT=1758 DEFAULT CHARSET=utf8mb4 COLLATE=utf8mb4_unicode_ci;

--
-- Dumping data for table `site_codes`
--

INSERT INTO `site_codes` VALUES (1,'ABD',1,1,'2018-05-30 21:01:25','2018-05-30 21:01:25'),(2,'ADA',2,1,'2018-05-30 21:01:25','2018-05-30 21:01:25'),(3,'ADL',3,1,'2018-05-30 21:01:25','2018-05-30 21:01:25'),(4,'ADE',4,1,'2018-05-30 21:01:25','2018-05-30 21:01:25'),(5,'SUM',5,1,'2018-05-30 21:01:25','2018-05-30 21:01:25'),(6,'AMD',6,1,'2018-05-30 21:01:25','2018-05-30 21:01:25'),(7,'AXT',7,1,'2018-05-30 21:01:25','2018-05-30 21:01:25'),(8,'AKT',8,1,'2018-05-30 21:01:25','2018-05-30 21:01:25'),(9,'ADX',9,1,'2018-05-30 21:01:26','2018-05-30 21:01:26'),(10,'AAN',10,1,'2018-05-30 21:01:26','2018-05-30 21:01:26'),(11,'ALH',3,1,'2018-05-30 21:01:26','2018-05-30 21:01:26'),(12,'ABX',3,1,'2018-05-30 21:01:26','2018-05-30 21:01:26'),(13,'ASP',3,1,'2018-05-30 21:01:26','2018-05-30 21:01:26'),(14,'ALA',9,1,'2018-05-30 21:01:26','2018-05-30 21:01:26'),(15,'ALP',11,1,'2018-05-30 21:01:26','2018-05-30 21:01:26'),(16,'ASJ',7,1,'2018-05-30 21:01:26','2018-05-30 21:01:26'),(17,'AMM',12,1,'2018-05-30 21:01:26','2018-05-30 21:01:26'),(18,'ADJ',12,1,'2018-05-30 21:01:26','2018-05-30 21:01:26'),(19,'ATQ',6,1,'2018-05-30 21:01:26','2018-05-30 21:01:26'),(20,'QNB',6,1,'2018-05-30 21:01:26','2018-05-30 21:01:26'),(21,'ANK',2,1,'2018-05-30 21:01:26','2018-05-30 21:01:26'),(22,'AYT',2,1,'2018-05-30 21:01:26','2018-05-30 21:01:26'),(23,'AOJ',7,1,'2018-05-30 21:01:26','2018-05-30 21:01:26'),(24,'APW',13,1,'2018-05-30 21:01:26','2018-05-30 21:01:26'),(25,'AQJ',12,1,'2018-05-30 21:01:26','2018-05-30 21:01:26'),(26,'ARH',14,1,'2018-05-30 21:01:26','2018-05-30 21:01:26'),(27,'ASB',15,1,'2018-05-30 21:01:26','2018-05-30 21:01:26'),(28,'TSE',16,1,'2018-05-30 21:01:26','2018-05-30 21:01:26'),(29,'AKL',17,1,'2018-05-30 21:01:26','2018-05-30 21:01:26'),(30,'AYQ',3,1,'2018-05-30 21:01:26','2018-05-30 21:01:26'),(31,'AYR',3,1,'2018-05-30 21:01:26','2018-05-30 21:01:26'),(32,'BGW',18,1,'2018-05-30 21:01:26','2018-05-30 21:01:26'),(33,'SDA',18,1,'2018-05-30 21:01:26','2018-05-30 21:01:26'),(34,'IXB',6,1,'2018-05-30 21:01:26','2018-05-30 21:01:26'),(35,'BHV',19,1,'2018-05-30 21:01:26','2018-05-30 21:01:26'),(36,'BAH',20,1,'2018-05-30 21:01:26','2018-05-30 21:01:26'),(37,'BAK',21,1,'2018-05-30 21:01:26','2018-05-30 21:01:26'),(38,'BNK',3,1,'2018-05-30 21:01:26','2018-05-30 21:01:26'),(39,'ABM',3,1,'2018-05-30 21:01:26','2018-05-30 21:01:26'),(40,'BWN',22,1,'2018-05-30 21:01:26','2018-05-30 21:01:26'),(41,'BLR',6,1,'2018-05-30 21:01:26','2018-05-30 21:01:26'),(42,'BKK',23,1,'2018-05-30 21:01:26','2018-05-30 21:01:26'),(43,'BNP',19,1,'2018-05-30 21:01:26','2018-05-30 21:01:26'),(44,'BZL',24,1,'2018-05-30 21:01:26','2018-05-30 21:01:26'),(45,'BDQ',6,1,'2018-05-30 21:01:26','2018-05-30 21:01:26'),(46,'BSR',18,1,'2018-05-30 21:01:26','2018-05-30 21:01:26'),(47,'PEK',25,1,'2018-05-30 21:01:26','2018-05-30 21:01:26'),(48,'NAY',25,1,'2018-05-30 21:01:26','2018-05-30 21:01:26'),(49,'BEY',26,1,'2018-05-30 21:01:26','2018-05-30 21:01:26'),(50,'IXG',6,1,'2018-05-30 21:01:26','2018-05-30 21:01:26'),(51,'BHO',6,1,'2018-05-30 21:01:26','2018-05-30 21:01:26'),(52,'BBI',6,1,'2018-05-30 21:01:26','2018-05-30 21:01:26'),(53,'BTU',27,1,'2018-05-30 21:01:26','2018-05-30 21:01:26'),(54,'BLT',3,1,'2018-05-30 21:01:26','2018-05-30 21:01:26'),(55,'BHE',17,1,'2018-05-30 21:01:26','2018-05-30 21:01:26'),(56,'BOM',6,1,'2018-05-30 21:01:26','2018-05-30 21:01:26'),(57,'BOB',28,1,'2018-05-30 21:01:26','2018-05-30 21:01:26'),(58,'ZBO',3,1,'2018-05-30 21:01:26','2018-05-30 21:01:26'),(59,'BMP',3,1,'2018-05-30 21:01:26','2018-05-30 21:01:26'),(60,'BNE',3,1,'2018-05-30 21:01:26','2018-05-30 21:01:26'),(61,'BHQ',3,1,'2018-05-30 21:01:26','2018-05-30 21:01:26'),(62,'BME',3,1,'2018-05-30 21:01:26','2018-05-30 21:01:26'),(63,'BDB',3,1,'2018-05-30 21:01:26','2018-05-30 21:01:26'),(64,'BWT',3,1,'2018-05-30 21:01:26','2018-05-30 21:01:26'),(65,'CNS',3,1,'2018-05-30 21:01:26','2018-05-30 21:01:26'),(66,'CCU',6,1,'2018-05-30 21:01:26','2018-05-30 21:01:26'),(67,'KMQ',7,1,'2018-05-30 21:01:26','2018-05-30 21:01:26'),(68,'CCJ',6,1,'2018-05-30 21:01:26','2018-05-30 21:01:26'),(69,'CBR',3,1,'2018-05-30 21:01:26','2018-05-30 21:01:26'),(70,'CVQ',3,1,'2018-05-30 21:01:26','2018-05-30 21:01:26'),(71,'CSI',3,1,'2018-05-30 21:01:26','2018-05-30 21:01:26'),(72,'CBU',29,1,'2018-05-30 21:01:26','2018-05-30 21:01:26'),(73,'CED',3,1,'2018-05-30 21:01:26','2018-05-30 21:01:26'),(74,'CES',3,1,'2018-05-30 21:01:26','2018-05-30 21:01:26'),(75,'IXC',6,1,'2018-05-30 21:01:26','2018-05-30 21:01:26'),(76,'CGQ',30,1,'2018-05-30 21:01:26','2018-05-30 21:01:26'),(77,'CXT',3,1,'2018-05-30 21:01:26','2018-05-30 21:01:26'),(78,'CTU',31,1,'2018-05-30 21:01:26','2018-05-30 21:01:26'),(79,'MAA',6,1,'2018-05-30 21:01:26','2018-05-30 21:01:26'),(80,'CNX',23,1,'2018-05-30 21:01:26','2018-05-30 21:01:26'),(81,'QCB',7,1,'2018-05-30 21:01:26','2018-05-30 21:01:26'),(82,'CTS',7,1,'2018-05-30 21:01:26','2018-05-30 21:01:26'),(83,'CJL',19,1,'2018-05-30 21:01:26','2018-05-30 21:01:26'),(84,'CGP',24,1,'2018-05-30 21:01:26','2018-05-30 21:01:26'),(85,'CKG',31,1,'2018-05-30 21:01:26','2018-05-30 21:01:26'),(86,'CHC',17,1,'2018-05-30 21:01:26','2018-05-30 21:01:26'),(87,'CMQ',3,1,'2018-05-30 21:01:26','2018-05-30 21:01:26'),(88,'COK',6,1,'2018-05-30 21:01:26','2018-05-30 21:01:26'),(89,'CFS',3,1,'2018-05-30 21:01:27','2018-05-30 21:01:27'),(90,'CJB',6,1,'2018-05-30 21:01:27','2018-05-30 21:01:27'),(91,'KCE',3,1,'2018-05-30 21:01:27','2018-05-30 21:01:27'),(92,'CMB',32,1,'2018-05-30 21:01:27','2018-05-30 21:01:27'),(93,'CPD',3,1,'2018-05-30 21:01:27','2018-05-30 21:01:27'),(94,'CTN',3,1,'2018-05-30 21:01:27','2018-05-30 21:01:27'),(95,'OOM',3,1,'2018-05-30 21:01:27','2018-05-30 21:01:27'),(96,'DLM',2,1,'2018-05-30 21:01:27','2018-05-30 21:01:27'),(97,'DBY',3,1,'2018-05-30 21:01:27','2018-05-30 21:01:27'),(98,'DLC',33,1,'2018-05-30 21:01:27','2018-05-30 21:01:27'),(99,'DAM',11,1,'2018-05-30 21:01:27','2018-05-30 21:01:27'),(100,'DRW',3,1,'2018-05-30 21:01:27','2018-05-30 21:01:27'),(101,'DDI',3,1,'2018-05-30 21:01:27','2018-05-30 21:01:27'),(102,'DEL',6,1,'2018-05-30 21:01:27','2018-05-30 21:01:27'),(103,'DPS',34,1,'2018-05-30 21:01:27','2018-05-30 21:01:27'),(104,'DSK',19,1,'2018-05-30 21:01:27','2018-05-30 21:01:27'),(105,'DRB',3,1,'2018-05-30 21:01:27','2018-05-30 21:01:27'),(106,'DPO',3,1,'2018-05-30 21:01:27','2018-05-30 21:01:27'),(107,'DHA',35,1,'2018-05-30 21:01:27','2018-05-30 21:01:27'),(108,'DAC',24,1,'2018-05-30 21:01:27','2018-05-30 21:01:27'),(109,'DOH',36,1,'2018-05-30 21:01:27','2018-05-30 21:01:27'),(110,'DGM',37,1,'2018-05-30 21:01:27','2018-05-30 21:01:27'),(111,'DBO',3,1,'2018-05-30 21:01:27','2018-05-30 21:01:27'),(112,'DUD',17,1,'2018-05-30 21:01:27','2018-05-30 21:01:27'),(113,'DKI',3,1,'2018-05-30 21:01:27','2018-05-30 21:01:27'),(114,'DYA',3,1,'2018-05-30 21:01:27','2018-05-30 21:01:27'),(115,'ETH',38,1,'2018-05-30 21:01:27','2018-05-30 21:01:27'),(116,'VDA',38,1,'2018-05-30 21:01:27','2018-05-30 21:01:27'),(117,'EDR',3,1,'2018-05-30 21:01:27','2018-05-30 21:01:27'),(118,'EMD',3,1,'2018-05-30 21:01:27','2018-05-30 21:01:27'),(119,'EVN',39,1,'2018-05-30 21:01:27','2018-05-30 21:01:27'),(120,'EPR',3,1,'2018-05-30 21:01:27','2018-05-30 21:01:27'),(121,'LYP',19,1,'2018-05-30 21:01:27','2018-05-30 21:01:27'),(122,'FJR',83,2,'2018-05-30 21:01:27','2018-05-30 21:01:31'),(123,'FUK',7,1,'2018-05-30 21:01:27','2018-05-30 21:01:27'),(124,'FKS',7,1,'2018-05-30 21:01:27','2018-05-30 21:01:27'),(125,'GEX',3,1,'2018-05-30 21:01:27','2018-05-30 21:01:27'),(126,'GET',3,1,'2018-05-30 21:01:27','2018-05-30 21:01:27'),(127,'GIL',19,1,'2018-05-30 21:01:27','2018-05-30 21:01:27'),(128,'GLT',3,1,'2018-05-30 21:01:27','2018-05-30 21:01:27'),(129,'GOI',6,1,'2018-05-30 21:01:27','2018-05-30 21:01:27'),(130,'OOL',3,1,'2018-05-30 21:01:27','2018-05-30 21:01:27'),(131,'GOO',3,1,'2018-05-30 21:01:27','2018-05-30 21:01:27'),(132,'GOV',3,1,'2018-05-30 21:01:27','2018-05-30 21:01:27'),(133,'GKL',3,1,'2018-05-30 21:01:27','2018-05-30 21:01:27'),(134,'GFF',3,1,'2018-05-30 21:01:27','2018-05-30 21:01:27'),(135,'GTE',3,1,'2018-05-30 21:01:27','2018-05-30 21:01:27'),(136,'GTI',3,1,'2018-05-30 21:01:27','2018-05-30 21:01:27'),(137,'GSI',40,1,'2018-05-30 21:01:27','2018-05-30 21:01:27'),(138,'GUM',5,1,'2018-05-30 21:01:27','2018-05-30 21:01:27'),(139,'CAN',37,1,'2018-05-30 21:01:27','2018-05-30 21:01:27'),(140,'GAU',6,1,'2018-05-30 21:01:27','2018-05-30 21:01:27'),(141,'GWD',19,1,'2018-05-30 21:01:27','2018-05-30 21:01:27'),(142,'GYP',3,1,'2018-05-30 21:01:27','2018-05-30 21:01:27'),(143,'HAC',7,1,'2018-05-30 21:01:27','2018-05-30 21:01:27'),(144,'HFA',38,1,'2018-05-30 21:01:27','2018-05-30 21:01:27'),(145,'HKD',7,1,'2018-05-30 21:01:27','2018-05-30 21:01:27'),(146,'HLT',3,1,'2018-05-30 21:01:27','2018-05-30 21:01:27'),(147,'HTI',3,1,'2018-05-30 21:01:27','2018-05-30 21:01:27'),(148,'HGH',41,1,'2018-05-30 21:01:27','2018-05-30 21:01:27'),(149,'HAN',42,1,'2018-05-30 21:01:27','2018-05-30 21:01:27'),(150,'HRB',43,1,'2018-05-30 21:01:27','2018-05-30 21:01:27'),(151,'HDY',23,1,'2018-05-30 21:01:27','2018-05-30 21:01:27'),(152,'HIS',3,1,'2018-05-30 21:01:27','2018-05-30 21:01:27'),(153,'HVB',3,1,'2018-05-30 21:01:27','2018-05-30 21:01:27'),(154,'HNK',3,1,'2018-05-30 21:01:27','2018-05-30 21:01:27'),(155,'HIJ',7,1,'2018-05-30 21:01:27','2018-05-30 21:01:27'),(156,'SGN',42,1,'2018-05-30 21:01:27','2018-05-30 21:01:27'),(157,'HBA',3,1,'2018-05-30 21:01:27','2018-05-30 21:01:27'),(158,'HMH',3,1,'2018-05-30 21:01:27','2018-05-30 21:01:27'),(159,'HKG',44,1,'2018-05-30 21:01:27','2018-05-30 21:01:27'),(160,'ZJK',44,1,'2018-05-30 21:01:27','2018-05-30 21:01:27'),(161,'HIR',40,1,'2018-05-30 21:01:27','2018-05-30 21:01:27'),(162,'HUH',28,1,'2018-05-30 21:01:27','2018-05-30 21:01:27'),(163,'HUI',42,1,'2018-05-30 21:01:27','2018-05-30 21:01:27'),(164,'HYD',6,1,'2018-05-30 21:01:27','2018-05-30 21:01:27'),(165,'HDD',19,1,'2018-05-30 21:01:27','2018-05-30 21:01:27'),(166,'ILP',45,1,'2018-05-30 21:01:27','2018-05-30 21:01:27'),(167,'IOU',45,1,'2018-05-30 21:01:27','2018-05-30 21:01:27'),(168,'IVC',17,1,'2018-05-30 21:01:27','2018-05-30 21:01:27'),(169,'ICN',64,1,'2018-05-30 21:01:27','2018-05-30 21:01:30'),(170,'IGH',3,1,'2018-05-30 21:01:27','2018-05-30 21:01:27'),(171,'IFL',3,1,'2018-05-30 21:01:27','2018-05-30 21:01:27'),(172,'LSG',7,1,'2018-05-30 21:01:27','2018-05-30 21:01:27'),(173,'ISB',19,1,'2018-05-30 21:01:28','2018-05-30 21:01:28'),(174,'IST',2,1,'2018-05-30 21:01:28','2018-05-30 21:01:28'),(175,'IZM',2,1,'2018-05-30 21:01:28','2018-05-30 21:01:28'),(176,'JAG',19,1,'2018-05-30 21:01:28','2018-05-30 21:01:28'),(177,'JAI',6,1,'2018-05-30 21:01:28','2018-05-30 21:01:28'),(178,'HLP',34,1,'2018-05-30 21:01:28','2018-05-30 21:01:28'),(179,'JKT',34,1,'2018-05-30 21:01:28','2018-05-30 21:01:28'),(180,'CGK',34,1,'2018-05-30 21:01:28','2018-05-30 21:01:28'),(181,'JLR',6,1,'2018-05-30 21:01:28','2018-05-30 21:01:28'),(182,'IXW',6,1,'2018-05-30 21:01:28','2018-05-30 21:01:28'),(183,'JED',35,1,'2018-05-30 21:01:28','2018-05-30 21:01:28'),(184,'JRS',38,1,'2018-05-30 21:01:28','2018-05-30 21:01:28'),(185,'TNA',47,1,'2018-05-30 21:01:28','2018-05-30 21:01:28'),(186,'JIW',19,1,'2018-05-30 21:01:28','2018-05-30 21:01:28'),(187,'JHB',27,1,'2018-05-30 21:01:28','2018-05-30 21:01:28'),(188,'GJN',26,1,'2018-05-30 21:01:28','2018-05-30 21:01:28'),(189,'KBL',48,1,'2018-05-30 21:01:28','2018-05-30 21:01:28'),(190,'KOJ',7,1,'2018-05-30 21:01:28','2018-05-30 21:01:28'),(191,'KGI',3,1,'2018-05-30 21:01:28','2018-05-30 21:01:28'),(192,'QJU',6,1,'2018-05-30 21:01:28','2018-05-30 21:01:28'),(193,'KHH',49,1,'2018-05-30 21:01:28','2018-05-30 21:01:28'),(194,'KHI',19,1,'2018-05-30 21:01:28','2018-05-30 21:01:28'),(195,'KTA',3,1,'2018-05-30 21:01:28','2018-05-30 21:01:28'),(196,'KRB',3,1,'2018-05-30 21:01:28','2018-05-30 21:01:28'),(197,'KTR',3,1,'2018-05-30 21:01:28','2018-05-30 21:01:28'),(198,'KTM',50,1,'2018-05-30 21:01:28','2018-05-30 21:01:28'),(199,'AHB',35,1,'2018-05-30 21:01:28','2018-05-30 21:01:28'),(200,'KDD',19,1,'2018-05-30 21:01:28','2018-05-30 21:01:28'),(201,'KGC',3,1,'2018-05-30 21:01:28','2018-05-30 21:01:28'),(202,'KIK',18,1,'2018-05-30 21:01:28','2018-05-30 21:01:28'),(203,'UKB',7,1,'2018-05-30 21:01:28','2018-05-30 21:01:28'),(204,'KCZ',7,1,'2018-05-30 21:01:28','2018-05-30 21:01:28'),(205,'OHT',19,1,'2018-05-30 21:01:28','2018-05-30 21:01:28'),(206,'BKI',27,1,'2018-05-30 21:01:28','2018-05-30 21:01:28'),(207,'KWM',3,1,'2018-05-30 21:01:28','2018-05-30 21:01:28'),(208,'KUB',22,1,'2018-05-30 21:01:28','2018-05-30 21:01:28'),(209,'KUL',27,1,'2018-05-30 21:01:28','2018-05-30 21:01:28'),(210,'SZB',27,1,'2018-05-30 21:01:28','2018-05-30 21:01:28'),(211,'KUA',27,1,'2018-05-30 21:01:28','2018-05-30 21:01:28'),(212,'KCH',27,1,'2018-05-30 21:01:28','2018-05-30 21:01:28'),(213,'KMJ',7,1,'2018-05-30 21:01:28','2018-05-30 21:01:28'),(214,'KNX',3,1,'2018-05-30 21:01:28','2018-05-30 21:01:28'),(215,'KUH',7,1,'2018-05-30 21:01:28','2018-05-30 21:01:28'),(216,'KWI',51,1,'2018-05-30 21:01:28','2018-05-30 21:01:28'),(217,'UKY',7,1,'2018-05-30 21:01:28','2018-05-30 21:01:28'),(218,'LBU',27,1,'2018-05-30 21:01:28','2018-05-30 21:01:28'),(219,'LAE',52,1,'2018-05-30 21:01:28','2018-05-30 21:01:28'),(220,'LHE',19,1,'2018-05-30 21:01:28','2018-05-30 21:01:28'),(221,'LGK',27,1,'2018-05-30 21:01:28','2018-05-30 21:01:28'),(222,'LCA',8,1,'2018-05-30 21:01:28','2018-05-30 21:01:28'),(223,'LST',3,1,'2018-05-30 21:01:28','2018-05-30 21:01:28'),(224,'LVO',3,1,'2018-05-30 21:01:28','2018-05-30 21:01:28'),(225,'LEA',3,1,'2018-05-30 21:01:28','2018-05-30 21:01:28'),(226,'LER',3,1,'2018-05-30 21:01:28','2018-05-30 21:01:28'),(227,'LNO',3,1,'2018-05-30 21:01:28','2018-05-30 21:01:28'),(228,'QLI',8,1,'2018-05-30 21:01:28','2018-05-30 21:01:28'),(229,'LDC',3,1,'2018-05-30 21:01:28','2018-05-30 21:01:28'),(230,'LSY',3,1,'2018-05-30 21:01:28','2018-05-30 21:01:28'),(231,'LZR',3,1,'2018-05-30 21:01:28','2018-05-30 21:01:28'),(232,'IRG',3,1,'2018-05-30 21:01:28','2018-05-30 21:01:28'),(233,'LRE',3,1,'2018-05-30 21:01:28','2018-05-30 21:01:28'),(234,'LKO',6,1,'2018-05-30 21:01:28','2018-05-30 21:01:28'),(235,'MFM',53,1,'2018-05-30 21:01:28','2018-05-30 21:01:28'),(236,'MKY',3,1,'2018-05-30 21:01:28','2018-05-30 21:01:28'),(237,'NOP',29,1,'2018-05-30 21:01:28','2018-05-30 21:01:28'),(238,'MED',35,1,'2018-05-30 21:01:28','2018-05-30 21:01:28'),(239,'MTL',3,1,'2018-05-30 21:01:28','2018-05-30 21:01:28'),(240,'MZG',49,1,'2018-05-30 21:01:28','2018-05-30 21:01:28'),(241,'MFO',52,1,'2018-05-30 21:01:28','2018-05-30 21:01:28'),(242,'XMH',28,1,'2018-05-30 21:01:28','2018-05-30 21:01:28'),(243,'MNL',29,1,'2018-05-30 21:01:28','2018-05-30 21:01:28'),(244,'MEE',45,1,'2018-05-30 21:01:28','2018-05-30 21:01:28'),(245,'MBH',3,1,'2018-05-30 21:01:28','2018-05-30 21:01:28'),(246,'MMJ',7,1,'2018-05-30 21:01:28','2018-05-30 21:01:28'),(247,'MYJ',7,1,'2018-05-30 21:01:28','2018-05-30 21:01:28'),(248,'MAU',28,1,'2018-05-30 21:01:28','2018-05-30 21:01:28'),(249,'MES',34,1,'2018-05-30 21:01:28','2018-05-30 21:01:28'),(250,'MKR',3,1,'2018-05-30 21:01:28','2018-05-30 21:01:28'),(251,'MEL',3,1,'2018-05-30 21:01:28','2018-05-30 21:01:28'),(252,'MDC',34,1,'2018-05-30 21:01:28','2018-05-30 21:01:28'),(253,'MIM',3,1,'2018-05-30 21:01:28','2018-05-30 21:01:28'),(254,'MWD',19,1,'2018-05-30 21:01:28','2018-05-30 21:01:28'),(255,'MMM',3,1,'2018-05-30 21:01:28','2018-05-30 21:01:28'),(256,'MQL',3,1,'2018-05-30 21:01:28','2018-05-30 21:01:28'),(257,'MFN',17,1,'2018-05-30 21:01:28','2018-05-30 21:01:28'),(258,'MYY',27,1,'2018-05-30 21:01:28','2018-05-30 21:01:28'),(259,'QML',19,1,'2018-05-30 21:01:29','2018-05-30 21:01:29'),(260,'MMY',7,1,'2018-05-30 21:01:29','2018-05-30 21:01:29'),(261,'MJD',19,1,'2018-05-30 21:01:29','2018-05-30 21:01:29'),(262,'MOZ',28,1,'2018-05-30 21:01:29','2018-05-30 21:01:29'),(263,'MOV',3,1,'2018-05-30 21:01:29','2018-05-30 21:01:29'),(264,'MRZ',3,1,'2018-05-30 21:01:29','2018-05-30 21:01:29'),(265,'HNA',7,1,'2018-05-30 21:01:29','2018-05-30 21:01:29'),(266,'OSM',18,1,'2018-05-30 21:01:29','2018-05-30 21:01:29'),(267,'GTN',17,1,'2018-05-30 21:01:29','2018-05-30 21:01:29'),(268,'MGB',3,1,'2018-05-30 21:01:29','2018-05-30 21:01:29'),(269,'MMG',3,1,'2018-05-30 21:01:29','2018-05-30 21:01:29'),(270,'ISA',3,1,'2018-05-30 21:01:29','2018-05-30 21:01:29'),(271,'MUX',19,1,'2018-05-30 21:01:29','2018-05-30 21:01:29'),(272,'MCT',54,1,'2018-05-30 21:01:29','2018-05-30 21:01:29'),(273,'MFG',19,1,'2018-05-30 21:01:29','2018-05-30 21:01:29'),(274,'KMI',7,1,'2018-05-30 21:01:29','2018-05-30 21:01:29'),(275,'NAN',55,1,'2018-05-30 21:01:29','2018-05-30 21:01:29'),(276,'NGS',7,1,'2018-05-30 21:01:29','2018-05-30 21:01:29'),(277,'NGO',7,1,'2018-05-30 21:01:29','2018-05-30 21:01:29'),(278,'NAG',6,1,'2018-05-30 21:01:29','2018-05-30 21:01:29'),(279,'NNG',56,1,'2018-05-30 21:01:29','2018-05-30 21:01:29'),(280,'NAA',3,1,'2018-05-30 21:01:29','2018-05-30 21:01:29'),(281,'NRA',3,1,'2018-05-30 21:01:29','2018-05-30 21:01:29'),(282,'SUV',55,1,'2018-05-30 21:01:29','2018-05-30 21:01:30'),(283,'WNS',19,1,'2018-05-30 21:01:29','2018-05-30 21:01:29'),(284,'NSN',17,1,'2018-05-30 21:01:29','2018-05-30 21:01:29'),(285,'BEO',3,1,'2018-05-30 21:01:29','2018-05-30 21:01:29'),(286,'NTL',3,1,'2018-05-30 21:01:29','2018-05-30 21:01:29'),(287,'ZNE',3,1,'2018-05-30 21:01:29','2018-05-30 21:01:29'),(288,'NIC',8,1,'2018-05-30 21:01:29','2018-05-30 21:01:29'),(289,'KIJ',7,1,'2018-05-30 21:01:29','2018-05-30 21:01:29'),(290,'NSA',3,1,'2018-05-30 21:01:29','2018-05-30 21:01:29'),(291,'NLK',3,1,'2018-05-30 21:01:29','2018-05-30 21:01:29'),(292,'NOU',45,1,'2018-05-30 21:01:29','2018-05-30 21:01:29'),(293,'TBU',58,1,'2018-05-30 21:01:29','2018-05-30 21:01:29'),(294,'OIT',7,1,'2018-05-30 21:01:29','2018-05-30 21:01:29'),(295,'OKJ',7,1,'2018-05-30 21:01:29','2018-05-30 21:01:29'),(296,'OKA',7,1,'2018-05-30 21:01:29','2018-05-30 21:01:29'),(297,'OLP',3,1,'2018-05-30 21:01:29','2018-05-30 21:01:29'),(298,'OAG',3,1,'2018-05-30 21:01:29','2018-05-30 21:01:29'),(299,'ORS',3,1,'2018-05-30 21:01:29','2018-05-30 21:01:29'),(300,'OSA',7,1,'2018-05-30 21:01:29','2018-05-30 21:01:29'),(301,'ITM',7,1,'2018-05-30 21:01:29','2018-05-30 21:01:29'),(302,'KIX',7,1,'2018-05-30 21:01:29','2018-05-30 21:01:29'),(303,'PPG',59,1,'2018-05-30 21:01:29','2018-05-30 21:01:29'),(304,'PMR',17,1,'2018-05-30 21:01:29','2018-05-30 21:01:29'),(305,'PJG',19,1,'2018-05-30 21:01:29','2018-05-30 21:01:29'),(306,'PFO',8,1,'2018-05-30 21:01:29','2018-05-30 21:01:29'),(307,'PBO',3,1,'2018-05-30 21:01:29','2018-05-30 21:01:29'),(308,'PBH',60,1,'2018-05-30 21:01:29','2018-05-30 21:01:29'),(309,'PSI',19,1,'2018-05-30 21:01:29','2018-05-30 21:01:29'),(310,'PAT',6,1,'2018-05-30 21:01:29','2018-05-30 21:01:29'),(311,'PYX',23,1,'2018-05-30 21:01:29','2018-05-30 21:01:29'),(312,'PEN',27,1,'2018-05-30 21:01:29','2018-05-30 21:01:29'),(313,'PER',3,1,'2018-05-30 21:01:29','2018-05-30 21:01:29'),(314,'PEW',19,1,'2018-05-30 21:01:29','2018-05-30 21:01:29'),(315,'PNH',61,1,'2018-05-30 21:01:29','2018-05-30 21:01:29'),(316,'HKT',23,1,'2018-05-30 21:01:29','2018-05-30 21:01:29'),(317,'PNI',62,1,'2018-05-30 21:01:29','2018-05-30 21:01:29'),(318,'PUG',3,1,'2018-05-30 21:01:29','2018-05-30 21:01:29'),(319,'PHE',3,1,'2018-05-30 21:01:29','2018-05-30 21:01:29'),(320,'PTJ',3,1,'2018-05-30 21:01:29','2018-05-30 21:01:29'),(321,'PLO',3,1,'2018-05-30 21:01:29','2018-05-30 21:01:29'),(322,'PQQ',3,1,'2018-05-30 21:01:29','2018-05-30 21:01:29'),(323,'POM',52,1,'2018-05-30 21:01:29','2018-05-30 21:01:29'),(324,'VLI',63,1,'2018-05-30 21:01:29','2018-05-30 21:01:29'),(325,'PPP',3,1,'2018-05-30 21:01:29','2018-05-30 21:01:29'),(326,'PNQ',6,1,'2018-05-30 21:01:29','2018-05-30 21:01:29'),(327,'PUS',64,1,'2018-05-30 21:01:29','2018-05-30 21:01:29'),(328,'FNJ',65,1,'2018-05-30 21:01:29','2018-05-30 21:01:29'),(329,'UEE',3,1,'2018-05-30 21:01:29','2018-05-30 21:01:29'),(330,'ZQN',17,1,'2018-05-30 21:01:29','2018-05-30 21:01:29'),(331,'UET',19,1,'2018-05-30 21:01:29','2018-05-30 21:01:29'),(332,'TAO',47,1,'2018-05-30 21:01:29','2018-05-30 21:01:29'),(333,'RYK',19,1,'2018-05-30 21:01:29','2018-05-30 21:01:29'),(334,'RFP',28,1,'2018-05-30 21:01:29','2018-05-30 21:01:29'),(335,'RAJ',6,1,'2018-05-30 21:01:29','2018-05-30 21:01:29'),(336,'IXR',6,1,'2018-05-30 21:01:29','2018-05-30 21:01:29'),(337,'RGI',28,1,'2018-05-30 21:01:29','2018-05-30 21:01:29'),(338,'RGN',66,1,'2018-05-30 21:01:29','2018-05-30 21:01:29'),(339,'RAZ',19,1,'2018-05-30 21:01:29','2018-05-30 21:01:29'),(340,'RWP',19,1,'2018-05-30 21:01:29','2018-05-30 21:01:29'),(341,'RUH',35,1,'2018-05-30 21:01:29','2018-05-30 21:01:29'),(342,'ROK',3,1,'2018-05-30 21:01:29','2018-05-30 21:01:29'),(343,'ROT',17,1,'2018-05-30 21:01:30','2018-05-30 21:01:30'),(344,'SDS',7,1,'2018-05-30 21:01:30','2018-05-30 21:01:30'),(345,'SDT',19,1,'2018-05-30 21:01:30','2018-05-30 21:01:30'),(346,'SPN',67,1,'2018-05-30 21:01:30','2018-05-30 21:01:30'),(347,'SLL',54,1,'2018-05-30 21:01:30','2018-05-30 21:01:30'),(348,'SKD',68,1,'2018-05-30 21:01:30','2018-05-30 21:01:30'),(349,'SAH',4,1,'2018-05-30 21:01:30','2018-05-30 21:01:30'),(350,'SON',63,1,'2018-05-30 21:01:30','2018-05-30 21:01:30'),(351,'SPK',69,1,'2018-05-30 21:01:30','2018-05-30 21:01:30'),(352,'OKD',69,1,'2018-05-30 21:01:30','2018-05-30 21:01:30'),(353,'NSO',3,1,'2018-05-30 21:01:30','2018-05-30 21:01:30'),(354,'SDJ',7,1,'2018-05-30 21:01:30','2018-05-30 21:01:30'),(355,'SEL',64,1,'2018-05-30 21:01:30','2018-05-30 21:01:30'),(356,'SHA',25,1,'2018-05-30 21:01:30','2018-05-30 21:01:30'),(357,'PVG',25,1,'2018-05-30 21:01:30','2018-05-30 21:01:30'),(358,'SHE',33,1,'2018-05-30 21:01:30','2018-05-30 21:01:30'),(359,'SZX',37,1,'2018-05-30 21:01:30','2018-05-30 21:01:30'),(360,'JHQ',3,1,'2018-05-30 21:01:30','2018-05-30 21:01:30'),(361,'SBW',27,1,'2018-05-30 21:01:30','2018-05-30 21:01:30'),(362,'MPD',19,1,'2018-05-30 21:01:30','2018-05-30 21:01:30'),(363,'QPG',70,1,'2018-05-30 21:01:30','2018-05-30 21:01:30'),(364,'SIN',70,1,'2018-05-30 21:01:30','2018-05-30 21:01:30'),(365,'SIX',3,1,'2018-05-30 21:01:30','2018-05-30 21:01:30'),(366,'KDU',19,1,'2018-05-30 21:01:30','2018-05-30 21:01:30'),(367,'SOI',3,1,'2018-05-30 21:01:30','2018-05-30 21:01:30'),(368,'SXR',6,1,'2018-05-30 21:01:30','2018-05-30 21:01:30'),(369,'KBY',3,1,'2018-05-30 21:01:30','2018-05-30 21:01:30'),(370,'SUL',19,1,'2018-05-30 21:01:30','2018-05-30 21:01:30'),(371,'SKZ',19,1,'2018-05-30 21:01:30','2018-05-30 21:01:30'),(372,'MCY',3,1,'2018-05-30 21:01:30','2018-05-30 21:01:30'),(373,'SUB',34,1,'2018-05-30 21:01:30','2018-05-30 21:01:30'),(374,'STV',6,1,'2018-05-30 21:01:30','2018-05-30 21:01:30'),(375,'SYD',3,1,'2018-05-30 21:01:30','2018-05-30 21:01:30'),(376,'ZYL',24,1,'2018-05-30 21:01:30','2018-05-30 21:01:30'),(377,'TUU',35,1,'2018-05-30 21:01:30','2018-05-30 21:01:30'),(378,'TIF',35,1,'2018-05-30 21:01:30','2018-05-30 21:01:30'),(379,'TPE',49,1,'2018-05-30 21:01:30','2018-05-30 21:01:30'),(380,'TAY',49,1,'2018-05-30 21:01:30','2018-05-30 21:01:30'),(381,'TYN',71,1,'2018-05-30 21:01:30','2018-05-30 21:01:30'),(382,'TAK',7,1,'2018-05-30 21:01:30','2018-05-30 21:01:30'),(383,'TMW',3,1,'2018-05-30 21:01:30','2018-05-30 21:01:30'),(384,'TRO',3,1,'2018-05-30 21:01:30','2018-05-30 21:01:30'),(385,'TAS',68,1,'2018-05-30 21:01:30','2018-05-30 21:01:30'),(386,'TWU',27,1,'2018-05-30 21:01:30','2018-05-30 21:01:30'),(387,'TBS',72,1,'2018-05-30 21:01:30','2018-05-30 21:01:30'),(388,'TEU',17,1,'2018-05-30 21:01:30','2018-05-30 21:01:30'),(389,'THR',1,1,'2018-05-30 21:01:30','2018-05-30 21:01:30'),(390,'TLV',38,1,'2018-05-30 21:01:30','2018-05-30 21:01:30'),(391,'TEM',3,1,'2018-05-30 21:01:30','2018-05-30 21:01:30'),(392,'TCA',3,1,'2018-05-30 21:01:30','2018-05-30 21:01:30'),(393,'TMZ',68,1,'2018-05-30 21:01:30','2018-05-30 21:01:30'),(394,'TRV',6,1,'2018-05-30 21:01:30','2018-05-30 21:01:30'),(395,'TIS',3,1,'2018-05-30 21:01:30','2018-05-30 21:01:30'),(396,'TSN',25,1,'2018-05-30 21:01:30','2018-05-30 21:01:30'),(397,'TOD',34,1,'2018-05-30 21:01:30','2018-05-30 21:01:30'),(398,'TRZ',6,1,'2018-05-30 21:01:30','2018-05-30 21:01:30'),(399,'TKS',7,1,'2018-05-30 21:01:30','2018-05-30 21:01:30'),(400,'TYO',7,1,'2018-05-30 21:01:30','2018-05-30 21:01:30'),(401,'HND',7,1,'2018-05-30 21:01:30','2018-05-30 21:01:30'),(402,'NRT',7,1,'2018-05-30 21:01:30','2018-05-30 21:01:30'),(403,'TPR',3,1,'2018-05-30 21:01:30','2018-05-30 21:01:30'),(404,'TWB',3,1,'2018-05-30 21:01:30','2018-05-30 21:01:30'),(405,'TOU',45,1,'2018-05-30 21:01:30','2018-05-30 21:01:30'),(406,'TSV',3,1,'2018-05-30 21:01:30','2018-05-30 21:01:30'),(407,'TOY',7,1,'2018-05-30 21:01:30','2018-05-30 21:01:30'),(408,'TUK',19,1,'2018-05-30 21:01:30','2018-05-30 21:01:30'),(409,'UPG',34,1,'2018-05-30 21:01:30','2018-05-30 21:01:30'),(410,'ULN',73,1,'2018-05-30 21:01:30','2018-05-30 21:01:30'),(411,'URC',74,1,'2018-05-30 21:01:30','2018-05-30 21:01:30'),(412,'UTP',23,1,'2018-05-30 21:01:30','2018-05-30 21:01:30'),(413,'VNS',6,1,'2018-05-30 21:01:30','2018-05-30 21:01:30'),(414,'VTE',75,1,'2018-05-30 21:01:30','2018-05-30 21:01:30'),(415,'WGA',3,1,'2018-05-30 21:01:30','2018-05-30 21:01:30'),(416,'WLS',76,1,'2018-05-30 21:01:30','2018-05-30 21:01:30'),(417,'WMB',3,1,'2018-05-30 21:01:30','2018-05-30 21:01:30'),(418,'WEI',3,1,'2018-05-30 21:01:30','2018-05-30 21:01:30'),(419,'WLG',17,1,'2018-05-30 21:01:30','2018-05-30 21:01:30'),(420,'WHK',17,1,'2018-05-30 21:01:30','2018-05-30 21:01:30'),(421,'WRE',17,1,'2018-05-30 21:01:30','2018-05-30 21:01:30'),(422,'HAP',3,1,'2018-05-30 21:01:30','2018-05-30 21:01:30'),(423,'WYA',3,1,'2018-05-30 21:01:30','2018-05-30 21:01:30'),(424,'WHM',3,1,'2018-05-30 21:01:30','2018-05-30 21:01:30'),(425,'WUN',3,1,'2018-05-30 21:01:31','2018-05-30 21:01:31'),(426,'WOL',3,1,'2018-05-30 21:01:31','2018-05-30 21:01:31'),(427,'UMR',3,1,'2018-05-30 21:01:31','2018-05-30 21:01:31'),(428,'WUH',77,1,'2018-05-30 21:01:31','2018-05-30 21:01:31'),(429,'WYN',3,1,'2018-05-30 21:01:31','2018-05-30 21:01:31'),(430,'XMN',78,1,'2018-05-30 21:01:31','2018-05-30 21:01:31'),(431,'XIY',79,1,'2018-05-30 21:01:31','2018-05-30 21:01:31'),(432,'YKS',14,1,'2018-05-30 21:01:31','2018-05-30 21:01:31'),(433,'GAJ',7,1,'2018-05-30 21:01:31','2018-05-30 21:01:31'),(434,'YNB',35,1,'2018-05-30 21:01:31','2018-05-30 21:01:31'),(435,'YOK',7,1,'2018-05-30 21:01:31','2018-05-30 21:01:31'),(436,'PZH',19,1,'2018-05-30 21:01:31','2018-05-30 21:01:31'),(437,'AAR',80,2,'2018-05-30 21:01:31','2018-05-30 21:01:31'),(438,'AEH',81,2,'2018-05-30 21:01:31','2018-05-30 21:01:31'),(439,'ABZ',82,2,'2018-05-30 21:01:31','2018-05-30 21:01:31'),(440,'AUH',83,2,'2018-05-30 21:01:31','2018-05-30 21:01:31'),(441,'ABV',84,2,'2018-05-30 21:01:31','2018-05-30 21:01:31'),(442,'AUE',85,2,'2018-05-30 21:01:31','2018-05-30 21:01:31'),(443,'ABS',85,2,'2018-05-30 21:01:31','2018-05-30 21:01:31'),(444,'ACC',86,2,'2018-05-30 21:01:31','2018-05-30 21:01:31'),(445,'ADD',87,2,'2018-05-30 21:01:31','2018-05-30 21:01:31'),(446,'AER',88,2,'2018-05-30 21:01:31','2018-05-30 21:01:31'),(447,'AJY',89,2,'2018-05-30 21:01:31','2018-05-30 21:01:31'),(448,'AGA',90,2,'2018-05-30 21:01:31','2018-05-30 21:01:31'),(449,'AGZ',91,2,'2018-05-30 21:01:31','2018-05-30 21:01:31'),(450,'AJA',92,2,'2018-05-30 21:01:31','2018-05-30 21:01:31'),(452,'LBI',92,2,'2018-05-30 21:01:31','2018-05-30 21:01:31'),(453,'AAL',80,2,'2018-05-30 21:01:31','2018-05-30 21:01:31'),(454,'AES',93,2,'2018-05-30 21:01:31','2018-05-30 21:01:31'),(455,'ALJ',91,2,'2018-05-30 21:01:31','2018-05-30 21:01:31'),(456,'ALY',85,2,'2018-05-30 21:01:31','2018-05-30 21:01:31'),(457,'AHO',94,2,'2018-05-30 21:01:31','2018-05-30 21:01:31'),(458,'ALG',95,2,'2018-05-30 21:01:31','2018-05-30 21:01:31'),(459,'AHU',90,2,'2018-05-30 21:01:31','2018-05-30 21:01:31'),(460,'ALC',96,2,'2018-05-30 21:01:31','2018-05-30 21:01:31'),(461,'ADY',91,2,'2018-05-30 21:01:31','2018-05-30 21:01:31'),(462,'LEI',96,2,'2018-05-30 21:01:31','2018-05-30 21:01:31'),(463,'ALF',93,2,'2018-05-30 21:01:31','2018-05-30 21:01:31'),(464,'ACH',97,2,'2018-05-30 21:01:31','2018-05-30 21:01:31'),(465,'AMS',98,2,'2018-05-30 21:01:31','2018-05-30 21:01:31'),(466,'AOI',94,2,'2018-05-30 21:01:31','2018-05-30 21:01:31'),(467,'ALV',99,2,'2018-05-30 21:01:31','2018-05-30 21:01:31'),(468,'AAE',95,2,'2018-05-30 21:01:31','2018-05-30 21:01:31'),(469,'NCY',92,2,'2018-05-30 21:01:31','2018-05-30 21:01:31'),(470,'TNR',100,2,'2018-05-30 21:01:31','2018-05-30 21:01:31'),(471,'ANR',101,2,'2018-05-30 21:01:31','2018-05-30 21:01:31'),(472,'ARK',102,2,'2018-05-30 21:01:31','2018-05-30 21:01:31'),(473,'GPA',103,2,'2018-05-30 21:01:31','2018-05-30 21:01:31'),(474,'RLT',89,2,'2018-05-30 21:01:31','2018-05-30 21:01:31'),(475,'ACE',96,2,'2018-05-30 21:01:31','2018-05-30 21:01:31'),(476,'ATZ',85,2,'2018-05-30 21:01:31','2018-05-30 21:01:31'),(477,'ASW',85,2,'2018-05-30 21:01:31','2018-05-30 21:01:31'),(478,'ATH',103,2,'2018-05-30 21:01:31','2018-05-30 21:01:31'),(479,'HEW',103,2,'2018-05-30 21:01:31','2018-05-30 21:01:31'),(480,'AGB',104,2,'2018-05-30 21:01:31','2018-05-30 21:01:31'),(481,'AUR',92,2,'2018-05-30 21:01:31','2018-05-30 21:01:31'),(482,'BJZ',96,2,'2018-05-30 21:01:31','2018-05-30 21:01:31'),(483,'BKO',105,2,'2018-05-30 21:01:31','2018-05-30 21:01:31'),(484,'BBY',106,2,'2018-05-30 21:01:31','2018-05-30 21:01:31'),(485,'BGU',106,2,'2018-05-30 21:01:31','2018-05-30 21:01:31'),(486,'BGF',106,2,'2018-05-30 21:01:31','2018-05-30 21:01:31'),(487,'BJL',107,2,'2018-05-30 21:01:31','2018-05-30 21:01:31'),(488,'BCN',96,2,'2018-05-30 21:01:31','2018-05-30 21:01:31'),(489,'BDU',93,2,'2018-05-30 21:01:31','2018-05-30 21:01:31'),(490,'BRI',94,2,'2018-05-30 21:01:31','2018-05-30 21:01:31'),(491,'BSL',97,2,'2018-05-30 21:01:31','2018-05-30 21:01:31'),(492,'EAP',108,2,'2018-05-30 21:01:31','2018-05-30 21:01:31'),(493,'BIA',92,2,'2018-05-30 21:01:31','2018-05-30 21:01:31'),(494,'BYU',104,2,'2018-05-30 21:01:31','2018-05-30 21:01:31'),(495,'BEW',109,2,'2018-05-30 21:01:31','2018-05-30 21:01:31'),(496,'BHD',82,2,'2018-05-30 21:01:31','2018-05-30 21:01:31'),(497,'BFS',82,2,'2018-05-30 21:01:32','2018-05-30 21:01:32'),(498,'BEN',110,2,'2018-05-30 21:01:32','2018-05-30 21:01:32'),(499,'BUG',111,2,'2018-05-30 21:01:32','2018-05-30 21:01:32'),(500,'BBT',106,2,'2018-05-30 21:01:32','2018-05-30 21:01:32'),(501,'BGY',94,2,'2018-05-30 21:01:32','2018-05-30 21:01:32'),(502,'BGO',93,2,'2018-05-30 21:01:32','2018-05-30 21:01:32'),(503,'BER',104,2,'2018-05-30 21:01:32','2018-05-30 21:01:32'),(504,'SXF',104,2,'2018-05-30 21:01:32','2018-05-30 21:01:32'),(505,'TXL',104,2,'2018-05-30 21:01:32','2018-05-30 21:01:32'),(506,'THF',104,2,'2018-05-30 21:01:32','2018-05-30 21:01:32'),(507,'BRN',97,2,'2018-05-30 21:01:32','2018-05-30 21:01:32'),(508,'ZDJ',97,2,'2018-05-30 21:01:32','2018-05-30 21:01:32'),(509,'BIQ',92,2,'2018-05-30 21:01:32','2018-05-30 21:01:32'),(510,'BIO',96,2,'2018-05-30 21:01:32','2018-05-30 21:01:32'),(511,'BLL',80,2,'2018-05-30 21:01:32','2018-05-30 21:01:32'),(512,'IRO',106,2,'2018-05-30 21:01:32','2018-05-30 21:01:32'),(513,'BHX',82,2,'2018-05-30 21:01:32','2018-05-30 21:01:32'),(514,'BLZ',112,2,'2018-05-30 21:01:32','2018-05-30 21:01:32'),(515,'BFN',91,2,'2018-05-30 21:01:32','2018-05-30 21:01:32'),(516,'BOY',113,2,'2018-05-30 21:01:32','2018-05-30 21:01:32'),(517,'BOO',93,2,'2018-05-30 21:01:32','2018-05-30 21:01:32'),(518,'BLQ',94,2,'2018-05-30 21:01:32','2018-05-30 21:01:32'),(519,'BOD',92,2,'2018-05-30 21:01:32','2018-05-30 21:01:32'),(520,'HBH',85,2,'2018-05-30 21:01:32','2018-05-30 21:01:32'),(521,'BOJ',114,2,'2018-05-30 21:01:32','2018-05-30 21:01:32'),(522,'BTS',115,2,'2018-05-30 21:01:32','2018-05-30 21:01:32'),(523,'BZV',116,2,'2018-05-30 21:01:32','2018-05-30 21:01:32'),(524,'BRE',104,2,'2018-05-30 21:01:32','2018-05-30 21:01:32'),(525,'VBS',94,2,'2018-05-30 21:01:32','2018-05-30 21:01:32'),(526,'BES',92,2,'2018-05-30 21:01:32','2018-05-30 21:01:32'),(527,'BIV',106,2,'2018-05-30 21:01:32','2018-05-30 21:01:32'),(528,'BDS',94,2,'2018-05-30 21:01:32','2018-05-30 21:01:32'),(529,'BRS',82,2,'2018-05-30 21:01:32','2018-05-30 21:01:32'),(530,'BNN',93,2,'2018-05-30 21:01:32','2018-05-30 21:01:32'),(531,'BRU',101,2,'2018-05-30 21:01:32','2018-05-30 21:01:32'),(532,'BUD',117,2,'2018-05-30 21:01:32','2018-05-30 21:01:32'),(533,'BFO',118,2,'2018-05-30 21:01:32','2018-05-30 21:01:32'),(534,'BJM',119,2,'2018-05-30 21:01:32','2018-05-30 21:01:32'),(535,'BUH',120,2,'2018-05-30 21:01:32','2018-05-30 21:01:32'),(536,'OTP',120,2,'2018-05-30 21:01:32','2018-05-30 21:01:32'),(537,'BUQ',118,2,'2018-05-30 21:01:32','2018-05-30 21:01:32'),(538,'CAB',111,2,'2018-05-30 21:01:32','2018-05-30 21:01:32'),(539,'CAG',94,2,'2018-05-30 21:01:32','2018-05-30 21:01:32'),(540,'CAI',85,2,'2018-05-30 21:01:32','2018-05-30 21:01:32'),(541,'CLY',92,2,'2018-05-30 21:01:32','2018-05-30 21:01:32'),(542,'CBG',82,2,'2018-05-30 21:01:32','2018-05-30 21:01:32'),(543,'CPT',91,2,'2018-05-30 21:01:32','2018-05-30 21:01:32'),(544,'CWL',82,2,'2018-05-30 21:01:32','2018-05-30 21:01:32'),(545,'CRF',106,2,'2018-05-30 21:01:32','2018-05-30 21:01:32'),(546,'CAS',90,2,'2018-05-30 21:01:32','2018-05-30 21:01:32'),(547,'CMN',90,2,'2018-05-30 21:01:32','2018-05-30 21:01:32'),(548,'CTA',94,2,'2018-05-30 21:01:32','2018-05-30 21:01:32'),(549,'KHV',88,2,'2018-05-30 21:01:32','2018-05-30 21:01:32'),(550,'CMF',92,2,'2018-05-30 21:01:32','2018-05-30 21:01:32'),(551,'CHQ',103,2,'2018-05-30 21:01:32','2018-05-30 21:01:32'),(552,'JKH',103,2,'2018-05-30 21:01:32','2018-05-30 21:01:32'),(553,'CIP',121,2,'2018-05-30 21:01:32','2018-05-30 21:01:32'),(554,'HTA',88,2,'2018-05-30 21:01:32','2018-05-30 21:01:32'),(555,'CXI',122,2,'2018-05-30 21:01:32','2018-05-30 21:01:32'),(556,'CFE',92,2,'2018-05-30 21:01:32','2018-05-30 21:01:32'),(557,'CGN',104,2,'2018-05-30 21:01:32','2018-05-30 21:01:32'),(558,'CKY',123,2,'2018-05-30 21:01:32','2018-05-30 21:01:32'),(559,'CZL',95,2,'2018-05-30 21:01:32','2018-05-30 21:01:32'),(560,'CND',120,2,'2018-05-30 21:01:32','2018-05-30 21:01:32'),(561,'CPH',80,2,'2018-05-30 21:01:32','2018-05-30 21:01:32'),(562,'ODB',96,2,'2018-05-30 21:01:32','2018-05-30 21:01:32'),(563,'CFU',103,2,'2018-05-30 21:01:32','2018-05-30 21:01:32'),(564,'ORK',124,2,'2018-05-30 21:01:32','2018-05-30 21:01:32'),(565,'COO',125,2,'2018-05-30 21:01:32','2018-05-30 21:01:32'),(566,'DKR',126,2,'2018-05-30 21:01:32','2018-05-30 21:01:32'),(567,'DMM',127,2,'2018-05-30 21:01:32','2018-05-30 21:01:32'),(568,'DAR',102,2,'2018-05-30 21:01:32','2018-05-30 21:01:32'),(569,'HAG',98,2,'2018-05-30 21:01:32','2018-05-30 21:01:32'),(570,'EMA',82,2,'2018-05-30 21:01:32','2018-05-30 21:01:32'),(571,'LDY',82,2,'2018-05-30 21:01:32','2018-05-30 21:01:32'),(572,'DNR',92,2,'2018-05-30 21:01:32','2018-05-30 21:01:32'),(573,'DJE',128,2,'2018-05-30 21:01:32','2018-05-30 21:01:32'),(574,'JIB',129,2,'2018-05-30 21:01:32','2018-05-30 21:01:32'),(575,'DCS',130,2,'2018-05-30 21:01:32','2018-05-30 21:01:32'),(576,'DTM',104,2,'2018-05-30 21:01:33','2018-05-30 21:01:33'),(577,'DLA',131,2,'2018-05-30 21:01:33','2018-05-30 21:01:33'),(578,'DRS',104,2,'2018-05-30 21:01:33','2018-05-30 21:01:33'),(579,'DXB',83,2,'2018-05-30 21:01:33','2018-05-30 21:01:33'),(580,'DUB',124,2,'2018-05-30 21:01:33','2018-05-30 21:01:33'),(581,'DUS',104,2,'2018-05-30 21:01:33','2018-05-30 21:01:33'),(582,'DUR',91,2,'2018-05-30 21:01:33','2018-05-30 21:01:33'),(583,'DZA',132,2,'2018-05-30 21:01:33','2018-05-30 21:01:33'),(584,'ELS',91,2,'2018-05-30 21:01:33','2018-05-30 21:01:33'),(585,'EDI',82,2,'2018-05-30 21:01:33','2018-05-30 21:01:33'),(586,'EGS',122,2,'2018-05-30 21:01:33','2018-05-30 21:01:33'),(587,'EIN',98,2,'2018-05-30 21:01:33','2018-05-30 21:01:33'),(588,'ELL',91,2,'2018-05-30 21:01:33','2018-05-30 21:01:33'),(589,'EMY',85,2,'2018-05-30 21:01:33','2018-05-30 21:01:33'),(590,'ENF',133,2,'2018-05-30 21:01:33','2018-05-30 21:01:33'),(591,'EBB',134,2,'2018-05-30 21:01:33','2018-05-30 21:01:33'),(592,'ERF',104,2,'2018-05-30 21:01:33','2018-05-30 21:01:33'),(593,'EBJ',80,2,'2018-05-30 21:01:33','2018-05-30 21:01:33'),(594,'EVE',93,2,'2018-05-30 21:01:33','2018-05-30 21:01:33'),(595,'FAO',135,2,'2018-05-30 21:01:33','2018-05-30 21:01:33'),(596,'FAE',80,2,'2018-05-30 21:01:33','2018-05-30 21:01:33'),(597,'FEZ',90,2,'2018-05-30 21:01:33','2018-05-30 21:01:33'),(598,'FSC',92,2,'2018-05-30 21:01:33','2018-05-30 21:01:33'),(599,'FLR',94,2,'2018-05-30 21:01:33','2018-05-30 21:01:33'),(600,'FRO',93,2,'2018-05-30 21:01:33','2018-05-30 21:01:33'),(601,'FRW',136,2,'2018-05-30 21:01:33','2018-05-30 21:01:33'),(602,'FRA',104,2,'2018-05-30 21:01:33','2018-05-30 21:01:33'),(603,'HNN',104,2,'2018-05-30 21:01:33','2018-05-30 21:01:33'),(604,'FNA',137,2,'2018-05-30 21:01:33','2018-05-30 21:01:33'),(605,'FRJ',92,2,'2018-05-30 21:01:33','2018-05-30 21:01:33'),(606,'FDH',104,2,'2018-05-30 21:01:33','2018-05-30 21:01:33'),(607,'FUE',96,2,'2018-05-30 21:01:33','2018-05-30 21:01:33'),(608,'FNC',135,2,'2018-05-30 21:01:33','2018-05-30 21:01:33'),(609,'GBE',136,2,'2018-05-30 21:01:33','2018-05-30 21:01:33'),(610,'GWY',124,2,'2018-05-30 21:01:33','2018-05-30 21:01:33'),(611,'GOU',131,2,'2018-05-30 21:01:33','2018-05-30 21:01:33'),(612,'GDN',138,2,'2018-05-30 21:01:33','2018-05-30 21:01:33'),(613,'GVA',97,2,'2018-05-30 21:01:33','2018-05-30 21:01:33'),(614,'GOA',94,2,'2018-05-30 21:01:33','2018-05-30 21:01:33'),(615,'GRJ',91,2,'2018-05-30 21:01:33','2018-05-30 21:01:33'),(616,'GRO',96,2,'2018-05-30 21:01:33','2018-05-30 21:01:33'),(617,'GIB',139,2,'2018-05-30 21:01:33','2018-05-30 21:01:33'),(618,'PIK',82,2,'2018-05-30 21:01:33','2018-05-30 21:01:33'),(619,'GLA',82,2,'2018-05-30 21:01:33','2018-05-30 21:01:33'),(620,'GOZ',114,2,'2018-05-30 21:01:33','2018-05-30 21:01:33'),(621,'GOT',140,2,'2018-05-30 21:01:33','2018-05-30 21:01:33'),(622,'GRX',96,2,'2018-05-30 21:01:33','2018-05-30 21:01:33'),(623,'GRZ',141,2,'2018-05-30 21:01:33','2018-05-30 21:01:33'),(624,'GNB',92,2,'2018-05-30 21:01:33','2018-05-30 21:01:33'),(625,'GCI',82,2,'2018-05-30 21:01:33','2018-05-30 21:01:33'),(626,'ULU',134,2,'2018-05-30 21:01:33','2018-05-30 21:01:33'),(627,'GWE',118,2,'2018-05-30 21:01:33','2018-05-30 21:01:33'),(628,'HAM',104,2,'2018-05-30 21:01:33','2018-05-30 21:01:33'),(629,'HFT',93,2,'2018-05-30 21:01:33','2018-05-30 21:01:33'),(630,'HAJ',104,2,'2018-05-30 21:01:33','2018-05-30 21:01:33'),(631,'HRE',118,2,'2018-05-30 21:01:33','2018-05-30 21:01:33'),(632,'HAU',93,2,'2018-05-30 21:01:33','2018-05-30 21:01:33'),(633,'JHE',140,2,'2018-05-30 21:01:33','2018-05-30 21:01:33'),(634,'HEL',133,2,'2018-05-30 21:01:33','2018-05-30 21:01:33'),(635,'HER',103,2,'2018-05-30 21:01:33','2018-05-30 21:01:33'),(636,'HOQ',104,2,'2018-05-30 21:01:33','2018-05-30 21:01:33'),(637,'HOR',135,2,'2018-05-30 21:01:33','2018-05-30 21:01:33'),(638,'HUY',82,2,'2018-05-30 21:01:33','2018-05-30 21:01:33'),(639,'HRG',85,2,'2018-05-30 21:01:33','2018-05-30 21:01:33'),(640,'HWN',118,2,'2018-05-30 21:01:33','2018-05-30 21:01:33'),(641,'IBZ',142,2,'2018-05-30 21:01:33','2018-05-30 21:01:33'),(642,'INN',141,2,'2018-05-30 21:01:33','2018-05-30 21:01:33'),(643,'INV',82,2,'2018-05-30 21:01:33','2018-05-30 21:01:33'),(644,'IKT',88,2,'2018-05-30 21:01:33','2018-05-30 21:01:33'),(645,'IOM',82,2,'2018-05-30 21:01:33','2018-05-30 21:01:33'),(646,'IVL',133,2,'2018-05-30 21:01:33','2018-05-30 21:01:33'),(647,'XRY',96,2,'2018-05-30 21:01:33','2018-05-30 21:01:33'),(648,'JER',82,2,'2018-05-30 21:01:33','2018-05-30 21:01:33'),(649,'JKG',140,2,'2018-05-30 21:01:33','2018-05-30 21:01:33'),(650,'JOE',133,2,'2018-05-30 21:01:33','2018-05-30 21:01:33'),(651,'JNB',91,2,'2018-05-30 21:01:33','2018-05-30 21:01:33'),(652,'JYV',133,2,'2018-05-30 21:01:33','2018-05-30 21:01:33'),(653,'KAJ',133,2,'2018-05-30 21:01:33','2018-05-30 21:01:33'),(654,'KLX',103,2,'2018-05-30 21:01:33','2018-05-30 21:01:33'),(655,'KLR',140,2,'2018-05-30 21:01:33','2018-05-30 21:01:33'),(656,'KAN',84,2,'2018-05-30 21:01:33','2018-05-30 21:01:33'),(657,'FKB',104,2,'2018-05-30 21:01:33','2018-05-30 21:01:33'),(658,'KSD',140,2,'2018-05-30 21:01:33','2018-05-30 21:01:33'),(659,'AOK',103,2,'2018-05-30 21:01:33','2018-05-30 21:01:33'),(660,'KRP',80,2,'2018-05-30 21:01:34','2018-05-30 21:01:34'),(661,'KSL',143,2,'2018-05-30 21:01:34','2018-05-30 21:01:34'),(662,'MPA',144,2,'2018-05-30 21:01:34','2018-05-30 21:01:34'),(663,'KHJ',133,2,'2018-05-30 21:01:34','2018-05-30 21:01:34'),(664,'KVA',103,2,'2018-05-30 21:01:34','2018-05-30 21:01:34'),(665,'KZN',88,2,'2018-05-30 21:01:34','2018-05-30 21:01:34'),(666,'KMP',144,2,'2018-05-30 21:01:34','2018-05-30 21:01:34'),(667,'KEM',133,2,'2018-05-30 21:01:34','2018-05-30 21:01:34'),(668,'ZNS',104,2,'2018-05-30 21:01:34','2018-05-30 21:01:34'),(669,'KIR',124,2,'2018-05-30 21:01:34','2018-05-30 21:01:34'),(670,'UVL',85,2,'2018-05-30 21:01:34','2018-05-30 21:01:34'),(671,'KRT',143,2,'2018-05-30 21:01:34','2018-05-30 21:01:34'),(672,'KEL',104,2,'2018-05-30 21:01:34','2018-05-30 21:01:34'),(673,'KBP',145,2,'2018-05-30 21:01:34','2018-05-30 21:01:34'),(674,'IEV',145,2,'2018-05-30 21:01:34','2018-05-30 21:01:34'),(675,'KGL',146,2,'2018-05-30 21:01:34','2018-05-30 21:01:34'),(676,'JRO',102,2,'2018-05-30 21:01:34','2018-05-30 21:01:34'),(677,'KIM',91,2,'2018-05-30 21:01:34','2018-05-30 21:01:34'),(678,'FIH',147,2,'2018-05-30 21:01:34','2018-05-30 21:01:34'),(679,'KKN',93,2,'2018-05-30 21:01:34','2018-05-30 21:01:34'),(680,'KRN',140,2,'2018-05-30 21:01:34','2018-05-30 21:01:34'),(681,'FKI',148,2,'2018-05-30 21:01:34','2018-05-30 21:01:34'),(682,'KTT',133,2,'2018-05-30 21:01:34','2018-05-30 21:01:34'),(683,'KIW',121,2,'2018-05-30 21:01:34','2018-05-30 21:01:34'),(684,'KLU',141,2,'2018-05-30 21:01:34','2018-05-30 21:01:34'),(685,'KLZ',91,2,'2018-05-30 21:01:34','2018-05-30 21:01:34'),(686,'NOC',124,2,'2018-05-30 21:01:34','2018-05-30 21:01:34'),(687,'KOK',133,2,'2018-05-30 21:01:34','2018-05-30 21:01:34'),(688,'KGS',103,2,'2018-05-30 21:01:34','2018-05-30 21:01:34'),(689,'KRK',138,2,'2018-05-30 21:01:34','2018-05-30 21:01:34'),(690,'KRS',93,2,'2018-05-30 21:01:34','2018-05-30 21:01:34'),(691,'KID',140,2,'2018-05-30 21:01:34','2018-05-30 21:01:34'),(692,'KSU',93,2,'2018-05-30 21:01:34','2018-05-30 21:01:34'),(693,'KUO',133,2,'2018-05-30 21:01:34','2018-05-30 21:01:34'),(694,'KAO',133,2,'2018-05-30 21:01:34','2018-05-30 21:01:34'),(695,'LEK',123,2,'2018-05-30 21:01:34','2018-05-30 21:01:34'),(696,'LCG',96,2,'2018-05-30 21:01:34','2018-05-30 21:01:34'),(697,'LRH',92,2,'2018-05-30 21:01:34','2018-05-30 21:01:34'),(698,'LOS',84,2,'2018-05-30 21:01:34','2018-05-30 21:01:34'),(699,'LKL',93,2,'2018-05-30 21:01:34','2018-05-30 21:01:34'),(700,'LBQ',149,2,'2018-05-30 21:01:34','2018-05-30 21:01:34'),(701,'SUF',94,2,'2018-05-30 21:01:34','2018-05-30 21:01:34'),(702,'LMP',94,2,'2018-05-30 21:01:34','2018-05-30 21:01:34'),(703,'LAI',92,2,'2018-05-30 21:01:34','2018-05-30 21:01:34'),(704,'HLA',91,2,'2018-05-30 21:01:34','2018-05-30 21:01:34'),(705,'LPP',133,2,'2018-05-30 21:01:34','2018-05-30 21:01:34'),(706,'LPA',96,2,'2018-05-30 21:01:34','2018-05-30 21:01:34'),(707,'LBA',82,2,'2018-05-30 21:01:34','2018-05-30 21:01:34'),(708,'LEJ',104,2,'2018-05-30 21:01:34','2018-05-30 21:01:34'),(709,'LEY',98,2,'2018-05-30 21:01:34','2018-05-30 21:01:34'),(710,'LBV',149,2,'2018-05-30 21:01:34','2018-05-30 21:01:34'),(711,'LDK',140,2,'2018-05-30 21:01:34','2018-05-30 21:01:34'),(712,'LGG',101,2,'2018-05-30 21:01:34','2018-05-30 21:01:34'),(713,'LIL',92,2,'2018-05-30 21:01:34','2018-05-30 21:01:34'),(714,'LLW',112,2,'2018-05-30 21:01:34','2018-05-30 21:01:34'),(715,'LIG',92,2,'2018-05-30 21:01:34','2018-05-30 21:01:34'),(716,'LNZ',141,2,'2018-05-30 21:01:34','2018-05-30 21:01:34'),(717,'LIQ',150,2,'2018-05-30 21:01:34','2018-05-30 21:01:34'),(718,'LIS',135,2,'2018-05-30 21:01:34','2018-05-30 21:01:34'),(719,'LPL',82,2,'2018-05-30 21:01:34','2018-05-30 21:01:34'),(720,'LJU',151,2,'2018-05-30 21:01:34','2018-05-30 21:01:34'),(721,'LFW',152,2,'2018-05-30 21:01:34','2018-05-30 21:01:34'),(722,'LOND',222,3,'2018-05-30 21:01:34','2024-11-07 23:32:44'),(723,'LCY',82,2,'2018-05-30 21:01:34','2018-05-30 21:01:34'),(724,'LGW',82,2,'2018-05-30 21:01:34','2018-05-30 21:01:34'),(725,'LHR',82,2,'2018-05-30 21:01:34','2018-05-30 21:01:34'),(726,'LTN',82,2,'2018-05-30 21:01:34','2018-05-30 21:01:34'),(727,'STN',82,2,'2018-05-30 21:01:34','2018-05-30 21:01:34'),(728,'LRT',92,2,'2018-05-30 21:01:34','2018-05-30 21:01:34'),(729,'LDE',92,2,'2018-05-30 21:01:34','2018-05-30 21:01:34'),(730,'LAD',111,2,'2018-05-30 21:01:34','2018-05-30 21:01:34'),(731,'LUD',144,2,'2018-05-30 21:01:34','2018-05-30 21:01:34'),(732,'MLA',153,2,'2018-05-30 21:01:34','2018-05-30 21:01:34'),(733,'LUG',97,2,'2018-05-30 21:01:34','2018-05-30 21:01:34'),(734,'LLA',140,2,'2018-05-30 21:01:34','2018-05-30 21:01:34'),(735,'FBM',148,2,'2018-05-30 21:01:34','2018-05-30 21:01:34'),(736,'LUN',121,2,'2018-05-30 21:01:34','2018-05-30 21:01:34'),(737,'LUJ',91,2,'2018-05-30 21:01:34','2018-05-30 21:01:34'),(738,'LUX',154,2,'2018-05-30 21:01:34','2018-05-30 21:01:34'),(739,'LXR',85,2,'2018-05-30 21:01:34','2018-05-30 21:01:34'),(740,'LWO',145,2,'2018-05-30 21:01:34','2018-05-30 21:01:34'),(741,'LYS',92,2,'2018-05-30 21:01:34','2018-05-30 21:01:34'),(742,'MST',98,2,'2018-05-30 21:01:34','2018-05-30 21:01:34'),(743,'MAD',96,2,'2018-05-30 21:01:34','2018-05-30 21:01:34'),(744,'SEZ',155,2,'2018-05-30 21:01:35','2018-05-30 21:01:35'),(745,'MAH',96,2,'2018-05-30 21:01:35','2018-05-30 21:01:35'),(746,'MJN',100,2,'2018-05-30 21:01:35','2018-05-30 21:01:35'),(747,'SSG',156,2,'2018-05-30 21:01:35','2018-05-30 21:01:35'),(748,'AGP',96,2,'2018-05-30 21:01:35','2018-05-30 21:01:35'),(749,'MYD',157,2,'2018-05-30 21:01:35','2018-05-30 21:01:35'),(750,'MMA',140,2,'2018-05-30 21:01:35','2018-05-30 21:01:35'),(751,'MMX',140,2,'2018-05-30 21:01:35','2018-05-30 21:01:35'),(752,'MAN',82,2,'2018-05-30 21:01:35','2018-05-30 21:01:35'),(753,'MTS',158,2,'2018-05-30 21:01:35','2018-05-30 21:01:35'),(754,'MPM',109,2,'2018-05-30 21:01:35','2018-05-30 21:01:35'),(755,'MFQ',89,2,'2018-05-30 21:01:35','2018-05-30 21:01:35'),(756,'MGH',91,2,'2018-05-30 21:01:35','2018-05-30 21:01:35'),(757,'MBX',151,2,'2018-05-30 21:01:35','2018-05-30 21:01:35'),(758,'MHQ',133,2,'2018-05-30 21:01:35','2018-05-30 21:01:35'),(759,'MVR',131,2,'2018-05-30 21:01:35','2018-05-30 21:01:35'),(760,'RAK',90,2,'2018-05-30 21:01:35','2018-05-30 21:01:35'),(761,'MUH',85,2,'2018-05-30 21:01:35','2018-05-30 21:01:35'),(762,'MRS',92,2,'2018-05-30 21:01:35','2018-05-30 21:01:35'),(763,'MSU',159,2,'2018-05-30 21:01:35','2018-05-30 21:01:35'),(764,'MVZ',118,2,'2018-05-30 21:01:35','2018-05-30 21:01:35'),(765,'MUB',136,2,'2018-05-30 21:01:35','2018-05-30 21:01:35'),(766,'MRU',160,2,'2018-05-30 21:01:35','2018-05-30 21:01:35'),(767,'MEZ',91,2,'2018-05-30 21:01:35','2018-05-30 21:01:35'),(768,'MZM',92,2,'2018-05-30 21:01:35','2018-05-30 21:01:35'),(769,'MFU',121,2,'2018-05-30 21:01:35','2018-05-30 21:01:35'),(770,'MIK',133,2,'2018-05-30 21:01:35','2018-05-30 21:01:35'),(771,'MIL',94,2,'2018-05-30 21:01:35','2018-05-30 21:01:35'),(772,'LIN',94,2,'2018-05-30 21:01:35','2018-05-30 21:01:35'),(773,'MXP',94,2,'2018-05-30 21:01:35','2018-05-30 21:01:35'),(774,'MRV',88,2,'2018-05-30 21:01:35','2018-05-30 21:01:35'),(775,'MSQ',161,2,'2018-05-30 21:01:35','2018-05-30 21:01:35'),(776,'MBM',91,2,'2018-05-30 21:01:35','2018-05-30 21:01:35'),(777,'MFF',149,2,'2018-05-30 21:01:35','2018-05-30 21:01:35'),(778,'MGQ',162,2,'2018-05-30 21:01:35','2018-05-30 21:01:35'),(779,'OKU',144,2,'2018-05-30 21:01:35','2018-05-30 21:01:35'),(780,'MBA',157,2,'2018-05-30 21:01:35','2018-05-30 21:01:35'),(781,'MIR',128,2,'2018-05-30 21:01:35','2018-05-30 21:01:35'),(782,'MLW',163,2,'2018-05-30 21:01:35','2018-05-30 21:01:35'),(783,'ROB',163,2,'2018-05-30 21:01:35','2018-05-30 21:01:35'),(784,'MPL',92,2,'2018-05-30 21:01:35','2018-05-30 21:01:35'),(785,'MOW',88,2,'2018-05-30 21:01:35','2018-05-30 21:01:35'),(786,'DME',88,2,'2018-05-30 21:01:35','2018-05-30 21:01:35'),(787,'SVO',88,2,'2018-05-30 21:01:35','2018-05-30 21:01:35'),(788,'VKO',88,2,'2018-05-30 21:01:35','2018-05-30 21:01:35'),(789,'OMO',164,2,'2018-05-30 21:01:35','2018-05-30 21:01:35'),(790,'MJL',149,2,'2018-05-30 21:01:35','2018-05-30 21:01:35'),(791,'MQQ',81,2,'2018-05-30 21:01:35','2018-05-30 21:01:35'),(792,'MUC',104,2,'2018-05-30 21:01:35','2018-05-30 21:01:35'),(793,'FMO',104,2,'2018-05-30 21:01:35','2018-05-30 21:01:35'),(794,'MSR',104,2,'2018-05-30 21:01:35','2018-05-30 21:01:35'),(795,'MLH',92,2,'2018-05-30 21:01:35','2018-05-30 21:01:35'),(796,'MJV',96,2,'2018-05-30 21:01:35','2018-05-30 21:01:35'),(797,'MMK',88,2,'2018-05-30 21:01:35','2018-05-30 21:01:35'),(798,'MVB',149,2,'2018-05-30 21:01:35','2018-05-30 21:01:35'),(799,'JMK',103,2,'2018-05-30 21:01:35','2018-05-30 21:01:35'),(800,'MJT',103,2,'2018-05-30 21:01:35','2018-05-30 21:01:35'),(801,'MZF',91,2,'2018-05-30 21:01:35','2018-05-30 21:01:35'),(802,'NBO',157,2,'2018-05-30 21:01:35','2018-05-30 21:01:35'),(803,'ENC',92,2,'2018-05-30 21:01:35','2018-05-30 21:01:35'),(804,'NTE',92,2,'2018-05-30 21:01:35','2018-05-30 21:01:35'),(805,'NAP',94,2,'2018-05-30 21:01:35','2018-05-30 21:01:35'),(806,'NDJ',81,2,'2018-05-30 21:01:35','2018-05-30 21:01:35'),(807,'NLA',121,2,'2018-05-30 21:01:35','2018-05-30 21:01:35'),(808,'NLP',91,2,'2018-05-30 21:01:35','2018-05-30 21:01:35'),(809,'NCL',82,2,'2018-05-30 21:01:35','2018-05-30 21:01:35'),(810,'NCS',91,2,'2018-05-30 21:01:35','2018-05-30 21:01:35'),(811,'NGE',131,2,'2018-05-30 21:01:35','2018-05-30 21:01:35'),(812,'NIM',89,2,'2018-05-30 21:01:35','2018-05-30 21:01:35'),(813,'NCE',92,2,'2018-05-30 21:01:35','2018-05-30 21:01:35'),(814,'NLV',145,2,'2018-05-30 21:01:35','2018-05-30 21:01:35'),(815,'FNI',92,2,'2018-05-30 21:01:35','2018-05-30 21:01:35'),(816,'NRK',140,2,'2018-05-30 21:01:35','2018-05-30 21:01:35'),(817,'NDB',165,2,'2018-05-30 21:01:35','2018-05-30 21:01:35'),(818,'NKC',165,2,'2018-05-30 21:01:35','2018-05-30 21:01:35'),(819,'OVB',88,2,'2018-05-30 21:01:35','2018-05-30 21:01:35'),(820,'NUE',104,2,'2018-05-30 21:01:35','2018-05-30 21:01:35'),(821,'ODE',80,2,'2018-05-30 21:01:35','2018-05-30 21:01:35'),(822,'ODS',145,2,'2018-05-30 21:01:35','2018-05-30 21:01:35'),(823,'ORB',140,2,'2018-05-30 21:01:35','2018-05-30 21:01:35'),(824,'OHD',166,2,'2018-05-30 21:01:35','2018-05-30 21:01:35'),(825,'OLB',94,2,'2018-05-30 21:01:36','2018-05-30 21:01:36'),(826,'OND',144,2,'2018-05-30 21:01:36','2018-05-30 21:01:36'),(827,'ORN',95,2,'2018-05-30 21:01:36','2018-05-30 21:01:36'),(828,'OMD',144,2,'2018-05-30 21:01:36','2018-05-30 21:01:36'),(829,'KOI',82,2,'2018-05-30 21:01:36','2018-05-30 21:01:36'),(830,'OSL',93,2,'2018-05-30 21:01:36','2018-05-30 21:01:36'),(831,'FBU',93,2,'2018-05-30 21:01:36','2018-05-30 21:01:36'),(832,'TRF',93,2,'2018-05-30 21:01:36','2018-05-30 21:01:36'),(833,'ODA',106,2,'2018-05-30 21:01:36','2018-05-30 21:01:36'),(834,'OZZ',90,2,'2018-05-30 21:01:36','2018-05-30 21:01:36'),(835,'OUH',91,2,'2018-05-30 21:01:36','2018-05-30 21:01:36'),(836,'OUA',113,2,'2018-05-30 21:01:36','2018-05-30 21:01:36'),(837,'OUD',90,2,'2018-05-30 21:01:36','2018-05-30 21:01:36'),(838,'OUL',133,2,'2018-05-30 21:01:36','2018-05-30 21:01:36'),(839,'OVD',96,2,'2018-05-30 21:01:36','2018-05-30 21:01:36'),(840,'PAD',104,2,'2018-05-30 21:01:36','2018-05-30 21:01:36'),(841,'PMO',94,2,'2018-05-30 21:01:36','2018-05-30 21:01:36'),(842,'PMI',96,2,'2018-05-30 21:01:36','2018-05-30 21:01:36'),(843,'PNL',94,2,'2018-05-30 21:01:36','2018-05-30 21:01:36'),(844,'PPT',167,2,'2018-05-30 21:01:36','2018-05-30 21:01:36'),(845,'PAR',92,2,'2018-05-30 21:01:36','2018-05-30 21:01:36'),(846,'CDG',92,2,'2018-05-30 21:01:36','2018-05-30 21:01:36'),(847,'LBG',92,2,'2018-05-30 21:01:36','2018-05-30 21:01:36'),(848,'ORY',92,2,'2018-05-30 21:01:36','2018-05-30 21:01:36'),(849,'PUF',92,2,'2018-05-30 21:01:36','2018-05-30 21:01:36'),(850,'PGF',92,2,'2018-05-30 21:01:36','2018-05-30 21:01:36'),(851,'PEG',94,2,'2018-05-30 21:01:36','2018-05-30 21:01:36'),(852,'PSR',94,2,'2018-05-30 21:01:36','2018-05-30 21:01:36'),(853,'PHW',91,2,'2018-05-30 21:01:36','2018-05-30 21:01:36'),(854,'PZB',91,2,'2018-05-30 21:01:36','2018-05-30 21:01:36'),(855,'PTG',91,2,'2018-05-30 21:01:36','2018-05-30 21:01:36'),(856,'NTY',91,2,'2018-05-30 21:01:36','2018-05-30 21:01:36'),(857,'PSA',94,2,'2018-05-30 21:01:36','2018-05-30 21:01:36'),(858,'PBZ',91,2,'2018-05-30 21:01:36','2018-05-30 21:01:36'),(859,'PNR',116,2,'2018-05-30 21:01:36','2018-05-30 21:01:36'),(860,'PDL',135,2,'2018-05-30 21:01:36','2018-05-30 21:01:36'),(861,'POR',133,2,'2018-05-30 21:01:36','2018-05-30 21:01:36'),(862,'PLZ',91,2,'2018-05-30 21:01:36','2018-05-30 21:01:36'),(863,'POG',149,2,'2018-05-30 21:01:36','2018-05-30 21:01:36'),(864,'PHC',84,2,'2018-05-30 21:01:36','2018-05-30 21:01:36'),(865,'OPO',135,2,'2018-05-30 21:01:36','2018-05-30 21:01:36'),(866,'PSD',85,2,'2018-05-30 21:01:36','2018-05-30 21:01:36'),(867,'PXO',135,2,'2018-05-30 21:01:36','2018-05-30 21:01:36'),(868,'POZ',138,2,'2018-05-30 21:01:36','2018-05-30 21:01:36'),(869,'PRG',168,2,'2018-05-30 21:01:36','2018-05-30 21:01:36'),(870,'RAI',169,2,'2018-05-30 21:01:36','2018-05-30 21:01:36'),(871,'PRY',91,2,'2018-05-30 21:01:36','2018-05-30 21:01:36'),(872,'PVK',103,2,'2018-05-30 21:01:36','2018-05-30 21:01:36'),(873,'UIP',92,2,'2018-05-30 21:01:36','2018-05-30 21:01:36'),(874,'RBA',90,2,'2018-05-30 21:01:36','2018-05-30 21:01:36'),(875,'RKT',83,2,'2018-05-30 21:01:36','2018-05-30 21:01:36'),(876,'REG',94,2,'2018-05-30 21:01:36','2018-05-30 21:01:36'),(877,'RNS',92,2,'2018-05-30 21:01:36','2018-05-30 21:01:36'),(878,'REU',96,2,'2018-05-30 21:01:36','2018-05-30 21:01:36'),(879,'REK',122,2,'2018-05-30 21:01:36','2018-05-30 21:01:36'),(880,'KEF',122,2,'2018-05-30 21:01:36','2018-05-30 21:01:36'),(881,'RHO',103,2,'2018-05-30 21:01:36','2018-05-30 21:01:36'),(882,'RCB',91,2,'2018-05-30 21:01:36','2018-05-30 21:01:36'),(883,'RIX',170,2,'2018-05-30 21:01:36','2018-05-30 21:01:36'),(884,'RMI',94,2,'2018-05-30 21:01:36','2018-05-30 21:01:36'),(885,'RNE',92,2,'2018-05-30 21:01:36','2018-05-30 21:01:36'),(886,'RDZ',92,2,'2018-05-30 21:01:36','2018-05-30 21:01:36'),(887,'RRG',160,2,'2018-05-30 21:01:36','2018-05-30 21:01:36'),(888,'RNN',80,2,'2018-05-30 21:01:36','2018-05-30 21:01:36'),(889,'ROM',94,2,'2018-05-30 21:01:36','2018-05-30 21:01:36'),(890,'CIA',94,2,'2018-05-30 21:01:36','2018-05-30 21:01:36'),(891,'FCO',94,2,'2018-05-30 21:01:36','2018-05-30 21:01:36'),(892,'RNB',140,2,'2018-05-30 21:01:36','2018-05-30 21:01:36'),(893,'RTM',98,2,'2018-05-30 21:01:36','2018-05-30 21:01:36'),(894,'RVN',133,2,'2018-05-30 21:01:36','2018-05-30 21:01:36'),(895,'NDU',144,2,'2018-05-30 21:01:36','2018-05-30 21:01:36'),(896,'ROU',114,2,'2018-05-30 21:01:36','2018-05-30 21:01:36'),(897,'SCN',104,2,'2018-05-30 21:01:36','2018-05-30 21:01:36'),(898,'SBK',92,2,'2018-05-30 21:01:36','2018-05-30 21:01:36'),(899,'SID',169,2,'2018-05-30 21:01:36','2018-05-30 21:01:36'),(900,'SAY',118,2,'2018-05-30 21:01:36','2018-05-30 21:01:36'),(901,'SKG',103,2,'2018-05-30 21:01:36','2018-05-30 21:01:36'),(902,'SZG',141,2,'2018-05-30 21:01:36','2018-05-30 21:01:36'),(903,'SMI',103,2,'2018-05-30 21:01:36','2018-05-30 21:01:36'),(904,'EAS',96,2,'2018-05-30 21:01:36','2018-05-30 21:01:36'),(905,'SPC',96,2,'2018-05-30 21:01:36','2018-05-30 21:01:36'),(906,'SKV',85,2,'2018-05-30 21:01:36','2018-05-30 21:01:36'),(907,'SMA',135,2,'2018-05-30 21:01:36','2018-05-30 21:01:36'),(908,'SDR',96,2,'2018-05-30 21:01:36','2018-05-30 21:01:36'),(909,'SCQ',96,2,'2018-05-30 21:01:36','2018-05-30 21:01:36'),(910,'SJJ',164,2,'2018-05-30 21:01:36','2018-05-30 21:01:36'),(911,'SVL',133,2,'2018-05-30 21:01:36','2018-05-30 21:01:36'),(912,'SEB',110,2,'2018-05-30 21:01:37','2018-05-30 21:01:37'),(913,'SJY',133,2,'2018-05-30 21:01:37','2018-05-30 21:01:37'),(914,'PKW',136,2,'2018-05-30 21:01:37','2018-05-30 21:01:37'),(915,'SVQ',96,2,'2018-05-30 21:01:37','2018-05-30 21:01:37'),(916,'SFA',128,2,'2018-05-30 21:01:37','2018-05-30 21:01:37'),(917,'SNN',124,2,'2018-05-30 21:01:37','2018-05-30 21:01:37'),(918,'SHJ',83,2,'2018-05-30 21:01:37','2018-05-30 21:01:37'),(919,'SSH',85,2,'2018-05-30 21:01:37','2018-05-30 21:01:37'),(920,'SZD',130,2,'2018-05-30 21:01:37','2018-05-30 21:01:37'),(921,'SLS',114,2,'2018-05-30 21:01:37','2018-05-30 21:01:37'),(922,'SIP',145,2,'2018-05-30 21:01:37','2018-05-30 21:01:37'),(923,'SIS',91,2,'2018-05-30 21:01:37','2018-05-30 21:01:37'),(924,'SEW',85,2,'2018-05-30 21:01:37','2018-05-30 21:01:37'),(925,'JSI',103,2,'2018-05-30 21:01:37','2018-05-30 21:01:37'),(926,'SKP',166,2,'2018-05-30 21:01:37','2018-05-30 21:01:37'),(927,'SKS',80,2,'2018-05-30 21:01:37','2018-05-30 21:01:37'),(928,'SZK',91,2,'2018-05-30 21:01:37','2018-05-30 21:01:37'),(929,'SXL',124,2,'2018-05-30 21:01:37','2018-05-30 21:01:37'),(930,'SOT',133,2,'2018-05-30 21:01:37','2018-05-30 21:01:37'),(931,'SGD',80,2,'2018-05-30 21:01:37','2018-05-30 21:01:37'),(932,'SOF',114,2,'2018-05-30 21:01:37','2018-05-30 21:01:37'),(933,'SOG',93,2,'2018-05-30 21:01:37','2018-05-30 21:01:37'),(934,'SOU',82,2,'2018-05-30 21:01:37','2018-05-30 21:01:37'),(935,'SEN',82,2,'2018-05-30 21:01:37','2018-05-30 21:01:37'),(936,'SPU',171,2,'2018-05-30 21:01:37','2018-05-30 21:01:37'),(937,'SBU',91,2,'2018-05-30 21:01:37','2018-05-30 21:01:37'),(938,'EBU',92,2,'2018-05-30 21:01:37','2018-05-30 21:01:37'),(939,'SXM',172,2,'2018-05-30 21:01:37','2018-05-30 21:01:37'),(940,'LED',88,2,'2018-05-30 21:01:37','2018-05-30 21:01:37'),(941,'SVG',93,2,'2018-05-30 21:01:37','2018-05-30 21:01:37'),(942,'SZZ',138,2,'2018-05-30 21:01:37','2018-05-30 21:01:37'),(943,'STO',140,2,'2018-05-30 21:01:37','2018-05-30 21:01:37'),(944,'ARN',140,2,'2018-05-30 21:01:37','2018-05-30 21:01:37'),(945,'BMA',140,2,'2018-05-30 21:01:37','2018-05-30 21:01:37'),(946,'SYY',82,2,'2018-05-30 21:01:37','2018-05-30 21:01:37'),(947,'SXB',92,2,'2018-05-30 21:01:37','2018-05-30 21:01:37'),(948,'STR',104,2,'2018-05-30 21:01:37','2018-05-30 21:01:37'),(949,'LSI',82,2,'2018-05-30 21:01:37','2018-05-30 21:01:37'),(950,'SDL',140,2,'2018-05-30 21:01:37','2018-05-30 21:01:37'),(951,'SWP',144,2,'2018-05-30 21:01:37','2018-05-30 21:01:37'),(952,'QUF',173,2,'2018-05-30 21:01:37','2018-05-30 21:01:37'),(953,'TLL',173,2,'2018-05-30 21:01:37','2018-05-30 21:01:37'),(954,'TMP',133,2,'2018-05-30 21:01:37','2018-05-30 21:01:37'),(955,'TNG',90,2,'2018-05-30 21:01:37','2018-05-30 21:01:37'),(956,'TGV',114,2,'2018-05-30 21:01:37','2018-05-30 21:01:37'),(957,'MME',82,2,'2018-05-30 21:01:37','2018-05-30 21:01:37'),(958,'TCI',96,2,'2018-05-30 21:01:37','2018-05-30 21:01:37'),(959,'TFS',96,2,'2018-05-30 21:01:37','2018-05-30 21:01:37'),(960,'TFN',96,2,'2018-05-30 21:01:37','2018-05-30 21:01:37'),(961,'TER',135,2,'2018-05-30 21:01:37','2018-05-30 21:01:37'),(962,'TCU',91,2,'2018-05-30 21:01:37','2018-05-30 21:01:37'),(963,'JTR',103,2,'2018-05-30 21:01:37','2018-05-30 21:01:37'),(964,'TED',80,2,'2018-05-30 21:01:37','2018-05-30 21:01:37'),(965,'TIA',174,2,'2018-05-30 21:01:37','2018-05-30 21:01:37'),(966,'TIV',175,2,'2018-05-30 21:01:37','2018-05-30 21:01:37'),(967,'TLS',92,2,'2018-05-30 21:01:37','2018-05-30 21:01:37'),(968,'TPS',94,2,'2018-05-30 21:01:37','2018-05-30 21:01:37'),(969,'TSF',94,2,'2018-05-30 21:01:37','2018-05-30 21:01:37'),(970,'TRS',94,2,'2018-05-30 21:01:37','2018-05-30 21:01:37'),(971,'TIP',110,2,'2018-05-30 21:01:37','2018-05-30 21:01:37'),(972,'TOS',93,2,'2018-05-30 21:01:37','2018-05-30 21:01:37'),(973,'TRD',93,2,'2018-05-30 21:01:37','2018-05-30 21:01:37'),(974,'TSB',144,2,'2018-05-30 21:01:37','2018-05-30 21:01:37'),(975,'TUN',128,2,'2018-05-30 21:01:37','2018-05-30 21:01:37'),(976,'TRN',94,2,'2018-05-30 21:01:37','2018-05-30 21:01:37'),(977,'TKU',133,2,'2018-05-30 21:01:37','2018-05-30 21:01:37'),(978,'UUD',88,2,'2018-05-30 21:01:37','2018-05-30 21:01:37'),(979,'ULD',91,2,'2018-05-30 21:01:37','2018-05-30 21:01:37'),(980,'UTT',91,2,'2018-05-30 21:01:37','2018-05-30 21:01:37'),(981,'UTN',91,2,'2018-05-30 21:01:37','2018-05-30 21:01:37'),(982,'VAA',133,2,'2018-05-30 21:01:37','2018-05-30 21:01:37'),(983,'VXO',140,2,'2018-05-30 21:01:37','2018-05-30 21:01:37'),(984,'VLC',96,2,'2018-05-30 21:01:37','2018-05-30 21:01:37'),(985,'VLL',96,2,'2018-05-30 21:01:37','2018-05-30 21:01:37'),(986,'VDE',96,2,'2018-05-30 21:01:37','2018-05-30 21:01:37'),(987,'VRK',133,2,'2018-05-30 21:01:37','2018-05-30 21:01:37'),(988,'VAR',114,2,'2018-05-30 21:01:37','2018-05-30 21:01:37'),(989,'VST',140,2,'2018-05-30 21:01:37','2018-05-30 21:01:37'),(990,'VLU',88,2,'2018-05-30 21:01:37','2018-05-30 21:01:37'),(991,'VCE',94,2,'2018-05-30 21:01:37','2018-05-30 21:01:37'),(992,'VRN',94,2,'2018-05-30 21:01:37','2018-05-30 21:01:37'),(993,'VFA',118,2,'2018-05-30 21:01:37','2018-05-30 21:01:37'),(994,'VID',114,2,'2018-05-30 21:01:37','2018-05-30 21:01:37'),(995,'VGO',96,2,'2018-05-30 21:01:37','2018-05-30 21:01:37'),(996,'VBY',140,2,'2018-05-30 21:01:38','2018-05-30 21:01:38'),(997,'VIT',96,2,'2018-05-30 21:01:38','2018-05-30 21:01:38'),(998,'VYD',91,2,'2018-05-30 21:01:38','2018-05-30 21:01:38'),(999,'WVB',91,2,'2018-05-30 21:01:38','2018-05-30 21:01:38'),(1000,'WAW',138,2,'2018-05-30 21:01:38','2018-05-30 21:01:38'),(1001,'WEL',91,2,'2018-05-30 21:01:38','2018-05-30 21:01:38'),(1002,'GWT',104,2,'2018-05-30 21:01:38','2018-05-30 21:01:38'),(1003,'WIC',82,2,'2018-05-30 21:01:38','2018-05-30 21:01:38'),(1004,'VIE',141,2,'2018-05-30 21:01:38','2018-05-30 21:01:38'),(1005,'WIE',104,2,'2018-05-30 21:01:38','2018-05-30 21:01:38'),(1006,'VNO',176,2,'2018-05-30 21:01:38','2018-05-30 21:01:38'),(1007,'ERS',144,2,'2018-05-30 21:01:38','2018-05-30 21:01:38'),(1008,'WDH',144,2,'2018-05-30 21:01:38','2018-05-30 21:01:38'),(1009,'ASK',177,2,'2018-05-30 21:01:38','2018-05-30 21:01:38'),(1010,'YAO',131,2,'2018-05-30 21:01:38','2018-05-30 21:01:38'),(1011,'ZAD',171,2,'2018-05-30 21:01:38','2018-05-30 21:01:38'),(1012,'ZAG',171,2,'2018-05-30 21:01:38','2018-05-30 21:01:38'),(1013,'ZTH',103,2,'2018-05-30 21:01:38','2018-05-30 21:01:38'),(1014,'ZAZ',96,2,'2018-05-30 21:01:38','2018-05-30 21:01:38'),(1015,'ZND',89,2,'2018-05-30 21:01:38','2018-05-30 21:01:38'),(1016,'OUZ',165,2,'2018-05-30 21:01:38','2018-05-30 21:01:38'),(1017,'ZRH',97,2,'2018-05-30 21:01:38','2018-05-30 21:01:38'),(1018,'AJU',178,3,'2018-05-30 21:01:38','2018-05-30 21:01:38'),(1019,'AXS',179,3,'2018-05-30 21:01:38','2018-05-30 21:01:38'),(1020,'ASU',180,3,'2018-05-30 21:01:38','2018-05-30 21:01:38'),(1021,'BLA',181,3,'2018-05-30 21:01:38','2018-05-30 21:01:38'),(1022,'BAQ',179,3,'2018-05-30 21:01:38','2018-05-30 21:01:38'),(1023,'EIS',192,3,'2018-05-30 21:01:38','2018-05-30 21:01:39'),(1024,'BEL',178,3,'2018-05-30 21:01:38','2018-05-30 21:01:38'),(1025,'CNF',178,3,'2018-05-30 21:01:38','2018-05-30 21:01:38'),(1026,'BVB',178,3,'2018-05-30 21:01:38','2018-05-30 21:01:38'),(1027,'BOG',179,3,'2018-05-30 21:01:38','2018-05-30 21:01:38'),(1028,'BSB',178,3,'2018-05-30 21:01:38','2018-05-30 21:01:38'),(1029,'BGA',179,3,'2018-05-30 21:01:38','2018-05-30 21:01:38'),(1030,'BUE',183,3,'2018-05-30 21:01:38','2018-05-30 21:01:38'),(1031,'EZE',183,3,'2018-05-30 21:01:38','2018-05-30 21:01:38'),(1032,'AEP',183,3,'2018-05-30 21:01:38','2018-05-30 21:01:38'),(1033,'CLO',179,3,'2018-05-30 21:01:38','2018-05-30 21:01:38'),(1034,'CGR',178,3,'2018-05-30 21:01:38','2018-05-30 21:01:38'),(1035,'CCS',181,3,'2018-05-30 21:01:38','2018-05-30 21:01:38'),(1036,'CTG',179,3,'2018-05-30 21:01:38','2018-05-30 21:01:38'),(1037,'CBB',184,3,'2018-05-30 21:01:38','2018-05-30 21:01:38'),(1038,'COR',183,3,'2018-05-30 21:01:38','2018-05-30 21:01:38'),(1039,'CGB',178,3,'2018-05-30 21:01:38','2018-05-30 21:01:38'),(1040,'CUR',172,3,'2018-05-30 21:01:38','2018-05-30 21:01:38'),(1041,'CWB',178,3,'2018-05-30 21:01:38','2018-05-30 21:01:38'),(1042,'IPC',185,3,'2018-05-30 21:01:38','2018-05-30 21:01:38'),(1043,'FLN',178,3,'2018-05-30 21:01:38','2018-05-30 21:01:38'),(1044,'FOR',178,3,'2018-05-30 21:01:38','2018-05-30 21:01:38'),(1045,'GEO',186,3,'2018-05-30 21:01:38','2018-05-30 21:01:38'),(1046,'GYN',178,3,'2018-05-30 21:01:38','2018-05-30 21:01:38'),(1047,'GRU',178,3,'2018-05-30 21:01:38','2018-05-30 21:01:38'),(1048,'GYE',187,3,'2018-05-30 21:01:38','2018-05-30 21:01:38'),(1049,'IGR',183,3,'2018-05-30 21:01:38','2018-05-30 21:01:38'),(1050,'IQT',188,3,'2018-05-30 21:01:38','2018-05-30 21:01:38'),(1051,'JCB',178,3,'2018-05-30 21:01:38','2018-05-30 21:01:38'),(1052,'JPA',178,3,'2018-05-30 21:01:38','2018-05-30 21:01:38'),(1053,'LPB',184,3,'2018-05-30 21:01:38','2018-05-30 21:01:38'),(1054,'LIM',188,3,'2018-05-30 21:01:38','2018-05-30 21:01:38'),(1055,'MCP',178,3,'2018-05-30 21:01:38','2018-05-30 21:01:38'),(1056,'MCZ',178,3,'2018-05-30 21:01:38','2018-05-30 21:01:38'),(1057,'MAO',178,3,'2018-05-30 21:01:38','2018-05-30 21:01:38'),(1058,'MDQ',183,3,'2018-05-30 21:01:38','2018-05-30 21:01:38'),(1059,'MAR',181,3,'2018-05-30 21:01:38','2018-05-30 21:01:38'),(1060,'PMV',181,3,'2018-05-30 21:01:38','2018-05-30 21:01:38'),(1061,'MDE',179,3,'2018-05-30 21:01:38','2018-05-30 21:01:38'),(1062,'MDZ',183,3,'2018-05-30 21:01:38','2018-05-30 21:01:38'),(1063,'QGF',178,3,'2018-05-30 21:01:38','2018-05-30 21:01:38'),(1064,'MVD',189,3,'2018-05-30 21:01:38','2018-05-30 21:01:38'),(1065,'NAT',178,3,'2018-05-30 21:01:38','2018-05-30 21:01:38'),(1066,'PBM',190,3,'2018-05-30 21:01:38','2018-05-30 21:01:38'),(1067,'PEI',179,3,'2018-05-30 21:01:38','2018-05-30 21:01:38'),(1068,'POA',178,3,'2018-05-30 21:01:38','2018-05-30 21:01:38'),(1069,'POS',191,3,'2018-05-30 21:01:38','2018-05-30 21:01:38'),(1070,'PVH',178,3,'2018-05-30 21:01:38','2018-05-30 21:01:38'),(1071,'PZO',181,3,'2018-05-30 21:01:38','2018-05-30 21:01:38'),(1072,'PUQ',185,3,'2018-05-30 21:01:38','2018-05-30 21:01:38'),(1073,'UIO',187,3,'2018-05-30 21:01:38','2018-05-30 21:01:38'),(1074,'REC',178,3,'2018-05-30 21:01:38','2018-05-30 21:01:38'),(1075,'RBR',178,3,'2018-05-30 21:01:38','2018-05-30 21:01:38'),(1076,'GIG',178,3,'2018-05-30 21:01:39','2018-05-30 21:01:39'),(1077,'SDU',178,3,'2018-05-30 21:01:39','2018-05-30 21:01:39'),(1078,'RIO',178,3,'2018-05-30 21:01:39','2018-05-30 21:01:39'),(1079,'ROS',183,3,'2018-05-30 21:01:39','2018-05-30 21:01:39'),(1080,'SNC',187,3,'2018-05-30 21:01:39','2018-05-30 21:01:39'),(1081,'SLA',183,3,'2018-05-30 21:01:39','2018-05-30 21:01:39'),(1082,'SSA',178,3,'2018-05-30 21:01:39','2018-05-30 21:01:39'),(1083,'ADZ',179,3,'2018-05-30 21:01:39','2018-05-30 21:01:39'),(1084,'BRC',183,3,'2018-05-30 21:01:39','2018-05-30 21:01:39'),(1085,'SRZ',184,3,'2018-05-30 21:01:39','2018-05-30 21:01:39'),(1086,'SRB',184,3,'2018-05-30 21:01:39','2018-05-30 21:01:39'),(1087,'SRA',178,3,'2018-05-30 21:01:39','2018-05-30 21:01:39'),(1088,'RSA',183,3,'2018-05-30 21:01:39','2018-05-30 21:01:39'),(1089,'SSL',179,3,'2018-05-30 21:01:39','2018-05-30 21:01:39'),(1090,'SCL',185,3,'2018-05-30 21:01:39','2018-05-30 21:01:39'),(1091,'SLZ',178,3,'2018-05-30 21:01:39','2018-05-30 21:01:39'),(1092,'SAO',178,3,'2018-05-30 21:01:39','2018-05-30 21:01:39'),(1093,'CGH',178,3,'2018-05-30 21:01:39','2018-05-30 21:01:39'),(1094,'VCP',178,3,'2018-05-30 21:01:39','2018-05-30 21:01:39'),(1095,'STX',192,3,'2018-05-30 21:01:39','2018-05-30 21:01:39'),(1096,'SKB',193,3,'2018-05-30 21:01:39','2018-05-30 21:01:39'),(1097,'UVF',194,3,'2018-05-30 21:01:39','2018-05-30 21:01:39'),(1098,'SLU',194,3,'2018-05-30 21:01:39','2018-05-30 21:01:39'),(1099,'SFG',195,3,'2018-05-30 21:01:39','2018-05-30 21:01:39'),(1100,'STT',192,3,'2018-05-30 21:01:39','2018-05-30 21:01:39'),(1101,'SVD',196,3,'2018-05-30 21:01:39','2018-05-30 21:01:39'),(1102,'THE',178,3,'2018-05-30 21:01:39','2018-05-30 21:01:39'),(1103,'TAB',197,3,'2018-05-30 21:01:39','2018-05-30 21:01:39'),(1104,'UDI',178,3,'2018-05-30 21:01:39','2018-05-30 21:01:39'),(1105,'VLN',181,3,'2018-05-30 21:01:39','2018-05-30 21:01:39'),(1106,'VAP',185,3,'2018-05-30 21:01:39','2018-05-30 21:01:39'),(1107,'VIJ',192,3,'2018-05-30 21:01:39','2018-05-30 21:01:39'),(1108,'VIX',178,3,'2018-05-30 21:01:39','2018-05-30 21:01:39'),(1109,'ACA',198,4,'2018-05-30 21:01:39','2018-05-30 21:01:39'),(1110,'BQN',199,4,'2018-05-30 21:01:39','2018-05-30 21:01:39'),(1111,'AGU',198,4,'2018-05-30 21:01:39','2018-05-30 21:01:39'),(1112,'AXA',200,4,'2018-05-30 21:01:39','2018-05-30 21:01:39'),(1113,'AUA',201,4,'2018-05-30 21:01:39','2018-05-30 21:01:39'),(1114,'YAT',202,4,'2018-05-30 21:01:39','2018-05-30 21:01:39'),(1115,'BZE',203,4,'2018-05-30 21:01:39','2018-05-30 21:01:39'),(1116,'BDA',204,4,'2018-05-30 21:01:39','2018-05-30 21:01:39'),(1117,'YVB',202,4,'2018-05-30 21:01:39','2018-05-30 21:01:39'),(1118,'BGI',205,4,'2018-05-30 21:01:39','2018-05-30 21:01:39'),(1119,'YYC',202,4,'2018-05-30 21:01:39','2018-05-30 21:01:39'),(1120,'YCB',202,4,'2018-05-30 21:01:39','2018-05-30 21:01:39'),(1121,'CUN',198,4,'2018-05-30 21:01:39','2018-05-30 21:01:39'),(1122,'LRM',206,4,'2018-05-30 21:01:39','2018-05-30 21:01:39'),(1123,'CZA',198,4,'2018-05-30 21:01:39','2018-05-30 21:01:39'),(1124,'CUU',198,4,'2018-05-30 21:01:39','2018-05-30 21:01:39'),(1125,'CCZ',207,4,'2018-05-30 21:01:39','2018-05-30 21:01:39'),(1126,'YYQ',202,4,'2018-05-30 21:01:39','2018-05-30 21:01:39'),(1127,'CFG',202,4,'2018-05-30 21:01:39','2018-05-30 21:01:39'),(1128,'CME',198,4,'2018-05-30 21:01:39','2018-05-30 21:01:39'),(1129,'CJS',198,4,'2018-05-30 21:01:39','2018-05-30 21:01:39'),(1130,'CEN',198,4,'2018-05-30 21:01:39','2018-05-30 21:01:39'),(1131,'CVM',198,4,'2018-05-30 21:01:39','2018-05-30 21:01:39'),(1132,'CLQ',198,4,'2018-05-30 21:01:39','2018-05-30 21:01:39'),(1133,'CZM',198,4,'2018-05-30 21:01:39','2018-05-30 21:01:39'),(1134,'CUL',198,4,'2018-05-30 21:01:39','2018-05-30 21:01:39'),(1135,'YDF',202,4,'2018-05-30 21:01:39','2018-05-30 21:01:39'),(1136,'YEA',202,4,'2018-05-30 21:01:39','2018-05-30 21:01:39'),(1137,'YEG',202,4,'2018-05-30 21:01:39','2018-05-30 21:01:39'),(1138,'YXD',202,4,'2018-05-30 21:01:39','2018-05-30 21:01:39'),(1139,'YFO',202,4,'2018-05-30 21:01:39','2018-05-30 21:01:39'),(1140,'YFA',202,4,'2018-05-30 21:01:39','2018-05-30 21:01:39'),(1141,'FDF',208,4,'2018-05-30 21:01:39','2018-05-30 21:01:39'),(1142,'YMM',202,4,'2018-05-30 21:01:39','2018-05-30 21:01:39'),(1143,'YSM',202,4,'2018-05-30 21:01:39','2018-05-30 21:01:39'),(1144,'YXJ',202,4,'2018-05-30 21:01:39','2018-05-30 21:01:39'),(1145,'YFC',202,4,'2018-05-30 21:01:39','2018-05-30 21:01:39'),(1146,'FPO',207,4,'2018-05-30 21:01:39','2018-05-30 21:01:39'),(1147,'YQX',202,4,'2018-05-30 21:01:39','2018-05-30 21:01:39'),(1148,'YGX',202,4,'2018-05-30 21:01:39','2018-05-30 21:01:39'),(1149,'YYR',202,4,'2018-05-30 21:01:39','2018-05-30 21:01:39'),(1150,'GHB',207,4,'2018-05-30 21:01:39','2018-05-30 21:01:39'),(1151,'GBI',207,4,'2018-05-30 21:01:39','2018-05-30 21:01:39'),(1152,'GCM',209,4,'2018-05-30 21:01:39','2018-05-30 21:01:39'),(1153,'GND',210,4,'2018-05-30 21:01:40','2018-05-30 21:01:40'),(1154,'GDL',198,4,'2018-05-30 21:01:40','2018-05-30 21:01:40'),(1155,'GUA',211,4,'2018-05-30 21:01:40','2018-05-30 21:01:40'),(1156,'YHZ',202,4,'2018-05-30 21:01:40','2018-05-30 21:01:40'),(1157,'YUX',202,4,'2018-05-30 21:01:40','2018-05-30 21:01:40'),(1158,'YHM',202,4,'2018-05-30 21:01:40','2018-05-30 21:01:40'),(1159,'YHR',202,4,'2018-05-30 21:01:40','2018-05-30 21:01:40'),(1160,'HAV',212,4,'2018-05-30 21:01:40','2018-05-30 21:01:40'),(1161,'HMO',198,4,'2018-05-30 21:01:40','2018-05-30 21:01:40'),(1162,'HOG',212,4,'2018-05-30 21:01:40','2018-05-30 21:01:40'),(1163,'HUX',198,4,'2018-05-30 21:01:40','2018-05-30 21:01:40'),(1164,'YEV',202,4,'2018-05-30 21:01:40','2018-05-30 21:01:40'),(1165,'YFB',202,4,'2018-05-30 21:01:40','2018-05-30 21:01:40'),(1166,'ZIH',198,4,'2018-05-30 21:01:40','2018-05-30 21:01:40'),(1167,'ZKE',202,4,'2018-05-30 21:01:40','2018-05-30 21:01:40'),(1168,'YLW',202,4,'2018-05-30 21:01:40','2018-05-30 21:01:40'),(1169,'KIN',213,4,'2018-05-30 21:01:40','2018-05-30 21:01:40'),(1170,'YVP',202,4,'2018-05-30 21:01:40','2018-05-30 21:01:40'),(1171,'YGW',202,4,'2018-05-30 21:01:40','2018-05-30 21:01:40'),(1172,'XLB',202,4,'2018-05-30 21:01:40','2018-05-30 21:01:40'),(1173,'YGL',202,4,'2018-05-30 21:01:40','2018-05-30 21:01:40'),(1174,'LAP',198,4,'2018-05-30 21:01:40','2018-05-30 21:01:40'),(1175,'LZC',198,4,'2018-05-30 21:01:40','2018-05-30 21:01:40'),(1176,'YLR',202,4,'2018-05-30 21:01:40','2018-05-30 21:01:40'),(1177,'BJX',198,4,'2018-05-30 21:01:40','2018-05-30 21:01:40'),(1178,'YXU',202,4,'2018-05-30 21:01:40','2018-05-30 21:01:40'),(1179,'LTO',198,4,'2018-05-30 21:01:40','2018-05-30 21:01:40'),(1180,'SJD',198,4,'2018-05-30 21:01:40','2018-05-30 21:01:40'),(1181,'LMM',198,4,'2018-05-30 21:01:40','2018-05-30 21:01:40'),(1182,'MGA',214,4,'2018-05-30 21:01:40','2018-05-30 21:01:40'),(1183,'ZLO',198,4,'2018-05-30 21:01:40','2018-05-30 21:01:40'),(1184,'MHH',207,4,'2018-05-30 21:01:40','2018-05-30 21:01:40'),(1185,'MAZ',199,4,'2018-05-30 21:01:40','2018-05-30 21:01:40'),(1186,'MZT',198,4,'2018-05-30 21:01:40','2018-05-30 21:01:40'),(1187,'MID',198,4,'2018-05-30 21:01:40','2018-05-30 21:01:40'),(1188,'MXL',198,4,'2018-05-30 21:01:40','2018-05-30 21:01:40'),(1189,'MEX',198,4,'2018-05-30 21:01:40','2018-05-30 21:01:40'),(1190,'MTT',198,4,'2018-05-30 21:01:40','2018-05-30 21:01:40'),(1191,'YQM',202,4,'2018-05-30 21:01:40','2018-05-30 21:01:40'),(1192,'MBJ',213,4,'2018-05-30 21:01:40','2018-05-30 21:01:40'),(1193,'MTY',198,4,'2018-05-30 21:01:40','2018-05-30 21:01:40'),(1194,'NTR',198,4,'2018-05-30 21:01:40','2018-05-30 21:01:40'),(1195,'YMQ',202,4,'2018-05-30 21:01:40','2018-05-30 21:01:40'),(1196,'YUL',202,4,'2018-05-30 21:01:40','2018-05-30 21:01:40'),(1197,'YMX',202,4,'2018-05-30 21:01:40','2018-05-30 21:01:40'),(1198,'MLM',198,4,'2018-05-30 21:01:40','2018-05-30 21:01:40'),(1199,'YSR',202,4,'2018-05-30 21:01:40','2018-05-30 21:01:40'),(1200,'UAK',215,4,'2018-05-30 21:01:40','2018-05-30 21:01:40'),(1201,'NAS',207,4,'2018-05-30 21:01:40','2018-05-30 21:01:40'),(1202,'YVQ',202,4,'2018-05-30 21:01:40','2018-05-30 21:01:40'),(1203,'ELH',207,4,'2018-05-30 21:01:40','2018-05-30 21:01:40'),(1204,'NLD',198,4,'2018-05-30 21:01:40','2018-05-30 21:01:40'),(1205,'OAX',198,4,'2018-05-30 21:01:40','2018-05-30 21:01:40'),(1206,'YOW',202,4,'2018-05-30 21:01:40','2018-05-30 21:01:40'),(1207,'PTY',216,4,'2018-05-30 21:01:40','2018-05-30 21:01:40'),(1208,'PTP',217,4,'2018-05-30 21:01:40','2018-05-30 21:01:40'),(1209,'PSE',199,4,'2018-05-30 21:01:40','2018-05-30 21:01:40'),(1210,'PAP',218,4,'2018-05-30 21:01:40','2018-05-30 21:01:40'),(1211,'YPN',202,4,'2018-05-30 21:01:40','2018-05-30 21:01:40'),(1212,'YXS',202,4,'2018-05-30 21:01:40','2018-05-30 21:01:40'),(1213,'YPR',202,4,'2018-05-30 21:01:40','2018-05-30 21:01:40'),(1214,'PBC',198,4,'2018-05-30 21:01:40','2018-05-30 21:01:40'),(1215,'PXM',198,4,'2018-05-30 21:01:40','2018-05-30 21:01:40'),(1216,'POP',206,4,'2018-05-30 21:01:40','2018-05-30 21:01:40'),(1217,'PVR',198,4,'2018-05-30 21:01:40','2018-05-30 21:01:40'),(1218,'XPK',202,4,'2018-05-30 21:01:40','2018-05-30 21:01:40'),(1219,'PUJ',206,4,'2018-05-30 21:01:40','2018-05-30 21:01:40'),(1220,'YQB',202,4,'2018-05-30 21:01:40','2018-05-30 21:01:40'),(1221,'YOP',202,4,'2018-05-30 21:01:40','2018-05-30 21:01:40'),(1222,'YQR',202,4,'2018-05-30 21:01:40','2018-05-30 21:01:40'),(1223,'YRB',202,4,'2018-05-30 21:01:40','2018-05-30 21:01:40'),(1224,'RTB',219,4,'2018-05-30 21:01:40','2018-05-30 21:01:40'),(1225,'RSD',207,4,'2018-05-30 21:01:40','2018-05-30 21:01:40'),(1226,'YSJ',202,4,'2018-05-30 21:01:40','2018-05-30 21:01:40'),(1227,'SJO',220,4,'2018-05-30 21:01:40','2018-05-30 21:01:40'),(1228,'SLP',198,4,'2018-05-30 21:01:40','2018-05-30 21:01:40'),(1229,'SAP',219,4,'2018-05-30 21:01:40','2018-05-30 21:01:40'),(1230,'ZSA',207,4,'2018-05-30 21:01:40','2018-05-30 21:01:40'),(1231,'SAL',221,4,'2018-05-30 21:01:40','2018-05-30 21:01:40'),(1232,'YZP',202,4,'2018-05-30 21:01:40','2018-05-30 21:01:40'),(1233,'SDH',219,4,'2018-05-30 21:01:40','2018-05-30 21:01:40'),(1234,'SRL',198,4,'2018-05-30 21:01:41','2018-05-30 21:01:41'),(1235,'SCU',212,4,'2018-05-30 21:01:41','2018-05-30 21:01:41'),(1236,'SDQ',206,4,'2018-05-30 21:01:41','2018-05-30 21:01:41'),(1237,'YXE',202,4,'2018-05-30 21:01:41','2018-05-30 21:01:41'),(1238,'ZTM',202,4,'2018-05-30 21:01:41','2018-05-30 21:01:41'),(1239,'YYD',202,4,'2018-05-30 21:01:41','2018-05-30 21:01:41'),(1240,'SFJ',215,4,'2018-05-30 21:01:41','2018-05-30 21:01:41'),(1241,'XSI',202,4,'2018-05-30 21:01:41','2018-05-30 21:01:41'),(1242,'YIF',202,4,'2018-05-30 21:01:41','2018-05-30 21:01:41'),(1243,'YYT',202,4,'2018-05-30 21:01:41','2018-05-30 21:01:41'),(1244,'FSP',202,4,'2018-05-30 21:01:41','2018-05-30 21:01:41'),(1245,'TAM',198,4,'2018-05-30 21:01:41','2018-05-30 21:01:41'),(1246,'TGU',219,4,'2018-05-30 21:01:41','2018-05-30 21:01:41'),(1247,'YXT',202,4,'2018-05-30 21:01:41','2018-05-30 21:01:41'),(1248,'YQD',202,4,'2018-05-30 21:01:41','2018-05-30 21:01:41'),(1249,'YTH',202,4,'2018-05-30 21:01:41','2018-05-30 21:01:41'),(1250,'YQT',202,4,'2018-05-30 21:01:41','2018-05-30 21:01:41'),(1251,'TIJ',198,4,'2018-05-30 21:01:41','2018-05-30 21:01:41'),(1252,'YTZ',202,4,'2018-05-30 21:01:41','2018-05-30 21:01:41'),(1253,'YYZ',202,4,'2018-05-30 21:01:41','2018-05-30 21:01:41'),(1254,'YTO',202,4,'2018-05-30 21:01:41','2018-05-30 21:01:41'),(1255,'TCB',207,4,'2018-05-30 21:01:41','2018-05-30 21:01:41'),(1256,'TGZ',198,4,'2018-05-30 21:01:41','2018-05-30 21:01:41'),(1257,'YVO',202,4,'2018-05-30 21:01:41','2018-05-30 21:01:41'),(1258,'YVR',202,4,'2018-05-30 21:01:41','2018-05-30 21:01:41'),(1259,'VRA',212,4,'2018-05-30 21:01:41','2018-05-30 21:01:41'),(1260,'VER',198,4,'2018-05-30 21:01:41','2018-05-30 21:01:41'),(1261,'YYJ',202,4,'2018-05-30 21:01:41','2018-05-30 21:01:41'),(1262,'VSA',198,4,'2018-05-30 21:01:41','2018-05-30 21:01:41'),(1263,'YWK',202,4,'2018-05-30 21:01:41','2018-05-30 21:01:41'),(1264,'YXN',202,4,'2018-05-30 21:01:41','2018-05-30 21:01:41'),(1265,'YXY',202,4,'2018-05-30 21:01:41','2018-05-30 21:01:41'),(1266,'YQG',202,4,'2018-05-30 21:01:41','2018-05-30 21:01:41'),(1267,'YWG',202,4,'2018-05-30 21:01:41','2018-05-30 21:01:41'),(1268,'YZF',202,4,'2018-05-30 21:01:41','2018-05-30 21:01:41'),(1269,'ZCL',198,4,'2018-05-30 21:01:41','2018-05-30 21:01:41'),(1270,'ABR',222,5,'2018-05-30 21:01:41','2018-05-30 21:01:41'),(1271,'ABI',222,5,'2018-05-30 21:01:41','2018-05-30 21:01:41'),(1272,'CAK',222,5,'2018-05-30 21:01:41','2018-05-30 21:01:41'),(1273,'ABY',222,5,'2018-05-30 21:01:41','2018-05-30 21:01:41'),(1274,'ALB',222,5,'2018-05-30 21:01:41','2018-05-30 21:01:41'),(1275,'ABQ',222,5,'2018-05-30 21:01:41','2018-05-30 21:01:41'),(1276,'ESF',222,5,'2018-05-30 21:01:41','2018-05-30 21:01:41'),(1277,'ABE',222,5,'2018-05-30 21:01:41','2018-05-30 21:01:41'),(1278,'AOO',222,5,'2018-05-30 21:01:41','2018-05-30 21:01:41'),(1279,'AMA',222,5,'2018-05-30 21:01:41','2018-05-30 21:01:41'),(1280,'ANC',222,5,'2018-05-30 21:01:41','2018-05-30 21:01:41'),(1281,'ARB',222,5,'2018-05-30 21:01:41','2018-05-30 21:01:41'),(1282,'ANB',222,5,'2018-05-30 21:01:41','2018-05-30 21:01:41'),(1283,'ATW',222,5,'2018-05-30 21:01:41','2018-05-30 21:01:41'),(1284,'AVL',222,5,'2018-05-30 21:01:41','2018-05-30 21:01:41'),(1285,'ASE',222,5,'2018-05-30 21:01:41','2018-05-30 21:01:41'),(1286,'AHN',222,5,'2018-05-30 21:01:41','2018-05-30 21:01:41'),(1287,'ATO',222,5,'2018-05-30 21:01:41','2018-05-30 21:01:41'),(1288,'ATL',222,5,'2018-05-30 21:01:41','2018-05-30 21:01:41'),(1289,'ACY',222,5,'2018-05-30 21:01:41','2018-05-30 21:01:41'),(1290,'AGS',222,5,'2018-05-30 21:01:41','2018-05-30 21:01:41'),(1291,'AUG',222,5,'2018-05-30 21:01:41','2018-05-30 21:01:41'),(1292,'AUS',222,5,'2018-05-30 21:01:41','2018-05-30 21:01:41'),(1293,'BFL',222,5,'2018-05-30 21:01:41','2018-05-30 21:01:41'),(1294,'BWI',222,5,'2018-05-30 21:01:41','2018-05-30 21:01:41'),(1295,'BGR',222,5,'2018-05-30 21:01:41','2018-05-30 21:01:41'),(1296,'BTR',222,5,'2018-05-30 21:01:41','2018-05-30 21:01:41'),(1297,'BPT',222,5,'2018-05-30 21:01:41','2018-05-30 21:01:41'),(1298,'BKW',222,5,'2018-05-30 21:01:41','2018-05-30 21:01:41'),(1299,'BLI',222,5,'2018-05-30 21:01:41','2018-05-30 21:01:41'),(1300,'BJI',222,5,'2018-05-30 21:01:41','2018-05-30 21:01:41'),(1301,'BEH',222,5,'2018-05-30 21:01:41','2018-05-30 21:01:41'),(1302,'BET',222,5,'2018-05-30 21:01:41','2018-05-30 21:01:41'),(1303,'BIL',222,5,'2018-05-30 21:01:41','2018-05-30 21:01:41'),(1304,'BHM',222,5,'2018-05-30 21:01:41','2018-05-30 21:01:41'),(1305,'BIS',222,5,'2018-05-30 21:01:41','2018-05-30 21:01:41'),(1306,'BMI',222,5,'2018-05-30 21:01:41','2018-05-30 21:01:41'),(1307,'BMG',222,5,'2018-05-30 21:01:41','2018-05-30 21:01:41'),(1308,'BLF',222,5,'2018-05-30 21:01:41','2018-05-30 21:01:41'),(1309,'BOI',222,5,'2018-05-30 21:01:41','2018-05-30 21:01:41'),(1310,'BXS',222,5,'2018-05-30 21:01:41','2018-05-30 21:01:41'),(1311,'BOS',222,5,'2018-05-30 21:01:41','2018-05-30 21:01:41'),(1312,'BZN',222,5,'2018-05-30 21:01:41','2018-05-30 21:01:41'),(1313,'BFD',222,5,'2018-05-30 21:01:41','2018-05-30 21:01:41'),(1314,'BRD',222,5,'2018-05-30 21:01:41','2018-05-30 21:01:41'),(1315,'BDR',222,5,'2018-05-30 21:01:41','2018-05-30 21:01:41'),(1316,'BKX',222,5,'2018-05-30 21:01:41','2018-05-30 21:01:41'),(1317,'BQK',222,5,'2018-05-30 21:01:41','2018-05-30 21:01:41'),(1318,'BUF',222,5,'2018-05-30 21:01:41','2018-05-30 21:01:41'),(1319,'BHC',222,5,'2018-05-30 21:01:41','2018-05-30 21:01:41'),(1320,'BUR',222,5,'2018-05-30 21:01:41','2018-05-30 21:01:41'),(1321,'BRL',222,5,'2018-05-30 21:01:41','2018-05-30 21:01:41'),(1322,'BTV',222,5,'2018-05-30 21:01:42','2018-05-30 21:01:42'),(1323,'BTM',222,5,'2018-05-30 21:01:42','2018-05-30 21:01:42'),(1324,'CLD',222,5,'2018-05-30 21:01:42','2018-05-30 21:01:42'),(1325,'CPR',222,5,'2018-05-30 21:01:42','2018-05-30 21:01:42'),(1326,'CDC',222,5,'2018-05-30 21:01:42','2018-05-30 21:01:42'),(1327,'CID',222,5,'2018-05-30 21:01:42','2018-05-30 21:01:42'),(1328,'CMI',222,5,'2018-05-30 21:01:42','2018-05-30 21:01:42'),(1329,'CHS',222,5,'2018-05-30 21:01:42','2018-05-30 21:01:42'),(1330,'CRW',222,5,'2018-05-30 21:01:42','2018-05-30 21:01:42'),(1331,'CLT',222,5,'2018-05-30 21:01:42','2018-05-30 21:01:42'),(1332,'CHO',222,5,'2018-05-30 21:01:42','2018-05-30 21:01:42'),(1333,'CHA',222,5,'2018-05-30 21:01:42','2018-05-30 21:01:42'),(1334,'CYS',222,5,'2018-05-30 21:01:42','2018-05-30 21:01:42'),(1335,'MDW',222,5,'2018-05-30 21:01:42','2018-05-30 21:01:42'),(1336,'ORD',222,5,'2018-05-30 21:01:42','2018-05-30 21:01:42'),(1337,'CHI',222,5,'2018-05-30 21:01:42','2018-05-30 21:01:42'),(1338,'CIC',222,5,'2018-05-30 21:01:42','2018-05-30 21:01:42'),(1339,'CVG',222,5,'2018-05-30 21:01:42','2018-05-30 21:01:42'),(1340,'CKB',222,5,'2018-05-30 21:01:42','2018-05-30 21:01:42'),(1341,'BKL',222,5,'2018-05-30 21:01:42','2018-05-30 21:01:42'),(1342,'CLE',222,5,'2018-05-30 21:01:42','2018-05-30 21:01:42'),(1343,'COD',222,5,'2018-05-30 21:01:42','2018-05-30 21:01:42'),(1344,'KCC',222,5,'2018-05-30 21:01:42','2018-05-30 21:01:42'),(1345,'CLL',222,5,'2018-05-30 21:01:42','2018-05-30 21:01:42'),(1346,'COS',222,5,'2018-05-30 21:01:42','2018-05-30 21:01:42'),(1347,'CAE',222,5,'2018-05-30 21:01:42','2018-05-30 21:01:42'),(1348,'CSG',222,5,'2018-05-30 21:01:42','2018-05-30 21:01:42'),(1349,'CMH',222,5,'2018-05-30 21:01:42','2018-05-30 21:01:42'),(1350,'CCR',222,5,'2018-05-30 21:01:42','2018-05-30 21:01:42'),(1351,'CDV',222,5,'2018-05-30 21:01:42','2018-05-30 21:01:42'),(1352,'CRP',222,5,'2018-05-30 21:01:42','2018-05-30 21:01:42'),(1353,'CGA',222,5,'2018-05-30 21:01:42','2018-05-30 21:01:42'),(1354,'CEC',222,5,'2018-05-30 21:01:42','2018-05-30 21:01:42'),(1355,'DAL',222,5,'2018-05-30 21:01:42','2018-05-30 21:01:42'),(1356,'DFW',222,5,'2018-05-30 21:01:42','2018-05-30 21:01:42'),(1357,'DAN',222,5,'2018-05-30 21:01:42','2018-05-30 21:01:42'),(1358,'DAY',222,5,'2018-05-30 21:01:42','2018-05-30 21:01:42'),(1359,'DAB',222,5,'2018-05-30 21:01:42','2018-05-30 21:01:42'),(1360,'DEC',222,5,'2018-05-30 21:01:42','2018-05-30 21:01:42'),(1361,'DEN',222,5,'2018-05-30 21:01:42','2018-05-30 21:01:42'),(1362,'DSM',222,5,'2018-05-30 21:01:42','2018-05-30 21:01:42'),(1363,'DET',222,5,'2018-05-30 21:01:42','2018-05-30 21:01:42'),(1364,'DTW',222,5,'2018-05-30 21:01:42','2018-05-30 21:01:42'),(1365,'DTT',222,5,'2018-05-30 21:01:42','2018-05-30 21:01:42'),(1366,'DVL',222,5,'2018-05-30 21:01:42','2018-05-30 21:01:42'),(1367,'DLG',222,5,'2018-05-30 21:01:42','2018-05-30 21:01:42'),(1368,'DHN',222,5,'2018-05-30 21:01:42','2018-05-30 21:01:42'),(1369,'DUJ',222,5,'2018-05-30 21:01:42','2018-05-30 21:01:42'),(1370,'DBQ',222,5,'2018-05-30 21:01:42','2018-05-30 21:01:42'),(1371,'DLH',222,5,'2018-05-30 21:01:42','2018-05-30 21:01:42'),(1372,'DRO',222,5,'2018-05-30 21:01:42','2018-05-30 21:01:42'),(1373,'DUT',222,5,'2018-05-30 21:01:42','2018-05-30 21:01:42'),(1374,'EAU',222,5,'2018-05-30 21:01:42','2018-05-30 21:01:42'),(1375,'ELP',222,5,'2018-05-30 21:01:42','2018-05-30 21:01:42'),(1376,'EKI',222,5,'2018-05-30 21:01:42','2018-05-30 21:01:42'),(1377,'EKO',222,5,'2018-05-30 21:01:42','2018-05-30 21:01:42'),(1378,'ELM',222,5,'2018-05-30 21:01:42','2018-05-30 21:01:42'),(1379,'ELY',222,5,'2018-05-30 21:01:42','2018-05-30 21:01:42'),(1380,'ERI',222,5,'2018-05-30 21:01:42','2018-05-30 21:01:42'),(1381,'ESC',222,5,'2018-05-30 21:01:42','2018-05-30 21:01:42'),(1382,'EUG',222,5,'2018-05-30 21:01:42','2018-05-30 21:01:42'),(1383,'ACV',222,5,'2018-05-30 21:01:42','2018-05-30 21:01:42'),(1384,'EVV',222,5,'2018-05-30 21:01:42','2018-05-30 21:01:42'),(1385,'FAI',222,5,'2018-05-30 21:01:42','2018-05-30 21:01:42'),(1386,'FAR',222,5,'2018-05-30 21:01:42','2018-05-30 21:01:42'),(1387,'FMN',222,5,'2018-05-30 21:01:42','2018-05-30 21:01:42'),(1388,'FYV',222,5,'2018-05-30 21:01:42','2018-05-30 21:01:42'),(1389,'FAY',222,5,'2018-05-30 21:01:42','2018-05-30 21:01:42'),(1390,'FLG',222,5,'2018-05-30 21:01:42','2018-05-30 21:01:42'),(1391,'FNT',222,5,'2018-05-30 21:01:42','2018-05-30 21:01:42'),(1392,'FLO',222,5,'2018-05-30 21:01:42','2018-05-30 21:01:42'),(1393,'FOD',222,5,'2018-05-30 21:01:42','2018-05-30 21:01:42'),(1394,'FHU',222,5,'2018-05-30 21:01:42','2018-05-30 21:01:42'),(1395,'FLL',222,5,'2018-05-30 21:01:42','2018-05-30 21:01:42'),(1396,'FMY',222,5,'2018-05-30 21:01:42','2018-05-30 21:01:42'),(1397,'RSW',222,5,'2018-05-30 21:01:42','2018-05-30 21:01:42'),(1398,'FSM',222,5,'2018-05-30 21:01:42','2018-05-30 21:01:42'),(1399,'VPS',222,5,'2018-05-30 21:01:42','2018-05-30 21:01:42'),(1400,'FWA',222,5,'2018-05-30 21:01:42','2018-05-30 21:01:42'),(1401,'FKL',222,5,'2018-05-30 21:01:42','2018-05-30 21:01:42'),(1402,'FAT',222,5,'2018-05-30 21:01:42','2018-05-30 21:01:42'),(1403,'GAD',222,5,'2018-05-30 21:01:42','2018-05-30 21:01:42'),(1404,'GNV',222,5,'2018-05-30 21:01:42','2018-05-30 21:01:42'),(1405,'GCC',222,5,'2018-05-30 21:01:42','2018-05-30 21:01:42'),(1406,'GGW',222,5,'2018-05-30 21:01:42','2018-05-30 21:01:42'),(1407,'GDV',222,5,'2018-05-30 21:01:42','2018-05-30 21:01:42'),(1408,'GCN',222,5,'2018-05-30 21:01:42','2018-05-30 21:01:42'),(1409,'GFK',222,5,'2018-05-30 21:01:43','2018-05-30 21:01:43'),(1410,'GJT',222,5,'2018-05-30 21:01:43','2018-05-30 21:01:43'),(1411,'GRR',222,5,'2018-05-30 21:01:43','2018-05-30 21:01:43'),(1412,'GPZ',222,5,'2018-05-30 21:01:43','2018-05-30 21:01:43'),(1413,'GTF',222,5,'2018-05-30 21:01:43','2018-05-30 21:01:43'),(1414,'GRB',222,5,'2018-05-30 21:01:43','2018-05-30 21:01:43'),(1415,'LWB',222,5,'2018-05-30 21:01:43','2018-05-30 21:01:43'),(1416,'GSO',222,5,'2018-05-30 21:01:43','2018-05-30 21:01:43'),(1417,'GLH',222,5,'2018-05-30 21:01:43','2018-05-30 21:01:43'),(1418,'PGV',222,5,'2018-05-30 21:01:43','2018-05-30 21:01:43'),(1419,'GSP',222,5,'2018-05-30 21:01:43','2018-05-30 21:01:43'),(1420,'GON',222,5,'2018-05-30 21:01:43','2018-05-30 21:01:43'),(1421,'GPT',222,5,'2018-05-30 21:01:43','2018-05-30 21:01:43'),(1422,'GUC',222,5,'2018-05-30 21:01:43','2018-05-30 21:01:43'),(1423,'HNS',222,5,'2018-05-30 21:01:43','2018-05-30 21:01:43'),(1424,'CMX',222,5,'2018-05-30 21:01:43','2018-05-30 21:01:43'),(1425,'HRL',222,5,'2018-05-30 21:01:43','2018-05-30 21:01:43'),(1426,'HAR',222,5,'2018-05-30 21:01:43','2018-05-30 21:01:43'),(1427,'MDT',222,5,'2018-05-30 21:01:43','2018-05-30 21:01:43'),(1428,'BDL',222,5,'2018-05-30 21:01:43','2018-05-30 21:01:43'),(1429,'HVR',222,5,'2018-05-30 21:01:43','2018-05-30 21:01:43'),(1430,'HLN',222,5,'2018-05-30 21:01:43','2018-05-30 21:01:43'),(1431,'HIB',222,5,'2018-05-30 21:01:43','2018-05-30 21:01:43'),(1432,'HKY',222,5,'2018-05-30 21:01:43','2018-05-30 21:01:43'),(1433,'ITO',222,5,'2018-05-30 21:01:43','2018-05-30 21:01:43'),(1434,'HHH',222,5,'2018-05-30 21:01:43','2018-05-30 21:01:43'),(1435,'HOM',222,5,'2018-05-30 21:01:43','2018-05-30 21:01:43'),(1436,'HNL',222,5,'2018-05-30 21:01:43','2018-05-30 21:01:43'),(1437,'HNH',222,5,'2018-05-30 21:01:43','2018-05-30 21:01:43'),(1438,'HOU',222,5,'2018-05-30 21:01:43','2018-05-30 21:01:43'),(1439,'IAH',222,5,'2018-05-30 21:01:43','2018-05-30 21:01:43'),(1440,'HTS',222,5,'2018-05-30 21:01:43','2018-05-30 21:01:43'),(1441,'HSV',222,5,'2018-05-30 21:01:43','2018-05-30 21:01:43'),(1442,'HON',222,5,'2018-05-30 21:01:43','2018-05-30 21:01:43'),(1443,'HYA',222,5,'2018-05-30 21:01:43','2018-05-30 21:01:43'),(1444,'HYG',222,5,'2018-05-30 21:01:43','2018-05-30 21:01:43'),(1445,'IDA',222,5,'2018-05-30 21:01:43','2018-05-30 21:01:43'),(1446,'ILI',222,5,'2018-05-30 21:01:43','2018-05-30 21:01:43'),(1447,'IPL',222,5,'2018-05-30 21:01:43','2018-05-30 21:01:43'),(1448,'IND',222,5,'2018-05-30 21:01:43','2018-05-30 21:01:43'),(1449,'INL',222,5,'2018-05-30 21:01:43','2018-05-30 21:01:43'),(1450,'IYK',222,5,'2018-05-30 21:01:43','2018-05-30 21:01:43'),(1451,'ITH',222,5,'2018-05-30 21:01:43','2018-05-30 21:01:43'),(1452,'JAC',222,5,'2018-05-30 21:01:43','2018-05-30 21:01:43'),(1453,'JXN',222,5,'2018-05-30 21:01:43','2018-05-30 21:01:43'),(1454,'JAN',222,5,'2018-05-30 21:01:43','2018-05-30 21:01:43'),(1455,'MKL',222,5,'2018-05-30 21:01:43','2018-05-30 21:01:43'),(1456,'JAX',222,5,'2018-05-30 21:01:43','2018-05-30 21:01:43'),(1457,'OAJ',222,5,'2018-05-30 21:01:43','2018-05-30 21:01:43'),(1458,'JMS',222,5,'2018-05-30 21:01:43','2018-05-30 21:01:43'),(1459,'JHW',222,5,'2018-05-30 21:01:43','2018-05-30 21:01:43'),(1460,'JST',222,5,'2018-05-30 21:01:43','2018-05-30 21:01:43'),(1461,'JLN',222,5,'2018-05-30 21:01:43','2018-05-30 21:01:43'),(1462,'JNU',222,5,'2018-05-30 21:01:43','2018-05-30 21:01:43'),(1463,'OGG',222,5,'2018-05-30 21:01:43','2018-05-30 21:01:43'),(1464,'AZO',222,5,'2018-05-30 21:01:43','2018-05-30 21:01:43'),(1465,'FCA',222,5,'2018-05-30 21:01:43','2018-05-30 21:01:43'),(1466,'MUE',222,5,'2018-05-30 21:01:43','2018-05-30 21:01:43'),(1467,'MCI',222,5,'2018-05-30 21:01:43','2018-05-30 21:01:43'),(1468,'JHM',222,5,'2018-05-30 21:01:43','2018-05-30 21:01:43'),(1469,'MKK',222,5,'2018-05-30 21:01:43','2018-05-30 21:01:43'),(1470,'ENA',222,5,'2018-05-30 21:01:43','2018-05-30 21:01:43'),(1471,'KTN',222,5,'2018-05-30 21:01:43','2018-05-30 21:01:43'),(1472,'EYW',222,5,'2018-05-30 21:01:43','2018-05-30 21:01:43'),(1473,'ILE',222,5,'2018-05-30 21:01:43','2018-05-30 21:01:43'),(1474,'AKN',222,5,'2018-05-30 21:01:43','2018-05-30 21:01:43'),(1475,'ISO',222,5,'2018-05-30 21:01:43','2018-05-30 21:01:43'),(1476,'LMT',222,5,'2018-05-30 21:01:43','2018-05-30 21:01:43'),(1477,'KLW',222,5,'2018-05-30 21:01:43','2018-05-30 21:01:43'),(1478,'TYS',222,5,'2018-05-30 21:01:43','2018-05-30 21:01:43'),(1479,'ADQ',222,5,'2018-05-30 21:01:43','2018-05-30 21:01:43'),(1480,'KOA',222,5,'2018-05-30 21:01:43','2018-05-30 21:01:43'),(1481,'OTZ',222,5,'2018-05-30 21:01:43','2018-05-30 21:01:43'),(1482,'WLB',222,5,'2018-05-30 21:01:43','2018-05-30 21:01:43'),(1483,'LSE',222,5,'2018-05-30 21:01:43','2018-05-30 21:01:43'),(1484,'LAF',222,5,'2018-05-30 21:01:43','2018-05-30 21:01:43'),(1485,'LFT',222,5,'2018-05-30 21:01:43','2018-05-30 21:01:43'),(1486,'LCH',222,5,'2018-05-30 21:01:43','2018-05-30 21:01:43'),(1487,'HII',222,5,'2018-05-30 21:01:43','2018-05-30 21:01:43'),(1488,'TVL',222,5,'2018-05-30 21:01:43','2018-05-30 21:01:43'),(1489,'LNY',222,5,'2018-05-30 21:01:43','2018-05-30 21:01:43'),(1490,'LNS',222,5,'2018-05-30 21:01:43','2018-05-30 21:01:43'),(1491,'LAN',222,5,'2018-05-30 21:01:43','2018-05-30 21:01:43'),(1492,'LAR',222,5,'2018-05-30 21:01:43','2018-05-30 21:01:43'),(1493,'LRD',222,5,'2018-05-30 21:01:43','2018-05-30 21:01:43'),(1494,'LAS',222,5,'2018-05-30 21:01:43','2018-05-30 21:01:43'),(1495,'LBE',222,5,'2018-05-30 21:01:43','2018-05-30 21:01:43'),(1496,'PIB',222,5,'2018-05-30 21:01:44','2018-05-30 21:01:44'),(1497,'LAW',222,5,'2018-05-30 21:01:44','2018-05-30 21:01:44'),(1498,'LEB',222,5,'2018-05-30 21:01:44','2018-05-30 21:01:44'),(1499,'LWS',222,5,'2018-05-30 21:01:44','2018-05-30 21:01:44'),(1500,'LWT',222,5,'2018-05-30 21:01:44','2018-05-30 21:01:44'),(1501,'LEX',222,5,'2018-05-30 21:01:44','2018-05-30 21:01:44'),(1502,'LIH',222,5,'2018-05-30 21:01:44','2018-05-30 21:01:44'),(1503,'LNK',222,5,'2018-05-30 21:01:44','2018-05-30 21:01:44'),(1504,'LIT',222,5,'2018-05-30 21:01:44','2018-05-30 21:01:44'),(1505,'LGB',222,5,'2018-05-30 21:01:44','2018-05-30 21:01:44'),(1506,'LIJ',222,5,'2018-05-30 21:01:44','2018-05-30 21:01:44'),(1507,'ISP',222,5,'2018-05-30 21:01:44','2018-05-30 21:01:44'),(1508,'GGG',222,5,'2018-05-30 21:01:44','2018-05-30 21:01:44'),(1509,'LAX',222,5,'2018-05-30 21:01:44','2018-05-30 21:01:44'),(1510,'SDF',222,5,'2018-05-30 21:01:44','2018-05-30 21:01:44'),(1511,'LBB',222,5,'2018-05-30 21:01:44','2018-05-30 21:01:44'),(1512,'LYH',222,5,'2018-05-30 21:01:44','2018-05-30 21:01:44'),(1513,'MCN',222,5,'2018-05-30 21:01:44','2018-05-30 21:01:44'),(1514,'MSN',222,5,'2018-05-30 21:01:44','2018-05-30 21:01:44'),(1515,'MHT',222,5,'2018-05-30 21:01:44','2018-05-30 21:01:44'),(1516,'MTH',222,5,'2018-05-30 21:01:44','2018-05-30 21:01:44'),(1517,'MQT',222,5,'2018-05-30 21:01:44','2018-05-30 21:01:44'),(1518,'MVY',222,5,'2018-05-30 21:01:44','2018-05-30 21:01:44'),(1519,'MCW',222,5,'2018-05-30 21:01:44','2018-05-30 21:01:44'),(1520,'MTO',222,5,'2018-05-30 21:01:44','2018-05-30 21:01:44'),(1521,'MFE',222,5,'2018-05-30 21:01:44','2018-05-30 21:01:44'),(1522,'MFR',222,5,'2018-05-30 21:01:44','2018-05-30 21:01:44'),(1523,'MLB',222,5,'2018-05-30 21:01:44','2018-05-30 21:01:44'),(1524,'MEM',222,5,'2018-05-30 21:01:44','2018-05-30 21:01:44'),(1525,'MCE',222,5,'2018-05-30 21:01:44','2018-05-30 21:01:44'),(1526,'MEI',222,5,'2018-05-30 21:01:44','2018-05-30 21:01:44'),(1527,'MTM',222,5,'2018-05-30 21:01:44','2018-05-30 21:01:44'),(1528,'MIA',222,5,'2018-05-30 21:01:44','2018-05-30 21:01:44'),(1529,'MAF',222,5,'2018-05-30 21:01:44','2018-05-30 21:01:44'),(1530,'MLS',222,5,'2018-05-30 21:01:44','2018-05-30 21:01:44'),(1531,'MKE',222,5,'2018-05-30 21:01:44','2018-05-30 21:01:44'),(1532,'MSP',222,5,'2018-05-30 21:01:44','2018-05-30 21:01:44'),(1533,'MOT',222,5,'2018-05-30 21:01:44','2018-05-30 21:01:44'),(1534,'MSO',222,5,'2018-05-30 21:01:44','2018-05-30 21:01:44'),(1535,'MHE',222,5,'2018-05-30 21:01:44','2018-05-30 21:01:44'),(1536,'MOB',222,5,'2018-05-30 21:01:44','2018-05-30 21:01:44'),(1537,'MOD',222,5,'2018-05-30 21:01:44','2018-05-30 21:01:44'),(1538,'MLI',222,5,'2018-05-30 21:01:44','2018-05-30 21:01:44'),(1539,'MLU',222,5,'2018-05-30 21:01:44','2018-05-30 21:01:44'),(1540,'MRY',222,5,'2018-05-30 21:01:44','2018-05-30 21:01:44'),(1541,'MGM',222,5,'2018-05-30 21:01:44','2018-05-30 21:01:44'),(1542,'MTJ',222,5,'2018-05-30 21:01:44','2018-05-30 21:01:44'),(1543,'MGW',222,5,'2018-05-30 21:01:44','2018-05-30 21:01:44'),(1544,'MWH',222,5,'2018-05-30 21:01:44','2018-05-30 21:01:44'),(1545,'MCL',222,5,'2018-05-30 21:01:44','2018-05-30 21:01:44'),(1546,'MSL',222,5,'2018-05-30 21:01:44','2018-05-30 21:01:44'),(1547,'MKG',222,5,'2018-05-30 21:01:44','2018-05-30 21:01:44'),(1548,'MYR',222,5,'2018-05-30 21:01:44','2018-05-30 21:01:44'),(1549,'ACK',222,5,'2018-05-30 21:01:44','2018-05-30 21:01:44'),(1550,'APF',222,5,'2018-05-30 21:01:44','2018-05-30 21:01:44'),(1551,'BNA',222,5,'2018-05-30 21:01:44','2018-05-30 21:01:44'),(1552,'EWN',222,5,'2018-05-30 21:01:44','2018-05-30 21:01:44'),(1553,'HVN',222,5,'2018-05-30 21:01:44','2018-05-30 21:01:44'),(1554,'MSY',222,5,'2018-05-30 21:01:44','2018-05-30 21:01:44'),(1555,'JFK',222,5,'2018-05-30 21:01:44','2018-05-30 21:01:44'),(1556,'LGA',222,5,'2018-05-30 21:01:44','2018-05-30 21:01:44'),(1557,'EWR',222,5,'2018-05-30 21:01:44','2018-05-30 21:01:44'),(1558,'NYC',222,5,'2018-05-30 21:01:44','2018-05-30 21:01:44'),(1559,'SWF',222,5,'2018-05-30 21:01:44','2018-05-30 21:01:44'),(1560,'PHF',222,5,'2018-05-30 21:01:44','2018-05-30 21:01:44'),(1561,'IAG',222,5,'2018-05-30 21:01:44','2018-05-30 21:01:44'),(1562,'OME',222,5,'2018-05-30 21:01:44','2018-05-30 21:01:44'),(1563,'ORF',222,5,'2018-05-30 21:01:44','2018-05-30 21:01:44'),(1564,'OTH',222,5,'2018-05-30 21:01:44','2018-05-30 21:01:44'),(1565,'OAK',222,5,'2018-05-30 21:01:44','2018-05-30 21:01:44'),(1566,'OKC',222,5,'2018-05-30 21:01:44','2018-05-30 21:01:44'),(1567,'OMA',222,5,'2018-05-30 21:01:44','2018-05-30 21:01:44'),(1568,'ONT',222,5,'2018-05-30 21:01:44','2018-05-30 21:01:44'),(1569,'SNA',222,5,'2018-05-30 21:01:44','2018-05-30 21:01:44'),(1570,'ORL',222,5,'2018-05-30 21:01:44','2018-05-30 21:01:44'),(1571,'OSH',222,5,'2018-05-30 21:01:44','2018-05-30 21:01:44'),(1572,'OWB',222,5,'2018-05-30 21:01:44','2018-05-30 21:01:44'),(1573,'OXR',222,5,'2018-05-30 21:01:44','2018-05-30 21:01:44'),(1574,'PAH',222,5,'2018-05-30 21:01:44','2018-05-30 21:01:44'),(1575,'PGA',222,5,'2018-05-30 21:01:44','2018-05-30 21:01:44'),(1576,'PKB',222,5,'2018-05-30 21:01:44','2018-05-30 21:01:44'),(1577,'PSP',222,5,'2018-05-30 21:01:44','2018-05-30 21:01:44'),(1578,'PMD',222,5,'2018-05-30 21:01:44','2018-05-30 21:01:44'),(1579,'PFN',222,5,'2018-05-30 21:01:44','2018-05-30 21:01:44'),(1580,'PSC',222,5,'2018-05-30 21:01:44','2018-05-30 21:01:44'),(1581,'PLN',222,5,'2018-05-30 21:01:44','2018-05-30 21:01:44'),(1582,'PDT',222,5,'2018-05-30 21:01:44','2018-05-30 21:01:44'),(1583,'PNS',222,5,'2018-05-30 21:01:44','2018-05-30 21:01:44'),(1584,'PIA',222,5,'2018-05-30 21:01:45','2018-05-30 21:01:45'),(1585,'PSG',222,5,'2018-05-30 21:01:45','2018-05-30 21:01:45'),(1586,'PHL',222,5,'2018-05-30 21:01:45','2018-05-30 21:01:45'),(1587,'PHX',222,5,'2018-05-30 21:01:45','2018-05-30 21:01:45'),(1588,'PIR',222,5,'2018-05-30 21:01:45','2018-05-30 21:01:45'),(1589,'PIT',222,5,'2018-05-30 21:01:45','2018-05-30 21:01:45'),(1590,'PLB',222,5,'2018-05-30 21:01:45','2018-05-30 21:01:45'),(1591,'PIH',222,5,'2018-05-30 21:01:45','2018-05-30 21:01:45'),(1592,'CLM',222,5,'2018-05-30 21:01:45','2018-05-30 21:01:45'),(1593,'PWM',222,5,'2018-05-30 21:01:45','2018-05-30 21:01:45'),(1594,'PDX',222,5,'2018-05-30 21:01:45','2018-05-30 21:01:45'),(1595,'POU',222,5,'2018-05-30 21:01:45','2018-05-30 21:01:45'),(1596,'PQI',222,5,'2018-05-30 21:01:45','2018-05-30 21:01:45'),(1597,'PVD',222,5,'2018-05-30 21:01:45','2018-05-30 21:01:45'),(1598,'SCC',222,5,'2018-05-30 21:01:45','2018-05-30 21:01:45'),(1599,'PUB',222,5,'2018-05-30 21:01:45','2018-05-30 21:01:45'),(1600,'PUW',222,5,'2018-05-30 21:01:45','2018-05-30 21:01:45'),(1601,'UIN',222,5,'2018-05-30 21:01:45','2018-05-30 21:01:45'),(1602,'RDU',222,5,'2018-05-30 21:01:45','2018-05-30 21:01:45'),(1603,'RAP',222,5,'2018-05-30 21:01:45','2018-05-30 21:01:45'),(1604,'RDG',222,5,'2018-05-30 21:01:45','2018-05-30 21:01:45'),(1605,'RDD',222,5,'2018-05-30 21:01:45','2018-05-30 21:01:45'),(1606,'RDM',222,5,'2018-05-30 21:01:45','2018-05-30 21:01:45'),(1607,'RNO',222,5,'2018-05-30 21:01:45','2018-05-30 21:01:45'),(1608,'RHI',222,5,'2018-05-30 21:01:45','2018-05-30 21:01:45'),(1609,'RIC',222,5,'2018-05-30 21:01:45','2018-05-30 21:01:45'),(1610,'ROA',222,5,'2018-05-30 21:01:45','2018-05-30 21:01:45'),(1611,'RST',222,5,'2018-05-30 21:01:45','2018-05-30 21:01:45'),(1612,'ROC',222,5,'2018-05-30 21:01:45','2018-05-30 21:01:45'),(1613,'RKS',222,5,'2018-05-30 21:01:45','2018-05-30 21:01:45'),(1614,'RFD',222,5,'2018-05-30 21:01:45','2018-05-30 21:01:45'),(1615,'RKD',222,5,'2018-05-30 21:01:45','2018-05-30 21:01:45'),(1616,'RWI',222,5,'2018-05-30 21:01:45','2018-05-30 21:01:45'),(1617,'SMF',222,5,'2018-05-30 21:01:45','2018-05-30 21:01:45'),(1618,'MBS',222,5,'2018-05-30 21:01:45','2018-05-30 21:01:45'),(1619,'SLE',222,5,'2018-05-30 21:01:45','2018-05-30 21:01:45'),(1620,'SNS',222,5,'2018-05-30 21:01:45','2018-05-30 21:01:45'),(1621,'SBY',222,5,'2018-05-30 21:01:45','2018-05-30 21:01:45'),(1622,'SLC',222,5,'2018-05-30 21:01:45','2018-05-30 21:01:45'),(1623,'SJT',222,5,'2018-05-30 21:01:45','2018-05-30 21:01:45'),(1624,'SAT',222,5,'2018-05-30 21:01:45','2018-05-30 21:01:45'),(1625,'SAN',222,5,'2018-05-30 21:01:45','2018-05-30 21:01:45'),(1626,'SFO',222,5,'2018-05-30 21:01:45','2018-05-30 21:01:45'),(1627,'SJC',222,5,'2018-05-30 21:01:45','2018-05-30 21:01:45'),(1628,'SBP',222,5,'2018-05-30 21:01:45','2018-05-30 21:01:45'),(1629,'SBA',222,5,'2018-05-30 21:01:45','2018-05-30 21:01:45'),(1630,'SMX',222,5,'2018-05-30 21:01:45','2018-05-30 21:01:45'),(1631,'STS',222,5,'2018-05-30 21:01:45','2018-05-30 21:01:45'),(1632,'SRQ',222,5,'2018-05-30 21:01:45','2018-05-30 21:01:45'),(1633,'SAV',222,5,'2018-05-30 21:01:45','2018-05-30 21:01:45'),(1634,'SCF',222,5,'2018-05-30 21:01:45','2018-05-30 21:01:45'),(1635,'SEA',222,5,'2018-05-30 21:01:45','2018-05-30 21:01:45'),(1636,'SHD',222,5,'2018-05-30 21:01:45','2018-05-30 21:01:45'),(1637,'SHR',222,5,'2018-05-30 21:01:45','2018-05-30 21:01:45'),(1638,'SHV',222,5,'2018-05-30 21:01:45','2018-05-30 21:01:45'),(1639,'SDY',222,5,'2018-05-30 21:01:45','2018-05-30 21:01:45'),(1640,'SUX',222,5,'2018-05-30 21:01:45','2018-05-30 21:01:45'),(1641,'FSD',222,5,'2018-05-30 21:01:45','2018-05-30 21:01:45'),(1642,'SIT',222,5,'2018-05-30 21:01:45','2018-05-30 21:01:45'),(1643,'SGY',222,5,'2018-05-30 21:01:45','2018-05-30 21:01:45'),(1644,'SBN',222,5,'2018-05-30 21:01:45','2018-05-30 21:01:45'),(1645,'GEG',222,5,'2018-05-30 21:01:45','2018-05-30 21:01:45'),(1646,'SPI',222,5,'2018-05-30 21:01:45','2018-05-30 21:01:45'),(1647,'SGF',222,5,'2018-05-30 21:01:45','2018-05-30 21:01:45'),(1648,'SGU',222,5,'2018-05-30 21:01:45','2018-05-30 21:01:45'),(1649,'STL',222,5,'2018-05-30 21:01:45','2018-05-30 21:01:45'),(1650,'SCE',222,5,'2018-05-30 21:01:45','2018-05-30 21:01:45'),(1651,'HDN',222,5,'2018-05-30 21:01:45','2018-05-30 21:01:45'),(1652,'SCK',222,5,'2018-05-30 21:01:45','2018-05-30 21:01:45'),(1653,'SUN',222,5,'2018-05-30 21:01:45','2018-05-30 21:01:45'),(1654,'SYR',222,5,'2018-05-30 21:01:45','2018-05-30 21:01:45'),(1655,'TKA',222,5,'2018-05-30 21:01:45','2018-05-30 21:01:45'),(1656,'TLH',222,5,'2018-05-30 21:01:45','2018-05-30 21:01:45'),(1657,'TPA',222,5,'2018-05-30 21:01:45','2018-05-30 21:01:45'),(1658,'TEX',222,5,'2018-05-30 21:01:45','2018-05-30 21:01:45'),(1659,'HUF',222,5,'2018-05-30 21:01:45','2018-05-30 21:01:45'),(1660,'TXK',222,5,'2018-05-30 21:01:45','2018-05-30 21:01:45'),(1661,'TVF',222,5,'2018-05-30 21:01:45','2018-05-30 21:01:45'),(1662,'KTB',222,5,'2018-05-30 21:01:45','2018-05-30 21:01:45'),(1663,'TOL',222,5,'2018-05-30 21:01:45','2018-05-30 21:01:45'),(1664,'TVC',222,5,'2018-05-30 21:01:45','2018-05-30 21:01:45'),(1665,'TTN',222,5,'2018-05-30 21:01:45','2018-05-30 21:01:45'),(1666,'TRI',222,5,'2018-05-30 21:01:45','2018-05-30 21:01:45'),(1667,'TUS',222,5,'2018-05-30 21:01:45','2018-05-30 21:01:45'),(1668,'TUP',222,5,'2018-05-30 21:01:46','2018-05-30 21:01:46'),(1669,'TUL',222,5,'2018-05-30 21:01:46','2018-05-30 21:01:46'),(1670,'TCL',222,5,'2018-05-30 21:01:46','2018-05-30 21:01:46'),(1671,'TWF',222,5,'2018-05-30 21:01:46','2018-05-30 21:01:46'),(1672,'TYR',222,5,'2018-05-30 21:01:46','2018-05-30 21:01:46'),(1673,'UCA',222,5,'2018-05-30 21:01:46','2018-05-30 21:01:46'),(1674,'EGE',222,5,'2018-05-30 21:01:46','2018-05-30 21:01:46'),(1675,'VDZ',222,5,'2018-05-30 21:01:46','2018-05-30 21:01:46'),(1676,'VLD',222,5,'2018-05-30 21:01:46','2018-05-30 21:01:46'),(1677,'VEL',222,5,'2018-05-30 21:01:46','2018-05-30 21:01:46'),(1678,'VRB',222,5,'2018-05-30 21:01:46','2018-05-30 21:01:46'),(1679,'VIS',222,5,'2018-05-30 21:01:46','2018-05-30 21:01:46'),(1680,'ACT',222,5,'2018-05-30 21:01:46','2018-05-30 21:01:46'),(1681,'ALW',222,5,'2018-05-30 21:01:46','2018-05-30 21:01:46'),(1682,'IAD',222,5,'2018-05-30 21:01:46','2018-05-30 21:01:46'),(1683,'DCA',222,5,'2018-05-30 21:01:46','2018-05-30 21:01:46'),(1684,'WAS',222,5,'2018-05-30 21:01:46','2018-05-30 21:01:46'),(1685,'ALO',222,5,'2018-05-30 21:01:46','2018-05-30 21:01:46'),(1686,'ATY',222,5,'2018-05-30 21:01:46','2018-05-30 21:01:46'),(1687,'CWA',222,5,'2018-05-30 21:01:46','2018-05-30 21:01:46'),(1688,'EAT',222,5,'2018-05-30 21:01:46','2018-05-30 21:01:46'),(1689,'PBI',222,5,'2018-05-30 21:01:46','2018-05-30 21:01:46'),(1690,'WYS',222,5,'2018-05-30 21:01:46','2018-05-30 21:01:46'),(1691,'HPN',222,5,'2018-05-30 21:01:46','2018-05-30 21:01:46'),(1692,'SPS',222,5,'2018-05-30 21:01:46','2018-05-30 21:01:46'),(1693,'ICT',222,5,'2018-05-30 21:01:46','2018-05-30 21:01:46'),(1694,'AVP',222,5,'2018-05-30 21:01:46','2018-05-30 21:01:46'),(1695,'IPT',222,5,'2018-05-30 21:01:46','2018-05-30 21:01:46'),(1696,'ISL',222,5,'2018-05-30 21:01:46','2018-05-30 21:01:46'),(1697,'ILM',222,5,'2018-05-30 21:01:46','2018-05-30 21:01:46'),(1698,'OLF',222,5,'2018-05-30 21:01:46','2018-05-30 21:01:46'),(1699,'ORH',222,5,'2018-05-30 21:01:46','2018-05-30 21:01:46'),(1700,'WRL',222,5,'2018-05-30 21:01:46','2018-05-30 21:01:46'),(1701,'WRG',222,5,'2018-05-30 21:01:46','2018-05-30 21:01:46'),(1702,'YKM',222,5,'2018-05-30 21:01:46','2018-05-30 21:01:46'),(1703,'YAK',222,5,'2018-05-30 21:01:46','2018-05-30 21:01:46'),(1704,'YUM',222,5,'2018-05-30 21:01:46','2018-05-30 21:01:46'),(1705,'SEO',223,2,'2018-05-30 21:56:44','2018-05-30 21:56:44'),(1706,'SD',222,5,'2018-05-31 09:37:50','2018-05-31 09:37:50'),(1707,'DC',222,5,'2018-05-31 09:38:22','2018-05-31 09:38:22'),(1708,'BDO',34,1,'2018-05-31 09:45:05','2018-05-31 09:45:05'),(1709,'ARG',222,5,'2018-05-31 09:46:06','2018-05-31 09:46:06'),(1710,'BHZ',178,3,'2018-05-31 09:47:02','2018-05-31 09:47:53'),(1711,'CT',222,5,'2018-05-31 09:48:29','2018-05-31 09:48:29'),(1712,'WBU',222,5,'2018-05-31 09:48:58','2018-05-31 09:48:58'),(1713,'DSA',82,2,'2018-05-31 09:49:37','2018-05-31 09:49:37'),(1714,'FTL',222,5,'2018-05-31 09:50:36','2018-05-31 09:50:36'),(1715,'HCM',42,1,'2018-05-31 09:51:38','2018-05-31 09:51:38'),(1716,'LAGOS',84,2,'2018-05-31 09:52:03','2018-05-31 09:52:03'),(1717,'LEEDS',82,2,'2018-05-31 09:52:25','2018-05-31 09:52:25'),(1718,'LUH',6,1,'2018-05-31 09:52:54','2018-05-31 09:52:54'),(1719,'NO',222,5,'2018-05-31 09:53:18','2018-05-31 09:53:18'),(1720,'NQT',82,2,'2018-05-31 09:53:36','2018-05-31 09:53:36'),(1721,'OSU',222,5,'2018-05-31 09:54:14','2018-05-31 09:54:14'),(1722,'PLA',179,3,'2018-05-31 09:54:41','2018-05-31 09:54:41'),(1723,'PSM',222,5,'2018-05-31 09:55:12','2018-05-31 09:55:12'),(1724,'SAC',222,5,'2018-05-31 09:56:12','2018-05-31 09:56:12'),(1725,'SHM',7,1,'2018-05-31 09:56:43','2018-05-31 09:56:43'),(1726,'SUZ',52,1,'2018-05-31 09:59:02','2018-05-31 09:59:02'),(1727,'VOZ',88,2,'2018-05-31 10:00:23','2018-05-31 10:00:23'),(1728,'VTZ',6,1,'2018-05-31 10:00:53','2018-05-31 10:00:53'),(1729,'LIM COE',124,2,'2018-05-31 10:01:34','2018-05-31 10:01:34'),(1730,'MUM',6,1,'2018-05-31 10:02:00','2018-05-31 10:02:00'),(1731,'PAO',222,5,'2018-05-31 10:02:24','2018-05-31 10:02:24'),(1732,'UBER',222,5,'2018-05-31 10:02:55','2018-05-31 10:02:55'),(1733,'TOR',202,4,'2018-05-31 10:03:33','2018-05-31 10:03:33'),(1734,'HYD ENG',6,1,'2018-05-31 10:03:56','2018-05-31 10:03:56'),(1735,'HYD COE',6,1,'2018-05-31 10:04:16','2018-05-31 10:04:16'),(1736,'HWD',222,5,'2018-05-31 10:06:38','2018-05-31 10:06:38'),(1737,'TES',224,2,NULL,NULL),(1738,'TS',225,6,'2018-08-05 23:21:18','2018-08-05 23:23:48'),(1740,'CRK',29,2,'2018-08-17 10:47:05','2018-08-17 10:47:05'),(1741,'LKA',32,1,'2018-09-17 16:58:46','2018-09-17 16:58:46'),(1742,'SCZ',222,5,'2018-10-22 10:34:22','2018-10-22 10:34:22'),(1743,'SLO',222,5,'2018-11-02 02:03:20','2018-11-02 02:03:20'),(1744,'CBE',6,1,'2018-12-18 04:51:15','2018-12-18 04:51:15'),(1745,'COU',222,5,'2019-03-12 07:28:33','2019-03-12 07:28:33'),(1746,'BBBA',6,6,'2022-12-02 03:01:47','2022-12-02 03:01:47'),(1748,'FGH',95,2,'2023-10-16 01:56:04','2023-10-16 01:56:04'),(1751,'AMSHQ',98,NULL,'2025-05-21 21:28:22','2025-05-21 21:28:22'),(1752,'BEG',226,NULL,'2025-05-21 21:28:22','2025-05-21 21:28:22'),(1753,'MAN DC',133,NULL,'2025-05-21 21:28:22','2025-05-21 21:28:22'),(1754,'PAR DC',92,NULL,'2025-05-21 21:28:22','2025-05-21 21:28:22'),(1755,'KEF DC',122,NULL,'2025-05-21 21:28:22','2025-05-21 21:28:22'),(1756,'KCS DC',222,NULL,'2025-05-21 21:28:22','2025-05-21 21:28:22'),(1757,'JNJ',222,NULL,'2025-05-21 21:28:23','2025-05-21 21:28:23');

--
